{"id":28972,"date":"2026-04-26T08:56:29","date_gmt":"2026-04-26T08:56:29","guid":{"rendered":""},"modified":"2026-04-26T08:56:29","modified_gmt":"2026-04-26T08:56:29","slug":"cenove-vyhodny-remmers-tvrdy-voskovy-olej-eco-28972","status":"publish","type":"product","link":"https:\/\/www.domtechnikpro.com\/produkt\/cenove-vyhodny-remmers-tvrdy-voskovy-olej-eco-28972\/","title":{"rendered":"Cenov\u011b V\u00fdhodn\u00fd Remmers Tvrd\u00fd voskov\u00fd olej eco"},"content":{"rendered":"<div class=\"row\">\n<div class=\"col-sm-12 shp-tabs-row responsive-nav\">\n<div class=\"shp-tabs-holder\">\n<ul id=\"p-detail-tabs\" class=\"shp-tabs p-detail-tabs visible-links\" role=\"tablist\">\n<li class=\"shp-tab active\" data-testid=\"tabDescription\">                Popis            <\/li>\n<\/ul>\n<\/div><\/div>\n<div class=\"col-sm-12 \">\n<div id=\"tab-content\" class=\"tab-content\">\n<div id=\"description\" class=\"tab-pane fade in active wide-tab\" role=\"tabpanel\">\n<div class=\"description-inner\">\n<div class=\"basic-description\">                                                        Na b\u00e1zi obnoviteln\u00fdch surovin: minim\u00e1ln\u011b 90%<br \/>Vegansk\u00fd v\u00fdrobek, bez p\u0159\u00edsad \u017eivo\u010di\u0161n\u00e9ho p\u016fvodu, na z\u00e1klad\u011b n\u00e1m p\u0159edlo\u017een\u00fdch informac\u00ed: nap\u0159. od dodavatel\u016f surovin a pou\u017eit\u00fdmi v\u00fdrobn\u00edmi procesy.<br \/>Odpov\u00edd\u00e1 z\u00e1kladn\u00edm princip\u016fm zdravotn\u00edho hodnocen\u00ed stavebn\u00edch produkt\u016f v uzav\u0159en\u00fdch prostorech (AgBB-sch\u00e9ma).<br \/>Protiskluzov\u00fd povrch.<br \/>Jednoduch\u00e9 zpracov\u00e1n\u00ed.<br \/>Prosakuje do hloubky a zv\u00fdraz\u0148uje p\u0159irozenou strukturu d\u0159eva.<br \/>Barevn\u00e9 varianty se stabiln\u00edm pigmentem.<br \/>Trvanliv\u00fd, ne\u0161pin\u00ed se, odoln\u00fd.<br \/>Dobr\u00e1 odolnost v\u016f\u010di vybran\u00fdm, v dom\u00e1cnosti b\u011b\u017en\u00fdm prost\u0159edk\u016fm, podle DIN 68861, 1B (nap\u0159. voda, cola, pivo, \u010daj, k\u00e1va, v\u00edno a \u010distic\u00ed prost\u0159edky).<br \/>Recyklovateln\u00fd kovov\u00fd obal.<\/p>\n<p>Oblast pou\u017eit\u00ed:<br \/>D\u0159evo v interi\u00e9ru, d\u0159ev\u011bn\u00e9 podlahy a schody, korkov\u00e9 podlahy, vysoce kvalitn\u00ed n\u00e1bytek z masivn\u00edho d\u0159eva, panely a li\u0161ty<br \/>Z d\u016fvodu st\u00e1l\u00e9 z\u00e1t\u011b\u017ee vodou lze vyu\u017e\u00edt pro kuchy\u0148sk\u00e9 pracovn\u00ed desky HWS-112, HSO-117 nebo Arbeitsplatten-\u00d6l [eco].<\/p>\n<p>Spot\u0159eba:<br \/>cca. 40 &#8211; 50 ml\/m2 na ka\u017ed\u00fd n\u00e1t\u011br<br \/>Spot\u0159eba zna\u010dn\u011b z\u00e1vis\u00ed na savosti d\u0159eva a p\u0159edbrusu.<br \/>Max. 2 n\u00e1t\u011bry, tence nat\u0159\u00edt nebo st\u00edrat.<br \/>P\u0159ebytek materi\u00e1lu odstra\u0148te, po ka\u017ed\u00e9m n\u00e1t\u011bru, po cca 20 &#8211; 30 min pomoc\u00ed ln\u011bn\u00e9ho had\u0159\u00edku.<\/p>\n<p>N\u00e1\u0159ad\u00ed \/ \u010di\u0161t\u011bn\u00ed:<br \/>Ploch\u00fd \u0161t\u011btec, v\u00e1le\u010dky s kr\u00e1tkou d\u00e9lkou vl\u00e1ken velur nebo moher.<br \/>Bal\u00edky gazy\/bavln\u011bn\u00fd had\u0159\u00edk.<br \/>Jednokotou\u010dov\u00e9 stroje s b\u00edl\u00fdm le\u0161tic\u00edm padem.<br \/>Pracovn\u00ed n\u00e1\u0159ad\u00ed o\u010dist\u011bte ihned po aplikaci pomoc\u00ed \u0159edidla nebo \u010disti\u010de na \u0161t\u011btce.                            <\/div>\n<div class=\"extended-description\">\n<p><strong>Dopl\u0148kov\u00e9 parametry<\/strong><\/p>\n<table class=\"detail-parameters\">\n<tbody>\n<tr>\n<th>        <span class=\"row-header-label\">            Kategorie<span class=\"row-header-label-colon\">:<\/span>        <\/span>    <\/th>\n<td>        Oleje a vosky na d\u0159evo    <\/td>\n<\/tr>\n<tr class=\"productEan\">\n<th>          <span class=\"row-header-label productEan__label\">              EAN<span class=\"row-header-label-colon\">:<\/span>          <\/span>      <\/th>\n<td>          <span class=\"productEan__value js-productEan__value\">Zvolte variantu<\/span>      <\/td>\n<\/tr>\n<\/tbody>\n<\/table><\/div>\n<\/p><\/div>\n<\/p><\/div>\n<\/p><\/div>\n<\/p><\/div>\n<\/p><\/div>\n<\/p><\/div>\n<\/p><\/div>\n<p>                    <\/main>    <\/div>\n<\/p><\/div>\n","protected":false},"excerpt":{"rendered":"<p>Popis Na b\u00e1zi obnoviteln\u00fdch surovin: minim\u00e1ln\u011b 90%Vegansk\u00fd v\u00fdrobek, bez p\u0159\u00edsad \u017eivo\u010di\u0161n\u00e9ho p\u016fvodu, na z\u00e1klad\u011b n\u00e1m p\u0159edlo\u017een\u00fdch informac\u00ed: nap\u0159. od dodavatel\u016f surovin a pou\u017eit\u00fdmi v\u00fdrobn\u00edmi procesy.Odpov\u00edd\u00e1 z\u00e1kladn\u00edm princip\u016fm zdravotn\u00edho hodnocen\u00ed stavebn\u00edch produkt\u016f v uzav\u0159en\u00fdch prostorech (AgBB-sch\u00e9ma).Protiskluzov\u00fd povrch.Jednoduch\u00e9 zpracov\u00e1n\u00ed.Prosakuje do hloubky a zv\u00fdraz\u0148uje p\u0159irozenou strukturu d\u0159eva.Barevn\u00e9 varianty se stabiln\u00edm pigmentem.Trvanliv\u00fd, ne\u0161pin\u00ed se, odoln\u00fd.Dobr\u00e1 odolnost v\u016f\u010di vybran\u00fdm, v [&hellip;]<\/p>\n","protected":false},"featured_media":29072,"comment_status":"open","ping_status":"open","template":"","meta":[],"product_brand":[],"product_cat":[110],"product_tag":[],"class_list":{"0":"post-28972","1":"product","2":"type-product","3":"status-publish","4":"has-post-thumbnail","6":"product_cat-na-drevo","8":"first","9":"instock","10":"sale","11":"shipping-taxable","12":"purchasable","13":"product-type-simple"},"yoast_head":"<!-- This site is optimized with the Yoast SEO plugin v26.8 - https:\/\/yoast.com\/product\/yoast-seo-wordpress\/ -->\n<title>Cenov\u011b V\u00fdhodn\u00fd Remmers Tvrd\u00fd voskov\u00fd olej eco - Pr\u016fmyslov\u00e9 vybaven\u00ed a p\u0159\u00edslu\u0161enstv\u00ed<\/title>\n<meta name=\"robots\" content=\"index, follow, max-snippet:-1, max-image-preview:large, max-video-preview:-1\" \/>\n<link rel=\"canonical\" href=\"https:\/\/www.domtechnikpro.com\/index.php\/produkt\/cenove-vyhodny-remmers-tvrdy-voskovy-olej-eco-28972\/\" \/>\n<meta property=\"og:locale\" content=\"cs_CZ\" \/>\n<meta property=\"og:type\" content=\"article\" \/>\n<meta property=\"og:title\" content=\"Cenov\u011b V\u00fdhodn\u00fd Remmers Tvrd\u00fd voskov\u00fd olej eco - Pr\u016fmyslov\u00e9 vybaven\u00ed a p\u0159\u00edslu\u0161enstv\u00ed\" \/>\n<meta property=\"og:description\" content=\"Popis Na b\u00e1zi obnoviteln\u00fdch surovin: minim\u00e1ln\u011b 90%Vegansk\u00fd v\u00fdrobek, bez p\u0159\u00edsad \u017eivo\u010di\u0161n\u00e9ho p\u016fvodu, na z\u00e1klad\u011b n\u00e1m p\u0159edlo\u017een\u00fdch informac\u00ed: nap\u0159. od dodavatel\u016f surovin a pou\u017eit\u00fdmi v\u00fdrobn\u00edmi procesy.Odpov\u00edd\u00e1 z\u00e1kladn\u00edm princip\u016fm zdravotn\u00edho hodnocen\u00ed stavebn\u00edch produkt\u016f v uzav\u0159en\u00fdch prostorech (AgBB-sch\u00e9ma).Protiskluzov\u00fd povrch.Jednoduch\u00e9 zpracov\u00e1n\u00ed.Prosakuje do hloubky a zv\u00fdraz\u0148uje p\u0159irozenou strukturu d\u0159eva.Barevn\u00e9 varianty se stabiln\u00edm pigmentem.Trvanliv\u00fd, ne\u0161pin\u00ed se, odoln\u00fd.Dobr\u00e1 odolnost v\u016f\u010di vybran\u00fdm, v [&hellip;]\" \/>\n<meta property=\"og:url\" content=\"https:\/\/www.domtechnikpro.com\/index.php\/produkt\/cenove-vyhodny-remmers-tvrdy-voskovy-olej-eco-28972\/\" \/>\n<meta property=\"og:site_name\" content=\"Pr\u016fmyslov\u00e9 vybaven\u00ed a p\u0159\u00edslu\u0161enstv\u00ed\" \/>\n<meta property=\"og:image\" content=\"https:\/\/www.domtechnikpro.com\/wp-content\/uploads\/2026\/SK0001509-CZ20260425-092254-0-1777080174-27660_remmers-tvrdy-voskovy-olej-eco.webp\" \/>\n\t<meta property=\"og:image:width\" content=\"1000\" \/>\n\t<meta property=\"og:image:height\" content=\"750\" \/>\n\t<meta property=\"og:image:type\" content=\"image\/webp\" \/>\n<meta name=\"twitter:card\" content=\"summary_large_image\" \/>\n<meta name=\"twitter:label1\" content=\"Odhadovan\u00e1 doba \u010dten\u00ed\" \/>\n\t<meta name=\"twitter:data1\" content=\"2 minuty\" \/>\n<script type=\"application\/ld+json\" class=\"yoast-schema-graph\">{\"@context\":\"https:\/\/schema.org\",\"@graph\":[{\"@type\":\"WebPage\",\"@id\":\"https:\/\/www.domtechnikpro.com\/index.php\/produkt\/cenove-vyhodny-remmers-tvrdy-voskovy-olej-eco-28972\/\",\"url\":\"https:\/\/www.domtechnikpro.com\/index.php\/produkt\/cenove-vyhodny-remmers-tvrdy-voskovy-olej-eco-28972\/\",\"name\":\"Cenov\u011b V\u00fdhodn\u00fd Remmers Tvrd\u00fd voskov\u00fd olej eco - Pr\u016fmyslov\u00e9 vybaven\u00ed a p\u0159\u00edslu\u0161enstv\u00ed\",\"isPartOf\":{\"@id\":\"https:\/\/www.domtechnikpro.com\/#website\"},\"primaryImageOfPage\":{\"@id\":\"https:\/\/www.domtechnikpro.com\/index.php\/produkt\/cenove-vyhodny-remmers-tvrdy-voskovy-olej-eco-28972\/#primaryimage\"},\"image\":{\"@id\":\"https:\/\/www.domtechnikpro.com\/index.php\/produkt\/cenove-vyhodny-remmers-tvrdy-voskovy-olej-eco-28972\/#primaryimage\"},\"thumbnailUrl\":\"https:\/\/www.domtechnikpro.com\/wp-content\/uploads\/2026\/SK0001509-CZ20260425-092254-0-1777080174-27660_remmers-tvrdy-voskovy-olej-eco.webp\",\"datePublished\":\"2026-04-26T08:56:29+00:00\",\"breadcrumb\":{\"@id\":\"https:\/\/www.domtechnikpro.com\/index.php\/produkt\/cenove-vyhodny-remmers-tvrdy-voskovy-olej-eco-28972\/#breadcrumb\"},\"inLanguage\":\"cs\",\"potentialAction\":[{\"@type\":\"ReadAction\",\"target\":[\"https:\/\/www.domtechnikpro.com\/index.php\/produkt\/cenove-vyhodny-remmers-tvrdy-voskovy-olej-eco-28972\/\"]}]},{\"@type\":\"ImageObject\",\"inLanguage\":\"cs\",\"@id\":\"https:\/\/www.domtechnikpro.com\/index.php\/produkt\/cenove-vyhodny-remmers-tvrdy-voskovy-olej-eco-28972\/#primaryimage\",\"url\":\"https:\/\/www.domtechnikpro.com\/wp-content\/uploads\/2026\/SK0001509-CZ20260425-092254-0-1777080174-27660_remmers-tvrdy-voskovy-olej-eco.webp\",\"contentUrl\":\"https:\/\/www.domtechnikpro.com\/wp-content\/uploads\/2026\/SK0001509-CZ20260425-092254-0-1777080174-27660_remmers-tvrdy-voskovy-olej-eco.webp\",\"width\":1000,\"height\":750},{\"@type\":\"BreadcrumbList\",\"@id\":\"https:\/\/www.domtechnikpro.com\/index.php\/produkt\/cenove-vyhodny-remmers-tvrdy-voskovy-olej-eco-28972\/#breadcrumb\",\"itemListElement\":[{\"@type\":\"ListItem\",\"position\":1,\"name\":\"Home\",\"item\":\"https:\/\/www.domtechnikpro.com\/\"},{\"@type\":\"ListItem\",\"position\":2,\"name\":\"Products\",\"item\":\"https:\/\/www.domtechnikpro.com\/products\/\"},{\"@type\":\"ListItem\",\"position\":3,\"name\":\"Cenov\u011b V\u00fdhodn\u00fd Remmers Tvrd\u00fd voskov\u00fd olej eco\"}]},{\"@type\":\"WebSite\",\"@id\":\"https:\/\/www.domtechnikpro.com\/#website\",\"url\":\"https:\/\/www.domtechnikpro.com\/\",\"name\":\"Pr\u016fmyslov\u00e9 vybaven\u00ed a p\u0159\u00edslu\u0161enstv\u00ed\",\"description\":\"Pr\u016fmyslov\u00e9 vybaven\u00ed a p\u0159\u00edslu\u0161enstv\u00ed\",\"publisher\":{\"@id\":\"https:\/\/www.domtechnikpro.com\/#organization\"},\"potentialAction\":[{\"@type\":\"SearchAction\",\"target\":{\"@type\":\"EntryPoint\",\"urlTemplate\":\"https:\/\/www.domtechnikpro.com\/?s={search_term_string}\"},\"query-input\":{\"@type\":\"PropertyValueSpecification\",\"valueRequired\":true,\"valueName\":\"search_term_string\"}}],\"inLanguage\":\"cs\"},{\"@type\":\"Organization\",\"@id\":\"https:\/\/www.domtechnikpro.com\/#organization\",\"name\":\"Pr\u016fmyslov\u00e9 vybaven\u00ed a p\u0159\u00edslu\u0161enstv\u00ed\",\"url\":\"https:\/\/www.domtechnikpro.com\/\",\"logo\":{\"@type\":\"ImageObject\",\"inLanguage\":\"cs\",\"@id\":\"https:\/\/www.domtechnikpro.com\/#\/schema\/logo\/image\/\",\"url\":\"https:\/\/www.domtechnikpro.com\/wp-content\/uploads\/2026\/04\/domtechnikpro_logo_full.svg\",\"contentUrl\":\"https:\/\/www.domtechnikpro.com\/wp-content\/uploads\/2026\/04\/domtechnikpro_logo_full.svg\",\"width\":920,\"height\":180,\"caption\":\"Pr\u016fmyslov\u00e9 vybaven\u00ed a p\u0159\u00edslu\u0161enstv\u00ed\"},\"image\":{\"@id\":\"https:\/\/www.domtechnikpro.com\/#\/schema\/logo\/image\/\"}}]}<\/script>\n<!-- \/ Yoast SEO plugin. -->","yoast_head_json":{"title":"Cenov\u011b V\u00fdhodn\u00fd Remmers Tvrd\u00fd voskov\u00fd olej eco - Pr\u016fmyslov\u00e9 vybaven\u00ed a p\u0159\u00edslu\u0161enstv\u00ed","robots":{"index":"index","follow":"follow","max-snippet":"max-snippet:-1","max-image-preview":"max-image-preview:large","max-video-preview":"max-video-preview:-1"},"canonical":"https:\/\/www.domtechnikpro.com\/index.php\/produkt\/cenove-vyhodny-remmers-tvrdy-voskovy-olej-eco-28972\/","og_locale":"cs_CZ","og_type":"article","og_title":"Cenov\u011b V\u00fdhodn\u00fd Remmers Tvrd\u00fd voskov\u00fd olej eco - Pr\u016fmyslov\u00e9 vybaven\u00ed a p\u0159\u00edslu\u0161enstv\u00ed","og_description":"Popis Na b\u00e1zi obnoviteln\u00fdch surovin: minim\u00e1ln\u011b 90%Vegansk\u00fd v\u00fdrobek, bez p\u0159\u00edsad \u017eivo\u010di\u0161n\u00e9ho p\u016fvodu, na z\u00e1klad\u011b n\u00e1m p\u0159edlo\u017een\u00fdch informac\u00ed: nap\u0159. od dodavatel\u016f surovin a pou\u017eit\u00fdmi v\u00fdrobn\u00edmi procesy.Odpov\u00edd\u00e1 z\u00e1kladn\u00edm princip\u016fm zdravotn\u00edho hodnocen\u00ed stavebn\u00edch produkt\u016f v uzav\u0159en\u00fdch prostorech (AgBB-sch\u00e9ma).Protiskluzov\u00fd povrch.Jednoduch\u00e9 zpracov\u00e1n\u00ed.Prosakuje do hloubky a zv\u00fdraz\u0148uje p\u0159irozenou strukturu d\u0159eva.Barevn\u00e9 varianty se stabiln\u00edm pigmentem.Trvanliv\u00fd, ne\u0161pin\u00ed se, odoln\u00fd.Dobr\u00e1 odolnost v\u016f\u010di vybran\u00fdm, v [&hellip;]","og_url":"https:\/\/www.domtechnikpro.com\/index.php\/produkt\/cenove-vyhodny-remmers-tvrdy-voskovy-olej-eco-28972\/","og_site_name":"Pr\u016fmyslov\u00e9 vybaven\u00ed a p\u0159\u00edslu\u0161enstv\u00ed","og_image":[{"width":1000,"height":750,"url":"https:\/\/www.domtechnikpro.com\/wp-content\/uploads\/2026\/SK0001509-CZ20260425-092254-0-1777080174-27660_remmers-tvrdy-voskovy-olej-eco.webp","type":"image\/webp"}],"twitter_card":"summary_large_image","twitter_misc":{"Odhadovan\u00e1 doba \u010dten\u00ed":"2 minuty"},"schema":{"@context":"https:\/\/schema.org","@graph":[{"@type":"WebPage","@id":"https:\/\/www.domtechnikpro.com\/index.php\/produkt\/cenove-vyhodny-remmers-tvrdy-voskovy-olej-eco-28972\/","url":"https:\/\/www.domtechnikpro.com\/index.php\/produkt\/cenove-vyhodny-remmers-tvrdy-voskovy-olej-eco-28972\/","name":"Cenov\u011b V\u00fdhodn\u00fd Remmers Tvrd\u00fd voskov\u00fd olej eco - Pr\u016fmyslov\u00e9 vybaven\u00ed a p\u0159\u00edslu\u0161enstv\u00ed","isPartOf":{"@id":"https:\/\/www.domtechnikpro.com\/#website"},"primaryImageOfPage":{"@id":"https:\/\/www.domtechnikpro.com\/index.php\/produkt\/cenove-vyhodny-remmers-tvrdy-voskovy-olej-eco-28972\/#primaryimage"},"image":{"@id":"https:\/\/www.domtechnikpro.com\/index.php\/produkt\/cenove-vyhodny-remmers-tvrdy-voskovy-olej-eco-28972\/#primaryimage"},"thumbnailUrl":"https:\/\/www.domtechnikpro.com\/wp-content\/uploads\/2026\/SK0001509-CZ20260425-092254-0-1777080174-27660_remmers-tvrdy-voskovy-olej-eco.webp","datePublished":"2026-04-26T08:56:29+00:00","breadcrumb":{"@id":"https:\/\/www.domtechnikpro.com\/index.php\/produkt\/cenove-vyhodny-remmers-tvrdy-voskovy-olej-eco-28972\/#breadcrumb"},"inLanguage":"cs","potentialAction":[{"@type":"ReadAction","target":["https:\/\/www.domtechnikpro.com\/index.php\/produkt\/cenove-vyhodny-remmers-tvrdy-voskovy-olej-eco-28972\/"]}]},{"@type":"ImageObject","inLanguage":"cs","@id":"https:\/\/www.domtechnikpro.com\/index.php\/produkt\/cenove-vyhodny-remmers-tvrdy-voskovy-olej-eco-28972\/#primaryimage","url":"https:\/\/www.domtechnikpro.com\/wp-content\/uploads\/2026\/SK0001509-CZ20260425-092254-0-1777080174-27660_remmers-tvrdy-voskovy-olej-eco.webp","contentUrl":"https:\/\/www.domtechnikpro.com\/wp-content\/uploads\/2026\/SK0001509-CZ20260425-092254-0-1777080174-27660_remmers-tvrdy-voskovy-olej-eco.webp","width":1000,"height":750},{"@type":"BreadcrumbList","@id":"https:\/\/www.domtechnikpro.com\/index.php\/produkt\/cenove-vyhodny-remmers-tvrdy-voskovy-olej-eco-28972\/#breadcrumb","itemListElement":[{"@type":"ListItem","position":1,"name":"Home","item":"https:\/\/www.domtechnikpro.com\/"},{"@type":"ListItem","position":2,"name":"Products","item":"https:\/\/www.domtechnikpro.com\/products\/"},{"@type":"ListItem","position":3,"name":"Cenov\u011b V\u00fdhodn\u00fd Remmers Tvrd\u00fd voskov\u00fd olej eco"}]},{"@type":"WebSite","@id":"https:\/\/www.domtechnikpro.com\/#website","url":"https:\/\/www.domtechnikpro.com\/","name":"Pr\u016fmyslov\u00e9 vybaven\u00ed a p\u0159\u00edslu\u0161enstv\u00ed","description":"Pr\u016fmyslov\u00e9 vybaven\u00ed a p\u0159\u00edslu\u0161enstv\u00ed","publisher":{"@id":"https:\/\/www.domtechnikpro.com\/#organization"},"potentialAction":[{"@type":"SearchAction","target":{"@type":"EntryPoint","urlTemplate":"https:\/\/www.domtechnikpro.com\/?s={search_term_string}"},"query-input":{"@type":"PropertyValueSpecification","valueRequired":true,"valueName":"search_term_string"}}],"inLanguage":"cs"},{"@type":"Organization","@id":"https:\/\/www.domtechnikpro.com\/#organization","name":"Pr\u016fmyslov\u00e9 vybaven\u00ed a p\u0159\u00edslu\u0161enstv\u00ed","url":"https:\/\/www.domtechnikpro.com\/","logo":{"@type":"ImageObject","inLanguage":"cs","@id":"https:\/\/www.domtechnikpro.com\/#\/schema\/logo\/image\/","url":"https:\/\/www.domtechnikpro.com\/wp-content\/uploads\/2026\/04\/domtechnikpro_logo_full.svg","contentUrl":"https:\/\/www.domtechnikpro.com\/wp-content\/uploads\/2026\/04\/domtechnikpro_logo_full.svg","width":920,"height":180,"caption":"Pr\u016fmyslov\u00e9 vybaven\u00ed a p\u0159\u00edslu\u0161enstv\u00ed"},"image":{"@id":"https:\/\/www.domtechnikpro.com\/#\/schema\/logo\/image\/"}}]}},"_links":{"self":[{"href":"https:\/\/www.domtechnikpro.com\/wp-json\/wp\/v2\/product\/28972","targetHints":{"allow":["GET"]}}],"collection":[{"href":"https:\/\/www.domtechnikpro.com\/wp-json\/wp\/v2\/product"}],"about":[{"href":"https:\/\/www.domtechnikpro.com\/wp-json\/wp\/v2\/types\/product"}],"replies":[{"embeddable":true,"href":"https:\/\/www.domtechnikpro.com\/wp-json\/wp\/v2\/comments?post=28972"}],"wp:featuredmedia":[{"embeddable":true,"href":"https:\/\/www.domtechnikpro.com\/wp-json\/wp\/v2\/media\/29072"}],"wp:attachment":[{"href":"https:\/\/www.domtechnikpro.com\/wp-json\/wp\/v2\/media?parent=28972"}],"wp:term":[{"taxonomy":"product_brand","embeddable":true,"href":"https:\/\/www.domtechnikpro.com\/wp-json\/wp\/v2\/product_brand?post=28972"},{"taxonomy":"product_cat","embeddable":true,"href":"https:\/\/www.domtechnikpro.com\/wp-json\/wp\/v2\/product_cat?post=28972"},{"taxonomy":"product_tag","embeddable":true,"href":"https:\/\/www.domtechnikpro.com\/wp-json\/wp\/v2\/product_tag?post=28972"}],"curies":[{"name":"wp","href":"https:\/\/api.w.org\/{rel}","templated":true}]}}