{"id":28921,"date":"2026-04-26T08:56:29","date_gmt":"2026-04-26T08:56:29","guid":{"rendered":""},"modified":"2026-04-26T08:56:29","modified_gmt":"2026-04-26T08:56:29","slug":"znackovy-profitec-silicon-fassadenputz-k-28921","status":"publish","type":"product","link":"https:\/\/www.domtechnikpro.com\/index.php\/produkt\/znackovy-profitec-silicon-fassadenputz-k-28921\/","title":{"rendered":"Zna\u010dkov\u00fd Profitec Silicon-Fassadenputz K"},"content":{"rendered":"<div class=\"row\">\n<div class=\"col-sm-12 shp-tabs-row responsive-nav\">\n<div class=\"shp-tabs-holder\">\n<ul id=\"p-detail-tabs\" class=\"shp-tabs p-detail-tabs visible-links\" role=\"tablist\">\n<li class=\"shp-tab active\" data-testid=\"tabDescription\">                Popis            <\/li>\n<\/ul>\n<\/div><\/div>\n<div class=\"col-sm-12 \">\n<div id=\"tab-content\" class=\"tab-content\">\n<div id=\"description\" class=\"tab-pane fade in active\" role=\"tabpanel\">\n<div class=\"description-inner\">\n<div class=\"basic-description\">                                                        Vysoce kvalitn\u00ed om\u00edtka se \u0161kr\u00e1banou strukturou pro dekorativn\u00ed a maxim\u00e1ln\u011b odolnou \u00fapravu fas\u00e1d. Pou\u017eiteln\u00e1 na v\u0161echny miner\u00e1ln\u00ed podklady. S obsahem vysoce rezistentn\u00edch s\u00ed\u0165uj\u00edc\u00edch silikonov\u00fdch prysky\u0159ic.<\/p>\n<p>Spot\u0159eba: zrno 1,5 mm \u2013 cca 2,4 kg\/m2; zrno 2,0 mm \u2013 cca 3,0 kg\/m2; zrno 3,0 mm \u2013 cca 4,0 kg\/m2<br \/>Barevn\u00fd odst\u00edn: b\u00edl\u00fd<br \/>Velikost balen\u00ed: 25 kg                            <\/div>\n<\/p><\/div>\n<\/p><\/div>\n<\/p><\/div>\n<\/p><\/div>\n<\/p><\/div>\n<\/p><\/div>\n<\/p><\/div>\n<p>                    <\/main>    <\/div>\n<\/p><\/div>\n","protected":false},"excerpt":{"rendered":"<p>Popis Vysoce kvalitn\u00ed om\u00edtka se \u0161kr\u00e1banou strukturou pro dekorativn\u00ed a maxim\u00e1ln\u011b odolnou \u00fapravu fas\u00e1d. Pou\u017eiteln\u00e1 na v\u0161echny miner\u00e1ln\u00ed podklady. S obsahem vysoce rezistentn\u00edch s\u00ed\u0165uj\u00edc\u00edch silikonov\u00fdch prysky\u0159ic. Spot\u0159eba: zrno 1,5 mm \u2013 cca 2,4 kg\/m2; zrno 2,0 mm \u2013 cca 3,0 kg\/m2; zrno 3,0 mm \u2013 cca 4,0 kg\/m2Barevn\u00fd odst\u00edn: b\u00edl\u00fdVelikost balen\u00ed: 25 kg<\/p>\n","protected":false},"featured_media":29021,"comment_status":"open","ping_status":"open","template":"","meta":[],"product_brand":[],"product_cat":[112],"product_tag":[],"class_list":{"0":"post-28921","1":"product","2":"type-product","3":"status-publish","4":"has-post-thumbnail","6":"product_cat-fasady","8":"first","9":"instock","10":"sale","11":"shipping-taxable","12":"purchasable","13":"product-type-simple"},"yoast_head":"<!-- This site is optimized with the Yoast SEO plugin v26.8 - https:\/\/yoast.com\/product\/yoast-seo-wordpress\/ -->\n<title>Zna\u010dkov\u00fd Profitec Silicon-Fassadenputz K -<\/title>\n<meta name=\"robots\" content=\"index, follow, max-snippet:-1, max-image-preview:large, max-video-preview:-1\" \/>\n<link rel=\"canonical\" href=\"https:\/\/www.domtechnikpro.com\/index.php\/produkt\/znackovy-profitec-silicon-fassadenputz-k-28921\/\" \/>\n<meta property=\"og:locale\" content=\"cs_CZ\" \/>\n<meta property=\"og:type\" content=\"article\" \/>\n<meta property=\"og:title\" content=\"Zna\u010dkov\u00fd Profitec Silicon-Fassadenputz K -\" \/>\n<meta property=\"og:description\" content=\"Popis Vysoce kvalitn\u00ed om\u00edtka se \u0161kr\u00e1banou strukturou pro dekorativn\u00ed a maxim\u00e1ln\u011b odolnou \u00fapravu fas\u00e1d. Pou\u017eiteln\u00e1 na v\u0161echny miner\u00e1ln\u00ed podklady. S obsahem vysoce rezistentn\u00edch s\u00ed\u0165uj\u00edc\u00edch silikonov\u00fdch prysky\u0159ic. Spot\u0159eba: zrno 1,5 mm \u2013 cca 2,4 kg\/m2; zrno 2,0 mm \u2013 cca 3,0 kg\/m2; zrno 3,0 mm \u2013 cca 4,0 kg\/m2Barevn\u00fd odst\u00edn: b\u00edl\u00fdVelikost balen\u00ed: 25 kg\" \/>\n<meta property=\"og:url\" content=\"https:\/\/www.domtechnikpro.com\/index.php\/produkt\/znackovy-profitec-silicon-fassadenputz-k-28921\/\" \/>\n<meta property=\"og:image\" content=\"https:\/\/www.domtechnikpro.com\/wp-content\/uploads\/2026\/SK0001458-CZ20260425-092254-0-1777080174-27486_profitec-silicon-fassadenputz.webp\" \/>\n\t<meta property=\"og:image:width\" content=\"1000\" \/>\n\t<meta property=\"og:image:height\" content=\"750\" \/>\n\t<meta property=\"og:image:type\" content=\"image\/webp\" \/>\n<meta name=\"twitter:card\" content=\"summary_large_image\" \/>\n<script type=\"application\/ld+json\" class=\"yoast-schema-graph\">{\"@context\":\"https:\/\/schema.org\",\"@graph\":[{\"@type\":\"WebPage\",\"@id\":\"https:\/\/www.domtechnikpro.com\/index.php\/produkt\/znackovy-profitec-silicon-fassadenputz-k-28921\/\",\"url\":\"https:\/\/www.domtechnikpro.com\/index.php\/produkt\/znackovy-profitec-silicon-fassadenputz-k-28921\/\",\"name\":\"Zna\u010dkov\u00fd Profitec Silicon-Fassadenputz K -\",\"isPartOf\":{\"@id\":\"https:\/\/www.domtechnikpro.com\/#website\"},\"primaryImageOfPage\":{\"@id\":\"https:\/\/www.domtechnikpro.com\/index.php\/produkt\/znackovy-profitec-silicon-fassadenputz-k-28921\/#primaryimage\"},\"image\":{\"@id\":\"https:\/\/www.domtechnikpro.com\/index.php\/produkt\/znackovy-profitec-silicon-fassadenputz-k-28921\/#primaryimage\"},\"thumbnailUrl\":\"https:\/\/www.domtechnikpro.com\/wp-content\/uploads\/2026\/SK0001458-CZ20260425-092254-0-1777080174-27486_profitec-silicon-fassadenputz.webp\",\"datePublished\":\"2026-04-26T08:56:29+00:00\",\"breadcrumb\":{\"@id\":\"https:\/\/www.domtechnikpro.com\/index.php\/produkt\/znackovy-profitec-silicon-fassadenputz-k-28921\/#breadcrumb\"},\"inLanguage\":\"cs\",\"potentialAction\":[{\"@type\":\"ReadAction\",\"target\":[\"https:\/\/www.domtechnikpro.com\/index.php\/produkt\/znackovy-profitec-silicon-fassadenputz-k-28921\/\"]}]},{\"@type\":\"ImageObject\",\"inLanguage\":\"cs\",\"@id\":\"https:\/\/www.domtechnikpro.com\/index.php\/produkt\/znackovy-profitec-silicon-fassadenputz-k-28921\/#primaryimage\",\"url\":\"https:\/\/www.domtechnikpro.com\/wp-content\/uploads\/2026\/SK0001458-CZ20260425-092254-0-1777080174-27486_profitec-silicon-fassadenputz.webp\",\"contentUrl\":\"https:\/\/www.domtechnikpro.com\/wp-content\/uploads\/2026\/SK0001458-CZ20260425-092254-0-1777080174-27486_profitec-silicon-fassadenputz.webp\",\"width\":1000,\"height\":750},{\"@type\":\"BreadcrumbList\",\"@id\":\"https:\/\/www.domtechnikpro.com\/index.php\/produkt\/znackovy-profitec-silicon-fassadenputz-k-28921\/#breadcrumb\",\"itemListElement\":[{\"@type\":\"ListItem\",\"position\":1,\"name\":\"Home\",\"item\":\"https:\/\/www.domtechnikpro.com\/\"},{\"@type\":\"ListItem\",\"position\":2,\"name\":\"Products\",\"item\":\"https:\/\/www.domtechnikpro.com\/index.php\/products\/\"},{\"@type\":\"ListItem\",\"position\":3,\"name\":\"Zna\u010dkov\u00fd Profitec Silicon-Fassadenputz K\"}]},{\"@type\":\"WebSite\",\"@id\":\"https:\/\/www.domtechnikpro.com\/#website\",\"url\":\"https:\/\/www.domtechnikpro.com\/\",\"name\":\"\",\"description\":\"\",\"potentialAction\":[{\"@type\":\"SearchAction\",\"target\":{\"@type\":\"EntryPoint\",\"urlTemplate\":\"https:\/\/www.domtechnikpro.com\/?s={search_term_string}\"},\"query-input\":{\"@type\":\"PropertyValueSpecification\",\"valueRequired\":true,\"valueName\":\"search_term_string\"}}],\"inLanguage\":\"cs\"}]}<\/script>\n<!-- \/ Yoast SEO plugin. -->","yoast_head_json":{"title":"Zna\u010dkov\u00fd Profitec Silicon-Fassadenputz K -","robots":{"index":"index","follow":"follow","max-snippet":"max-snippet:-1","max-image-preview":"max-image-preview:large","max-video-preview":"max-video-preview:-1"},"canonical":"https:\/\/www.domtechnikpro.com\/index.php\/produkt\/znackovy-profitec-silicon-fassadenputz-k-28921\/","og_locale":"cs_CZ","og_type":"article","og_title":"Zna\u010dkov\u00fd Profitec Silicon-Fassadenputz K -","og_description":"Popis Vysoce kvalitn\u00ed om\u00edtka se \u0161kr\u00e1banou strukturou pro dekorativn\u00ed a maxim\u00e1ln\u011b odolnou \u00fapravu fas\u00e1d. Pou\u017eiteln\u00e1 na v\u0161echny miner\u00e1ln\u00ed podklady. S obsahem vysoce rezistentn\u00edch s\u00ed\u0165uj\u00edc\u00edch silikonov\u00fdch prysky\u0159ic. Spot\u0159eba: zrno 1,5 mm \u2013 cca 2,4 kg\/m2; zrno 2,0 mm \u2013 cca 3,0 kg\/m2; zrno 3,0 mm \u2013 cca 4,0 kg\/m2Barevn\u00fd odst\u00edn: b\u00edl\u00fdVelikost balen\u00ed: 25 kg","og_url":"https:\/\/www.domtechnikpro.com\/index.php\/produkt\/znackovy-profitec-silicon-fassadenputz-k-28921\/","og_image":[{"width":1000,"height":750,"url":"https:\/\/www.domtechnikpro.com\/wp-content\/uploads\/2026\/SK0001458-CZ20260425-092254-0-1777080174-27486_profitec-silicon-fassadenputz.webp","type":"image\/webp"}],"twitter_card":"summary_large_image","schema":{"@context":"https:\/\/schema.org","@graph":[{"@type":"WebPage","@id":"https:\/\/www.domtechnikpro.com\/index.php\/produkt\/znackovy-profitec-silicon-fassadenputz-k-28921\/","url":"https:\/\/www.domtechnikpro.com\/index.php\/produkt\/znackovy-profitec-silicon-fassadenputz-k-28921\/","name":"Zna\u010dkov\u00fd Profitec Silicon-Fassadenputz K -","isPartOf":{"@id":"https:\/\/www.domtechnikpro.com\/#website"},"primaryImageOfPage":{"@id":"https:\/\/www.domtechnikpro.com\/index.php\/produkt\/znackovy-profitec-silicon-fassadenputz-k-28921\/#primaryimage"},"image":{"@id":"https:\/\/www.domtechnikpro.com\/index.php\/produkt\/znackovy-profitec-silicon-fassadenputz-k-28921\/#primaryimage"},"thumbnailUrl":"https:\/\/www.domtechnikpro.com\/wp-content\/uploads\/2026\/SK0001458-CZ20260425-092254-0-1777080174-27486_profitec-silicon-fassadenputz.webp","datePublished":"2026-04-26T08:56:29+00:00","breadcrumb":{"@id":"https:\/\/www.domtechnikpro.com\/index.php\/produkt\/znackovy-profitec-silicon-fassadenputz-k-28921\/#breadcrumb"},"inLanguage":"cs","potentialAction":[{"@type":"ReadAction","target":["https:\/\/www.domtechnikpro.com\/index.php\/produkt\/znackovy-profitec-silicon-fassadenputz-k-28921\/"]}]},{"@type":"ImageObject","inLanguage":"cs","@id":"https:\/\/www.domtechnikpro.com\/index.php\/produkt\/znackovy-profitec-silicon-fassadenputz-k-28921\/#primaryimage","url":"https:\/\/www.domtechnikpro.com\/wp-content\/uploads\/2026\/SK0001458-CZ20260425-092254-0-1777080174-27486_profitec-silicon-fassadenputz.webp","contentUrl":"https:\/\/www.domtechnikpro.com\/wp-content\/uploads\/2026\/SK0001458-CZ20260425-092254-0-1777080174-27486_profitec-silicon-fassadenputz.webp","width":1000,"height":750},{"@type":"BreadcrumbList","@id":"https:\/\/www.domtechnikpro.com\/index.php\/produkt\/znackovy-profitec-silicon-fassadenputz-k-28921\/#breadcrumb","itemListElement":[{"@type":"ListItem","position":1,"name":"Home","item":"https:\/\/www.domtechnikpro.com\/"},{"@type":"ListItem","position":2,"name":"Products","item":"https:\/\/www.domtechnikpro.com\/index.php\/products\/"},{"@type":"ListItem","position":3,"name":"Zna\u010dkov\u00fd Profitec Silicon-Fassadenputz K"}]},{"@type":"WebSite","@id":"https:\/\/www.domtechnikpro.com\/#website","url":"https:\/\/www.domtechnikpro.com\/","name":"","description":"","potentialAction":[{"@type":"SearchAction","target":{"@type":"EntryPoint","urlTemplate":"https:\/\/www.domtechnikpro.com\/?s={search_term_string}"},"query-input":{"@type":"PropertyValueSpecification","valueRequired":true,"valueName":"search_term_string"}}],"inLanguage":"cs"}]}},"_links":{"self":[{"href":"https:\/\/www.domtechnikpro.com\/index.php\/wp-json\/wp\/v2\/product\/28921","targetHints":{"allow":["GET"]}}],"collection":[{"href":"https:\/\/www.domtechnikpro.com\/index.php\/wp-json\/wp\/v2\/product"}],"about":[{"href":"https:\/\/www.domtechnikpro.com\/index.php\/wp-json\/wp\/v2\/types\/product"}],"replies":[{"embeddable":true,"href":"https:\/\/www.domtechnikpro.com\/index.php\/wp-json\/wp\/v2\/comments?post=28921"}],"wp:featuredmedia":[{"embeddable":true,"href":"https:\/\/www.domtechnikpro.com\/index.php\/wp-json\/wp\/v2\/media\/29021"}],"wp:attachment":[{"href":"https:\/\/www.domtechnikpro.com\/index.php\/wp-json\/wp\/v2\/media?parent=28921"}],"wp:term":[{"taxonomy":"product_brand","embeddable":true,"href":"https:\/\/www.domtechnikpro.com\/index.php\/wp-json\/wp\/v2\/product_brand?post=28921"},{"taxonomy":"product_cat","embeddable":true,"href":"https:\/\/www.domtechnikpro.com\/index.php\/wp-json\/wp\/v2\/product_cat?post=28921"},{"taxonomy":"product_tag","embeddable":true,"href":"https:\/\/www.domtechnikpro.com\/index.php\/wp-json\/wp\/v2\/product_tag?post=28921"}],"curies":[{"name":"wp","href":"https:\/\/api.w.org\/{rel}","templated":true}]}}