{"id":28740,"date":"2026-04-26T08:56:27","date_gmt":"2026-04-26T08:56:27","guid":{"rendered":""},"modified":"2026-04-26T08:56:27","modified_gmt":"2026-04-26T08:56:27","slug":"plochy-stetec-zluty-doprava-zdarma-28740","status":"publish","type":"product","link":"https:\/\/www.domtechnikpro.com\/index.php\/produkt\/plochy-stetec-zluty-doprava-zdarma-28740\/","title":{"rendered":"Ploch\u00fd \u0161t\u011btec \u017elut\u00fd Doprava Zdarma"},"content":{"rendered":"<div class=\"row\">\n<div class=\"col-sm-12 shp-tabs-row responsive-nav\">\n<div class=\"shp-tabs-holder\">\n<ul id=\"p-detail-tabs\" class=\"shp-tabs p-detail-tabs visible-links\" role=\"tablist\">\n<li class=\"shp-tab active\" data-testid=\"tabDescription\">                Popis            <\/li>\n<\/ul>\n<\/div><\/div>\n<div class=\"col-sm-12 \">\n<div id=\"tab-content\" class=\"tab-content\">\n<div id=\"description\" class=\"tab-pane fade in active wide-tab\" role=\"tabpanel\">\n<div class=\"description-inner\">\n<div class=\"basic-description\">                                                        Ploch\u00fd \u0161t\u011btec \u017elut\u00fd dod\u00e1v\u00e1me ve velikostech:<br \/>\u0161\u00ed\u0159ka\/ tlou\u0161\u0165ka<br \/>20 mm\/ 15 mm<br \/>30 mm\/ 15 mm<br \/>40 mm\/ 15 mm<br \/>50 mm\/ 15 mm<br \/>60 mm\/ 15 mm<br \/>70 mm\/ 15 mm<br \/>80 mm\/ 15 mm<br \/>100 mm\/ 15 mm                            <\/div>\n<div class=\"extended-description\">\n<p><strong>Dopl\u0148kov\u00e9 parametry<\/strong><\/p>\n<table class=\"detail-parameters\">\n<tbody>\n<tr>\n<th>        <span class=\"row-header-label\">            Kategorie<span class=\"row-header-label-colon\">:<\/span>        <\/span>    <\/th>\n<td>        Na syntetick\u00e9 lazury    <\/td>\n<\/tr>\n<tr class=\"productEan\">\n<th>          <span class=\"row-header-label productEan__label\">              EAN<span class=\"row-header-label-colon\">:<\/span>          <\/span>      <\/th>\n<td>          <span class=\"productEan__value js-productEan__value\">Zvolte variantu<\/span>      <\/td>\n<\/tr>\n<\/tbody>\n<\/table><\/div>\n<\/p><\/div>\n<\/p><\/div>\n<\/p><\/div>\n<\/p><\/div>\n<\/p><\/div>\n<\/p><\/div>\n<\/p><\/div>\n<p>                    <\/main>    <\/div>\n<\/p><\/div>\n","protected":false},"excerpt":{"rendered":"<p>Popis Ploch\u00fd \u0161t\u011btec \u017elut\u00fd dod\u00e1v\u00e1me ve velikostech:\u0161\u00ed\u0159ka\/ tlou\u0161\u0165ka20 mm\/ 15 mm30 mm\/ 15 mm40 mm\/ 15 mm50 mm\/ 15 mm60 mm\/ 15 mm70 mm\/ 15 mm80 mm\/ 15 mm100 mm\/ 15 mm Dopl\u0148kov\u00e9 parametry Kategorie: Na syntetick\u00e9 lazury EAN: Zvolte variantu<\/p>\n","protected":false},"featured_media":28840,"comment_status":"open","ping_status":"open","template":"","meta":[],"product_brand":[],"product_cat":[100],"product_tag":[],"class_list":{"0":"post-28740","1":"product","2":"type-product","3":"status-publish","4":"has-post-thumbnail","6":"product_cat-pro-malire","8":"first","9":"instock","10":"sale","11":"shipping-taxable","12":"purchasable","13":"product-type-simple"},"yoast_head":"<!-- This site is optimized with the Yoast SEO plugin v26.8 - https:\/\/yoast.com\/product\/yoast-seo-wordpress\/ -->\n<title>Ploch\u00fd \u0161t\u011btec \u017elut\u00fd Doprava Zdarma -<\/title>\n<meta name=\"robots\" content=\"index, follow, max-snippet:-1, max-image-preview:large, max-video-preview:-1\" \/>\n<link rel=\"canonical\" href=\"https:\/\/www.domtechnikpro.com\/index.php\/produkt\/plochy-stetec-zluty-doprava-zdarma-28740\/\" \/>\n<meta property=\"og:locale\" content=\"cs_CZ\" \/>\n<meta property=\"og:type\" content=\"article\" \/>\n<meta property=\"og:title\" content=\"Ploch\u00fd \u0161t\u011btec \u017elut\u00fd Doprava Zdarma -\" \/>\n<meta property=\"og:description\" content=\"Popis Ploch\u00fd \u0161t\u011btec \u017elut\u00fd dod\u00e1v\u00e1me ve velikostech:\u0161\u00ed\u0159ka\/ tlou\u0161\u0165ka20 mm\/ 15 mm30 mm\/ 15 mm40 mm\/ 15 mm50 mm\/ 15 mm60 mm\/ 15 mm70 mm\/ 15 mm80 mm\/ 15 mm100 mm\/ 15 mm Dopl\u0148kov\u00e9 parametry Kategorie: Na syntetick\u00e9 lazury EAN: Zvolte variantu\" \/>\n<meta property=\"og:url\" content=\"https:\/\/www.domtechnikpro.com\/index.php\/produkt\/plochy-stetec-zluty-doprava-zdarma-28740\/\" \/>\n<meta property=\"og:image\" content=\"https:\/\/www.domtechnikpro.com\/wp-content\/uploads\/2026\/SK0001376-CZ20260425-092254-0-1777080174-27177_schuller-plochy-stetec-zluty.webp\" \/>\n\t<meta property=\"og:image:width\" content=\"1000\" \/>\n\t<meta property=\"og:image:height\" content=\"750\" \/>\n\t<meta property=\"og:image:type\" content=\"image\/webp\" \/>\n<meta name=\"twitter:card\" content=\"summary_large_image\" \/>\n<script type=\"application\/ld+json\" class=\"yoast-schema-graph\">{\"@context\":\"https:\/\/schema.org\",\"@graph\":[{\"@type\":\"WebPage\",\"@id\":\"https:\/\/www.domtechnikpro.com\/index.php\/produkt\/plochy-stetec-zluty-doprava-zdarma-28740\/\",\"url\":\"https:\/\/www.domtechnikpro.com\/index.php\/produkt\/plochy-stetec-zluty-doprava-zdarma-28740\/\",\"name\":\"Ploch\u00fd \u0161t\u011btec \u017elut\u00fd Doprava Zdarma -\",\"isPartOf\":{\"@id\":\"https:\/\/www.domtechnikpro.com\/#website\"},\"primaryImageOfPage\":{\"@id\":\"https:\/\/www.domtechnikpro.com\/index.php\/produkt\/plochy-stetec-zluty-doprava-zdarma-28740\/#primaryimage\"},\"image\":{\"@id\":\"https:\/\/www.domtechnikpro.com\/index.php\/produkt\/plochy-stetec-zluty-doprava-zdarma-28740\/#primaryimage\"},\"thumbnailUrl\":\"https:\/\/www.domtechnikpro.com\/wp-content\/uploads\/2026\/SK0001376-CZ20260425-092254-0-1777080174-27177_schuller-plochy-stetec-zluty.webp\",\"datePublished\":\"2026-04-26T08:56:27+00:00\",\"breadcrumb\":{\"@id\":\"https:\/\/www.domtechnikpro.com\/index.php\/produkt\/plochy-stetec-zluty-doprava-zdarma-28740\/#breadcrumb\"},\"inLanguage\":\"cs\",\"potentialAction\":[{\"@type\":\"ReadAction\",\"target\":[\"https:\/\/www.domtechnikpro.com\/index.php\/produkt\/plochy-stetec-zluty-doprava-zdarma-28740\/\"]}]},{\"@type\":\"ImageObject\",\"inLanguage\":\"cs\",\"@id\":\"https:\/\/www.domtechnikpro.com\/index.php\/produkt\/plochy-stetec-zluty-doprava-zdarma-28740\/#primaryimage\",\"url\":\"https:\/\/www.domtechnikpro.com\/wp-content\/uploads\/2026\/SK0001376-CZ20260425-092254-0-1777080174-27177_schuller-plochy-stetec-zluty.webp\",\"contentUrl\":\"https:\/\/www.domtechnikpro.com\/wp-content\/uploads\/2026\/SK0001376-CZ20260425-092254-0-1777080174-27177_schuller-plochy-stetec-zluty.webp\",\"width\":1000,\"height\":750},{\"@type\":\"BreadcrumbList\",\"@id\":\"https:\/\/www.domtechnikpro.com\/index.php\/produkt\/plochy-stetec-zluty-doprava-zdarma-28740\/#breadcrumb\",\"itemListElement\":[{\"@type\":\"ListItem\",\"position\":1,\"name\":\"Home\",\"item\":\"https:\/\/www.domtechnikpro.com\/\"},{\"@type\":\"ListItem\",\"position\":2,\"name\":\"Products\",\"item\":\"https:\/\/www.domtechnikpro.com\/index.php\/products\/\"},{\"@type\":\"ListItem\",\"position\":3,\"name\":\"Ploch\u00fd \u0161t\u011btec \u017elut\u00fd Doprava Zdarma\"}]},{\"@type\":\"WebSite\",\"@id\":\"https:\/\/www.domtechnikpro.com\/#website\",\"url\":\"https:\/\/www.domtechnikpro.com\/\",\"name\":\"\",\"description\":\"\",\"potentialAction\":[{\"@type\":\"SearchAction\",\"target\":{\"@type\":\"EntryPoint\",\"urlTemplate\":\"https:\/\/www.domtechnikpro.com\/?s={search_term_string}\"},\"query-input\":{\"@type\":\"PropertyValueSpecification\",\"valueRequired\":true,\"valueName\":\"search_term_string\"}}],\"inLanguage\":\"cs\"}]}<\/script>\n<!-- \/ Yoast SEO plugin. -->","yoast_head_json":{"title":"Ploch\u00fd \u0161t\u011btec \u017elut\u00fd Doprava Zdarma -","robots":{"index":"index","follow":"follow","max-snippet":"max-snippet:-1","max-image-preview":"max-image-preview:large","max-video-preview":"max-video-preview:-1"},"canonical":"https:\/\/www.domtechnikpro.com\/index.php\/produkt\/plochy-stetec-zluty-doprava-zdarma-28740\/","og_locale":"cs_CZ","og_type":"article","og_title":"Ploch\u00fd \u0161t\u011btec \u017elut\u00fd Doprava Zdarma -","og_description":"Popis Ploch\u00fd \u0161t\u011btec \u017elut\u00fd dod\u00e1v\u00e1me ve velikostech:\u0161\u00ed\u0159ka\/ tlou\u0161\u0165ka20 mm\/ 15 mm30 mm\/ 15 mm40 mm\/ 15 mm50 mm\/ 15 mm60 mm\/ 15 mm70 mm\/ 15 mm80 mm\/ 15 mm100 mm\/ 15 mm Dopl\u0148kov\u00e9 parametry Kategorie: Na syntetick\u00e9 lazury EAN: Zvolte variantu","og_url":"https:\/\/www.domtechnikpro.com\/index.php\/produkt\/plochy-stetec-zluty-doprava-zdarma-28740\/","og_image":[{"width":1000,"height":750,"url":"https:\/\/www.domtechnikpro.com\/wp-content\/uploads\/2026\/SK0001376-CZ20260425-092254-0-1777080174-27177_schuller-plochy-stetec-zluty.webp","type":"image\/webp"}],"twitter_card":"summary_large_image","schema":{"@context":"https:\/\/schema.org","@graph":[{"@type":"WebPage","@id":"https:\/\/www.domtechnikpro.com\/index.php\/produkt\/plochy-stetec-zluty-doprava-zdarma-28740\/","url":"https:\/\/www.domtechnikpro.com\/index.php\/produkt\/plochy-stetec-zluty-doprava-zdarma-28740\/","name":"Ploch\u00fd \u0161t\u011btec \u017elut\u00fd Doprava Zdarma -","isPartOf":{"@id":"https:\/\/www.domtechnikpro.com\/#website"},"primaryImageOfPage":{"@id":"https:\/\/www.domtechnikpro.com\/index.php\/produkt\/plochy-stetec-zluty-doprava-zdarma-28740\/#primaryimage"},"image":{"@id":"https:\/\/www.domtechnikpro.com\/index.php\/produkt\/plochy-stetec-zluty-doprava-zdarma-28740\/#primaryimage"},"thumbnailUrl":"https:\/\/www.domtechnikpro.com\/wp-content\/uploads\/2026\/SK0001376-CZ20260425-092254-0-1777080174-27177_schuller-plochy-stetec-zluty.webp","datePublished":"2026-04-26T08:56:27+00:00","breadcrumb":{"@id":"https:\/\/www.domtechnikpro.com\/index.php\/produkt\/plochy-stetec-zluty-doprava-zdarma-28740\/#breadcrumb"},"inLanguage":"cs","potentialAction":[{"@type":"ReadAction","target":["https:\/\/www.domtechnikpro.com\/index.php\/produkt\/plochy-stetec-zluty-doprava-zdarma-28740\/"]}]},{"@type":"ImageObject","inLanguage":"cs","@id":"https:\/\/www.domtechnikpro.com\/index.php\/produkt\/plochy-stetec-zluty-doprava-zdarma-28740\/#primaryimage","url":"https:\/\/www.domtechnikpro.com\/wp-content\/uploads\/2026\/SK0001376-CZ20260425-092254-0-1777080174-27177_schuller-plochy-stetec-zluty.webp","contentUrl":"https:\/\/www.domtechnikpro.com\/wp-content\/uploads\/2026\/SK0001376-CZ20260425-092254-0-1777080174-27177_schuller-plochy-stetec-zluty.webp","width":1000,"height":750},{"@type":"BreadcrumbList","@id":"https:\/\/www.domtechnikpro.com\/index.php\/produkt\/plochy-stetec-zluty-doprava-zdarma-28740\/#breadcrumb","itemListElement":[{"@type":"ListItem","position":1,"name":"Home","item":"https:\/\/www.domtechnikpro.com\/"},{"@type":"ListItem","position":2,"name":"Products","item":"https:\/\/www.domtechnikpro.com\/index.php\/products\/"},{"@type":"ListItem","position":3,"name":"Ploch\u00fd \u0161t\u011btec \u017elut\u00fd Doprava Zdarma"}]},{"@type":"WebSite","@id":"https:\/\/www.domtechnikpro.com\/#website","url":"https:\/\/www.domtechnikpro.com\/","name":"","description":"","potentialAction":[{"@type":"SearchAction","target":{"@type":"EntryPoint","urlTemplate":"https:\/\/www.domtechnikpro.com\/?s={search_term_string}"},"query-input":{"@type":"PropertyValueSpecification","valueRequired":true,"valueName":"search_term_string"}}],"inLanguage":"cs"}]}},"_links":{"self":[{"href":"https:\/\/www.domtechnikpro.com\/index.php\/wp-json\/wp\/v2\/product\/28740","targetHints":{"allow":["GET"]}}],"collection":[{"href":"https:\/\/www.domtechnikpro.com\/index.php\/wp-json\/wp\/v2\/product"}],"about":[{"href":"https:\/\/www.domtechnikpro.com\/index.php\/wp-json\/wp\/v2\/types\/product"}],"replies":[{"embeddable":true,"href":"https:\/\/www.domtechnikpro.com\/index.php\/wp-json\/wp\/v2\/comments?post=28740"}],"wp:featuredmedia":[{"embeddable":true,"href":"https:\/\/www.domtechnikpro.com\/index.php\/wp-json\/wp\/v2\/media\/28840"}],"wp:attachment":[{"href":"https:\/\/www.domtechnikpro.com\/index.php\/wp-json\/wp\/v2\/media?parent=28740"}],"wp:term":[{"taxonomy":"product_brand","embeddable":true,"href":"https:\/\/www.domtechnikpro.com\/index.php\/wp-json\/wp\/v2\/product_brand?post=28740"},{"taxonomy":"product_cat","embeddable":true,"href":"https:\/\/www.domtechnikpro.com\/index.php\/wp-json\/wp\/v2\/product_cat?post=28740"},{"taxonomy":"product_tag","embeddable":true,"href":"https:\/\/www.domtechnikpro.com\/index.php\/wp-json\/wp\/v2\/product_tag?post=28740"}],"curies":[{"name":"wp","href":"https:\/\/api.w.org\/{rel}","templated":true}]}}