{"id":28733,"date":"2026-04-26T08:56:27","date_gmt":"2026-04-26T08:56:27","guid":{"rendered":""},"modified":"2026-04-26T08:56:27","modified_gmt":"2026-04-26T08:56:27","slug":"zlevneny-plastove-hladitko-28733","status":"publish","type":"product","link":"https:\/\/www.domtechnikpro.com\/index.php\/produkt\/zlevneny-plastove-hladitko-28733\/","title":{"rendered":"Zlevn\u011bn\u00fd Plastov\u00e9 Hlad\u00edtko"},"content":{"rendered":"<div class=\"row\">\n<div class=\"col-sm-12 shp-tabs-row responsive-nav\">\n<div class=\"shp-tabs-holder\">\n<ul id=\"p-detail-tabs\" class=\"shp-tabs p-detail-tabs visible-links\" role=\"tablist\">\n<li class=\"shp-tab active\" data-testid=\"tabDescription\">                Popis            <\/li>\n<\/ul>\n<\/div><\/div>\n<div class=\"col-sm-12 \">\n<div id=\"tab-content\" class=\"tab-content\">\n<div id=\"description\" class=\"tab-pane fade in active wide-tab\" role=\"tabpanel\">\n<div class=\"description-inner\">\n<div class=\"basic-description\">                                                        Plastov\u00e9 Hlad\u00edtko se vyr\u00e1b\u00ed v t\u011bchto rozm\u011brech:<br \/>280 x 140 mm<br \/>190 x 120 mm<br \/>320 x 180 mm<br \/>240 x 120 mm<br \/>420 x 220 mm                            <\/div>\n<div class=\"extended-description\">\n<p><strong>Dopl\u0148kov\u00e9 parametry<\/strong><\/p>\n<table class=\"detail-parameters\">\n<tbody>\n<tr>\n<th>        <span class=\"row-header-label\">            Kategorie<span class=\"row-header-label-colon\">:<\/span>        <\/span>    <\/th>\n<td>        Hlad\u00edtka    <\/td>\n<\/tr>\n<tr class=\"productEan\">\n<th>          <span class=\"row-header-label productEan__label\">              EAN<span class=\"row-header-label-colon\">:<\/span>          <\/span>      <\/th>\n<td>          <span class=\"productEan__value js-productEan__value\">Zvolte variantu<\/span>      <\/td>\n<\/tr>\n<\/tbody>\n<\/table><\/div>\n<\/p><\/div>\n<\/p><\/div>\n<\/p><\/div>\n<\/p><\/div>\n<\/p><\/div>\n<\/p><\/div>\n<\/p><\/div>\n<p>                    <\/main>    <\/div>\n<\/p><\/div>\n","protected":false},"excerpt":{"rendered":"<p>Popis Plastov\u00e9 Hlad\u00edtko se vyr\u00e1b\u00ed v t\u011bchto rozm\u011brech:280 x 140 mm190 x 120 mm320 x 180 mm240 x 120 mm420 x 220 mm Dopl\u0148kov\u00e9 parametry Kategorie: Hlad\u00edtka EAN: Zvolte variantu<\/p>\n","protected":false},"featured_media":28833,"comment_status":"open","ping_status":"open","template":"","meta":[],"product_brand":[],"product_cat":[100],"product_tag":[],"class_list":{"0":"post-28733","1":"product","2":"type-product","3":"status-publish","4":"has-post-thumbnail","6":"product_cat-pro-malire","8":"first","9":"instock","10":"sale","11":"shipping-taxable","12":"purchasable","13":"product-type-simple"},"yoast_head":"<!-- This site is optimized with the Yoast SEO plugin v26.8 - https:\/\/yoast.com\/product\/yoast-seo-wordpress\/ -->\n<title>Zlevn\u011bn\u00fd Plastov\u00e9 Hlad\u00edtko -<\/title>\n<meta name=\"robots\" content=\"index, follow, max-snippet:-1, max-image-preview:large, max-video-preview:-1\" \/>\n<link rel=\"canonical\" href=\"https:\/\/www.domtechnikpro.com\/index.php\/produkt\/zlevneny-plastove-hladitko-28733\/\" \/>\n<meta property=\"og:locale\" content=\"cs_CZ\" \/>\n<meta property=\"og:type\" content=\"article\" \/>\n<meta property=\"og:title\" content=\"Zlevn\u011bn\u00fd Plastov\u00e9 Hlad\u00edtko -\" \/>\n<meta property=\"og:description\" content=\"Popis Plastov\u00e9 Hlad\u00edtko se vyr\u00e1b\u00ed v t\u011bchto rozm\u011brech:280 x 140 mm190 x 120 mm320 x 180 mm240 x 120 mm420 x 220 mm Dopl\u0148kov\u00e9 parametry Kategorie: Hlad\u00edtka EAN: Zvolte variantu\" \/>\n<meta property=\"og:url\" content=\"https:\/\/www.domtechnikpro.com\/index.php\/produkt\/zlevneny-plastove-hladitko-28733\/\" \/>\n<meta property=\"og:image\" content=\"https:\/\/www.domtechnikpro.com\/wp-content\/uploads\/2026\/SK0001369-CZ20260425-092254-0-1777080174-27153_schuller-plastove-hladitko.webp\" \/>\n\t<meta property=\"og:image:width\" content=\"1000\" \/>\n\t<meta property=\"og:image:height\" content=\"750\" \/>\n\t<meta property=\"og:image:type\" content=\"image\/webp\" \/>\n<meta name=\"twitter:card\" content=\"summary_large_image\" \/>\n<script type=\"application\/ld+json\" class=\"yoast-schema-graph\">{\"@context\":\"https:\/\/schema.org\",\"@graph\":[{\"@type\":\"WebPage\",\"@id\":\"https:\/\/www.domtechnikpro.com\/index.php\/produkt\/zlevneny-plastove-hladitko-28733\/\",\"url\":\"https:\/\/www.domtechnikpro.com\/index.php\/produkt\/zlevneny-plastove-hladitko-28733\/\",\"name\":\"Zlevn\u011bn\u00fd Plastov\u00e9 Hlad\u00edtko -\",\"isPartOf\":{\"@id\":\"https:\/\/www.domtechnikpro.com\/#website\"},\"primaryImageOfPage\":{\"@id\":\"https:\/\/www.domtechnikpro.com\/index.php\/produkt\/zlevneny-plastove-hladitko-28733\/#primaryimage\"},\"image\":{\"@id\":\"https:\/\/www.domtechnikpro.com\/index.php\/produkt\/zlevneny-plastove-hladitko-28733\/#primaryimage\"},\"thumbnailUrl\":\"https:\/\/www.domtechnikpro.com\/wp-content\/uploads\/2026\/SK0001369-CZ20260425-092254-0-1777080174-27153_schuller-plastove-hladitko.webp\",\"datePublished\":\"2026-04-26T08:56:27+00:00\",\"breadcrumb\":{\"@id\":\"https:\/\/www.domtechnikpro.com\/index.php\/produkt\/zlevneny-plastove-hladitko-28733\/#breadcrumb\"},\"inLanguage\":\"cs\",\"potentialAction\":[{\"@type\":\"ReadAction\",\"target\":[\"https:\/\/www.domtechnikpro.com\/index.php\/produkt\/zlevneny-plastove-hladitko-28733\/\"]}]},{\"@type\":\"ImageObject\",\"inLanguage\":\"cs\",\"@id\":\"https:\/\/www.domtechnikpro.com\/index.php\/produkt\/zlevneny-plastove-hladitko-28733\/#primaryimage\",\"url\":\"https:\/\/www.domtechnikpro.com\/wp-content\/uploads\/2026\/SK0001369-CZ20260425-092254-0-1777080174-27153_schuller-plastove-hladitko.webp\",\"contentUrl\":\"https:\/\/www.domtechnikpro.com\/wp-content\/uploads\/2026\/SK0001369-CZ20260425-092254-0-1777080174-27153_schuller-plastove-hladitko.webp\",\"width\":1000,\"height\":750},{\"@type\":\"BreadcrumbList\",\"@id\":\"https:\/\/www.domtechnikpro.com\/index.php\/produkt\/zlevneny-plastove-hladitko-28733\/#breadcrumb\",\"itemListElement\":[{\"@type\":\"ListItem\",\"position\":1,\"name\":\"Home\",\"item\":\"https:\/\/www.domtechnikpro.com\/\"},{\"@type\":\"ListItem\",\"position\":2,\"name\":\"Products\",\"item\":\"https:\/\/www.domtechnikpro.com\/index.php\/products\/\"},{\"@type\":\"ListItem\",\"position\":3,\"name\":\"Zlevn\u011bn\u00fd Plastov\u00e9 Hlad\u00edtko\"}]},{\"@type\":\"WebSite\",\"@id\":\"https:\/\/www.domtechnikpro.com\/#website\",\"url\":\"https:\/\/www.domtechnikpro.com\/\",\"name\":\"\",\"description\":\"\",\"potentialAction\":[{\"@type\":\"SearchAction\",\"target\":{\"@type\":\"EntryPoint\",\"urlTemplate\":\"https:\/\/www.domtechnikpro.com\/?s={search_term_string}\"},\"query-input\":{\"@type\":\"PropertyValueSpecification\",\"valueRequired\":true,\"valueName\":\"search_term_string\"}}],\"inLanguage\":\"cs\"}]}<\/script>\n<!-- \/ Yoast SEO plugin. -->","yoast_head_json":{"title":"Zlevn\u011bn\u00fd Plastov\u00e9 Hlad\u00edtko -","robots":{"index":"index","follow":"follow","max-snippet":"max-snippet:-1","max-image-preview":"max-image-preview:large","max-video-preview":"max-video-preview:-1"},"canonical":"https:\/\/www.domtechnikpro.com\/index.php\/produkt\/zlevneny-plastove-hladitko-28733\/","og_locale":"cs_CZ","og_type":"article","og_title":"Zlevn\u011bn\u00fd Plastov\u00e9 Hlad\u00edtko -","og_description":"Popis Plastov\u00e9 Hlad\u00edtko se vyr\u00e1b\u00ed v t\u011bchto rozm\u011brech:280 x 140 mm190 x 120 mm320 x 180 mm240 x 120 mm420 x 220 mm Dopl\u0148kov\u00e9 parametry Kategorie: Hlad\u00edtka EAN: Zvolte variantu","og_url":"https:\/\/www.domtechnikpro.com\/index.php\/produkt\/zlevneny-plastove-hladitko-28733\/","og_image":[{"width":1000,"height":750,"url":"https:\/\/www.domtechnikpro.com\/wp-content\/uploads\/2026\/SK0001369-CZ20260425-092254-0-1777080174-27153_schuller-plastove-hladitko.webp","type":"image\/webp"}],"twitter_card":"summary_large_image","schema":{"@context":"https:\/\/schema.org","@graph":[{"@type":"WebPage","@id":"https:\/\/www.domtechnikpro.com\/index.php\/produkt\/zlevneny-plastove-hladitko-28733\/","url":"https:\/\/www.domtechnikpro.com\/index.php\/produkt\/zlevneny-plastove-hladitko-28733\/","name":"Zlevn\u011bn\u00fd Plastov\u00e9 Hlad\u00edtko -","isPartOf":{"@id":"https:\/\/www.domtechnikpro.com\/#website"},"primaryImageOfPage":{"@id":"https:\/\/www.domtechnikpro.com\/index.php\/produkt\/zlevneny-plastove-hladitko-28733\/#primaryimage"},"image":{"@id":"https:\/\/www.domtechnikpro.com\/index.php\/produkt\/zlevneny-plastove-hladitko-28733\/#primaryimage"},"thumbnailUrl":"https:\/\/www.domtechnikpro.com\/wp-content\/uploads\/2026\/SK0001369-CZ20260425-092254-0-1777080174-27153_schuller-plastove-hladitko.webp","datePublished":"2026-04-26T08:56:27+00:00","breadcrumb":{"@id":"https:\/\/www.domtechnikpro.com\/index.php\/produkt\/zlevneny-plastove-hladitko-28733\/#breadcrumb"},"inLanguage":"cs","potentialAction":[{"@type":"ReadAction","target":["https:\/\/www.domtechnikpro.com\/index.php\/produkt\/zlevneny-plastove-hladitko-28733\/"]}]},{"@type":"ImageObject","inLanguage":"cs","@id":"https:\/\/www.domtechnikpro.com\/index.php\/produkt\/zlevneny-plastove-hladitko-28733\/#primaryimage","url":"https:\/\/www.domtechnikpro.com\/wp-content\/uploads\/2026\/SK0001369-CZ20260425-092254-0-1777080174-27153_schuller-plastove-hladitko.webp","contentUrl":"https:\/\/www.domtechnikpro.com\/wp-content\/uploads\/2026\/SK0001369-CZ20260425-092254-0-1777080174-27153_schuller-plastove-hladitko.webp","width":1000,"height":750},{"@type":"BreadcrumbList","@id":"https:\/\/www.domtechnikpro.com\/index.php\/produkt\/zlevneny-plastove-hladitko-28733\/#breadcrumb","itemListElement":[{"@type":"ListItem","position":1,"name":"Home","item":"https:\/\/www.domtechnikpro.com\/"},{"@type":"ListItem","position":2,"name":"Products","item":"https:\/\/www.domtechnikpro.com\/index.php\/products\/"},{"@type":"ListItem","position":3,"name":"Zlevn\u011bn\u00fd Plastov\u00e9 Hlad\u00edtko"}]},{"@type":"WebSite","@id":"https:\/\/www.domtechnikpro.com\/#website","url":"https:\/\/www.domtechnikpro.com\/","name":"","description":"","potentialAction":[{"@type":"SearchAction","target":{"@type":"EntryPoint","urlTemplate":"https:\/\/www.domtechnikpro.com\/?s={search_term_string}"},"query-input":{"@type":"PropertyValueSpecification","valueRequired":true,"valueName":"search_term_string"}}],"inLanguage":"cs"}]}},"_links":{"self":[{"href":"https:\/\/www.domtechnikpro.com\/index.php\/wp-json\/wp\/v2\/product\/28733","targetHints":{"allow":["GET"]}}],"collection":[{"href":"https:\/\/www.domtechnikpro.com\/index.php\/wp-json\/wp\/v2\/product"}],"about":[{"href":"https:\/\/www.domtechnikpro.com\/index.php\/wp-json\/wp\/v2\/types\/product"}],"replies":[{"embeddable":true,"href":"https:\/\/www.domtechnikpro.com\/index.php\/wp-json\/wp\/v2\/comments?post=28733"}],"wp:featuredmedia":[{"embeddable":true,"href":"https:\/\/www.domtechnikpro.com\/index.php\/wp-json\/wp\/v2\/media\/28833"}],"wp:attachment":[{"href":"https:\/\/www.domtechnikpro.com\/index.php\/wp-json\/wp\/v2\/media?parent=28733"}],"wp:term":[{"taxonomy":"product_brand","embeddable":true,"href":"https:\/\/www.domtechnikpro.com\/index.php\/wp-json\/wp\/v2\/product_brand?post=28733"},{"taxonomy":"product_cat","embeddable":true,"href":"https:\/\/www.domtechnikpro.com\/index.php\/wp-json\/wp\/v2\/product_cat?post=28733"},{"taxonomy":"product_tag","embeddable":true,"href":"https:\/\/www.domtechnikpro.com\/index.php\/wp-json\/wp\/v2\/product_tag?post=28733"}],"curies":[{"name":"wp","href":"https:\/\/api.w.org\/{rel}","templated":true}]}}

Zlevněný Plastové Hladítko

<div class="row">
<div class="col-sm-12 shp-tabs-row responsive-nav">
<div class="shp-tabs-holder">
<ul id="p-detail-tabs" class="shp-tabs p-detail-tabs visible-links" role="tablist">
<li class="shp-tab active" data-testid="tabDescription">                Popis            </li>
</ul>
</div></div>
<div class="col-sm-12 ">
<div id="tab-content" class="tab-content">
<div id="description" class="tab-pane fade in active wide-tab" role="tabpanel">
<div class="description-inner">
<div class="basic-description">                                                        Plastové Hladítko se vyrábí v těchto rozměrech:<br />280 x 140 mm<br />190 x 120 mm<br />320 x 180 mm<br />240 x 120 mm<br />420 x 220 mm                            </div>
<div class="extended-description">
<p><strong>Doplňkové parametry</strong></p>
<table class="detail-parameters">
<tbody>
<tr>
<th>        <span class="row-header-label">            Kategorie<span class="row-header-label-colon">:</span>        </span>    </th>
<td>        Hladítka    </td>
</tr>
<tr class="productEan">
<th>          <span class="row-header-label productEan__label">              EAN<span class="row-header-label-colon">:</span>          </span>      </th>
<td>          <span class="productEan__value js-productEan__value">Zvolte variantu</span>      </td>
</tr>
</tbody>
</table></div>
</p></div>
</p></div>
</p></div>
</p></div>
</p></div>
</p></div>
</p></div>
<p>                    </main>    </div>
</p></div>

<p>Popis Plastové Hladítko se vyrábí v těchto rozměrech:280 x 140 mm190 x 120 mm320 x 180 mm240 x 120 mm420 x 220 mm Doplňkové parametry Kategorie: Hladítka EAN: Zvolte variantu</p>

<!-- This site is optimized with the Yoast SEO plugin v26.8 - https://yoast.com/product/yoast-seo-wordpress/ -->
<title>Zlevněný Plastové Hladítko -</title>
<meta name="robots" content="index, follow, max-snippet:-1, max-image-preview:large, max-video-preview:-1" />
<link rel="canonical" href="https://www.domtechnikpro.com/index.php/produkt/zlevneny-plastove-hladitko-28733/" />
<meta property="og:locale" content="cs_CZ" />
<meta property="og:type" content="article" />
<meta property="og:title" content="Zlevněný Plastové Hladítko -" />
<meta property="og:description" content="Popis Plastové Hladítko se vyrábí v těchto rozměrech:280 x 140 mm190 x 120 mm320 x 180 mm240 x 120 mm420 x 220 mm Doplňkové parametry Kategorie: Hladítka EAN: Zvolte variantu" />
<meta property="og:url" content="https://www.domtechnikpro.com/index.php/produkt/zlevneny-plastove-hladitko-28733/" />
<meta property="og:image" content="https://www.domtechnikpro.com/wp-content/uploads/2026/SK0001369-CZ20260425-092254-0-1777080174-27153_schuller-plastove-hladitko.webp" />
	<meta property="og:image:width" content="1000" />
	<meta property="og:image:height" content="750" />
	<meta property="og:image:type" content="image/webp" />
<meta name="twitter:card" content="summary_large_image" />
<script type="application/ld+json" class="yoast-schema-graph">{"@context":"https://schema.org","@graph":[{"@type":"WebPage","@id":"https://www.domtechnikpro.com/index.php/produkt/zlevneny-plastove-hladitko-28733/","url":"https://www.domtechnikpro.com/index.php/produkt/zlevneny-plastove-hladitko-28733/","name":"Zlevněný Plastové Hladítko -","isPartOf":{"@id":"https://www.domtechnikpro.com/#website"},"primaryImageOfPage":{"@id":"https://www.domtechnikpro.com/index.php/produkt/zlevneny-plastove-hladitko-28733/#primaryimage"},"image":{"@id":"https://www.domtechnikpro.com/index.php/produkt/zlevneny-plastove-hladitko-28733/#primaryimage"},"thumbnailUrl":"https://www.domtechnikpro.com/wp-content/uploads/2026/SK0001369-CZ20260425-092254-0-1777080174-27153_schuller-plastove-hladitko.webp","datePublished":"2026-04-26T08:56:27+00:00","breadcrumb":{"@id":"https://www.domtechnikpro.com/index.php/produkt/zlevneny-plastove-hladitko-28733/#breadcrumb"},"inLanguage":"cs","potentialAction":[{"@type":"ReadAction","target":["https://www.domtechnikpro.com/index.php/produkt/zlevneny-plastove-hladitko-28733/"]}]},{"@type":"ImageObject","inLanguage":"cs","@id":"https://www.domtechnikpro.com/index.php/produkt/zlevneny-plastove-hladitko-28733/#primaryimage","url":"https://www.domtechnikpro.com/wp-content/uploads/2026/SK0001369-CZ20260425-092254-0-1777080174-27153_schuller-plastove-hladitko.webp","contentUrl":"https://www.domtechnikpro.com/wp-content/uploads/2026/SK0001369-CZ20260425-092254-0-1777080174-27153_schuller-plastove-hladitko.webp","width":1000,"height":750},{"@type":"BreadcrumbList","@id":"https://www.domtechnikpro.com/index.php/produkt/zlevneny-plastove-hladitko-28733/#breadcrumb","itemListElement":[{"@type":"ListItem","position":1,"name":"Home","item":"https://www.domtechnikpro.com/"},{"@type":"ListItem","position":2,"name":"Products","item":"https://www.domtechnikpro.com/index.php/products/"},{"@type":"ListItem","position":3,"name":"Zlevněný Plastové Hladítko"}]},{"@type":"WebSite","@id":"https://www.domtechnikpro.com/#website","url":"https://www.domtechnikpro.com/","name":"","description":"","potentialAction":[{"@type":"SearchAction","target":{"@type":"EntryPoint","urlTemplate":"https://www.domtechnikpro.com/?s={search_term_string}"},"query-input":{"@type":"PropertyValueSpecification","valueRequired":true,"valueName":"search_term_string"}}],"inLanguage":"cs"}]}</script>
<!-- / Yoast SEO plugin. -->

Zlevněný Plastové Hladítko -

Popis Plastové Hladítko se vyrábí v těchto rozměrech:280 x 140 mm190 x 120 mm320 x 180 mm240 x 120 mm420 x 220 mm Doplňkové parametry Kategorie: Hladítka EAN: Zvolte variantu
