{"id":28711,"date":"2026-04-26T08:56:27","date_gmt":"2026-04-26T08:56:27","guid":{"rendered":""},"modified":"2026-04-26T08:56:27","modified_gmt":"2026-04-26T08:56:27","slug":"pouze-dnes-ovalny-stetec-allround-28711","status":"publish","type":"product","link":"https:\/\/www.domtechnikpro.com\/index.php\/produkt\/pouze-dnes-ovalny-stetec-allround-28711\/","title":{"rendered":"Pouze Dnes Ov\u00e1ln\u00fd \u0161t\u011btec Allround"},"content":{"rendered":"<div class=\"row\">\n<div class=\"col-sm-12 shp-tabs-row responsive-nav\">\n<div class=\"shp-tabs-holder\">\n<ul id=\"p-detail-tabs\" class=\"shp-tabs p-detail-tabs visible-links\" role=\"tablist\">\n<li class=\"shp-tab active\" data-testid=\"tabDescription\">                Popis            <\/li>\n<\/ul>\n<\/div><\/div>\n<div class=\"col-sm-12 \">\n<div id=\"tab-content\" class=\"tab-content\">\n<div id=\"description\" class=\"tab-pane fade in active wide-tab\" role=\"tabpanel\">\n<div class=\"description-inner\">\n<div class=\"basic-description\">                                                        Ov\u00e1ln\u00fd \u0161t\u011btec Allround<br \/>speci\u00e1ln\u00ed \u0161t\u011btina \u0161tetce zaji\u0161\u0165uje vysok\u00fd p\u0159\u00edjem a v\u00fddej barvy a t\u00edm je zaru\u010den\u00e1 rychl\u00e1 pr\u00e1ce.<\/p>\n<p>\u0160t\u011btec Allround m\u00e1 d\u0159ev\u011bnou rukoje\u0165, vyrobenou z kvalitn\u00edho pevn\u00e9ho a tvrd\u00e9ho bukov\u00e9ho d\u0159eva. Rukoje\u0165 je ergonomick\u00fd tvarovan\u00e1.<br \/>Spojka \u0161t\u011btce Allroud je nerezov\u00e1, lisovan\u00e1 na \u0161\u00ed\u0159ku \u0161t\u011btce, p\u0159ipevn\u011bn\u00e1 sponkami .<br \/>\u0160tetina je mixovan\u00e1 speci\u00e1ln\u00ed syntetick\u00e1, vyvinut\u00e1 na r\u016fzn\u00e9 druhy pou\u017eit\u00ed.<\/p>\n<p>Ov\u00e1ln\u00fd \u0161t\u011btec Allround dod\u00e1v\u00e1me v t\u011bchto velikostech, \u0161\u00ed\u0159k\u00e1ch:<br \/>25 mm, 35 mm, 45 mm a 55 mm                            <\/div>\n<div class=\"extended-description\">\n<p><strong>Dopl\u0148kov\u00e9 parametry<\/strong><\/p>\n<table class=\"detail-parameters\">\n<tbody>\n<tr>\n<th>        <span class=\"row-header-label\">            Kategorie<span class=\"row-header-label-colon\">:<\/span>        <\/span>    <\/th>\n<td>        Na vodou\u0159editeln\u00e9 lazury    <\/td>\n<\/tr>\n<tr class=\"productEan\">\n<th>          <span class=\"row-header-label productEan__label\">              EAN<span class=\"row-header-label-colon\">:<\/span>          <\/span>      <\/th>\n<td>          <span class=\"productEan__value js-productEan__value\">Zvolte variantu<\/span>      <\/td>\n<\/tr>\n<\/tbody>\n<\/table><\/div>\n<\/p><\/div>\n<\/p><\/div>\n<\/p><\/div>\n<\/p><\/div>\n<\/p><\/div>\n<\/p><\/div>\n<\/p><\/div>\n<p>                    <\/main>    <\/div>\n<\/p><\/div>\n","protected":false},"excerpt":{"rendered":"<p>Popis Ov\u00e1ln\u00fd \u0161t\u011btec Allroundspeci\u00e1ln\u00ed \u0161t\u011btina \u0161tetce zaji\u0161\u0165uje vysok\u00fd p\u0159\u00edjem a v\u00fddej barvy a t\u00edm je zaru\u010den\u00e1 rychl\u00e1 pr\u00e1ce. \u0160t\u011btec Allround m\u00e1 d\u0159ev\u011bnou rukoje\u0165, vyrobenou z kvalitn\u00edho pevn\u00e9ho a tvrd\u00e9ho bukov\u00e9ho d\u0159eva. Rukoje\u0165 je ergonomick\u00fd tvarovan\u00e1.Spojka \u0161t\u011btce Allroud je nerezov\u00e1, lisovan\u00e1 na \u0161\u00ed\u0159ku \u0161t\u011btce, p\u0159ipevn\u011bn\u00e1 sponkami .\u0160tetina je mixovan\u00e1 speci\u00e1ln\u00ed syntetick\u00e1, vyvinut\u00e1 na r\u016fzn\u00e9 druhy pou\u017eit\u00ed. [&hellip;]<\/p>\n","protected":false},"featured_media":28811,"comment_status":"open","ping_status":"open","template":"","meta":[],"product_brand":[],"product_cat":[100],"product_tag":[],"class_list":{"0":"post-28711","1":"product","2":"type-product","3":"status-publish","4":"has-post-thumbnail","6":"product_cat-pro-malire","8":"first","9":"instock","10":"sale","11":"shipping-taxable","12":"purchasable","13":"product-type-simple"},"yoast_head":"<!-- This site is optimized with the Yoast SEO plugin v26.8 - https:\/\/yoast.com\/product\/yoast-seo-wordpress\/ -->\n<title>Pouze Dnes Ov\u00e1ln\u00fd \u0161t\u011btec Allround -<\/title>\n<meta name=\"robots\" content=\"index, follow, max-snippet:-1, max-image-preview:large, max-video-preview:-1\" \/>\n<link rel=\"canonical\" href=\"https:\/\/www.domtechnikpro.com\/index.php\/produkt\/pouze-dnes-ovalny-stetec-allround-28711\/\" \/>\n<meta property=\"og:locale\" content=\"cs_CZ\" \/>\n<meta property=\"og:type\" content=\"article\" \/>\n<meta property=\"og:title\" content=\"Pouze Dnes Ov\u00e1ln\u00fd \u0161t\u011btec Allround -\" \/>\n<meta property=\"og:description\" content=\"Popis Ov\u00e1ln\u00fd \u0161t\u011btec Allroundspeci\u00e1ln\u00ed \u0161t\u011btina \u0161tetce zaji\u0161\u0165uje vysok\u00fd p\u0159\u00edjem a v\u00fddej barvy a t\u00edm je zaru\u010den\u00e1 rychl\u00e1 pr\u00e1ce. \u0160t\u011btec Allround m\u00e1 d\u0159ev\u011bnou rukoje\u0165, vyrobenou z kvalitn\u00edho pevn\u00e9ho a tvrd\u00e9ho bukov\u00e9ho d\u0159eva. Rukoje\u0165 je ergonomick\u00fd tvarovan\u00e1.Spojka \u0161t\u011btce Allroud je nerezov\u00e1, lisovan\u00e1 na \u0161\u00ed\u0159ku \u0161t\u011btce, p\u0159ipevn\u011bn\u00e1 sponkami .\u0160tetina je mixovan\u00e1 speci\u00e1ln\u00ed syntetick\u00e1, vyvinut\u00e1 na r\u016fzn\u00e9 druhy pou\u017eit\u00ed. [&hellip;]\" \/>\n<meta property=\"og:url\" content=\"https:\/\/www.domtechnikpro.com\/index.php\/produkt\/pouze-dnes-ovalny-stetec-allround-28711\/\" \/>\n<meta property=\"og:image\" content=\"https:\/\/www.domtechnikpro.com\/wp-content\/uploads\/2026\/SK0001347-CZ20260425-092254-0-1777080174-27081_schuller-ovalny-stetec-allround.webp\" \/>\n\t<meta property=\"og:image:width\" content=\"1000\" \/>\n\t<meta property=\"og:image:height\" content=\"750\" \/>\n\t<meta property=\"og:image:type\" content=\"image\/webp\" \/>\n<meta name=\"twitter:card\" content=\"summary_large_image\" \/>\n<meta name=\"twitter:label1\" content=\"Odhadovan\u00e1 doba \u010dten\u00ed\" \/>\n\t<meta name=\"twitter:data1\" content=\"1 minuta\" \/>\n<script type=\"application\/ld+json\" class=\"yoast-schema-graph\">{\"@context\":\"https:\/\/schema.org\",\"@graph\":[{\"@type\":\"WebPage\",\"@id\":\"https:\/\/www.domtechnikpro.com\/index.php\/produkt\/pouze-dnes-ovalny-stetec-allround-28711\/\",\"url\":\"https:\/\/www.domtechnikpro.com\/index.php\/produkt\/pouze-dnes-ovalny-stetec-allround-28711\/\",\"name\":\"Pouze Dnes Ov\u00e1ln\u00fd \u0161t\u011btec Allround -\",\"isPartOf\":{\"@id\":\"https:\/\/www.domtechnikpro.com\/#website\"},\"primaryImageOfPage\":{\"@id\":\"https:\/\/www.domtechnikpro.com\/index.php\/produkt\/pouze-dnes-ovalny-stetec-allround-28711\/#primaryimage\"},\"image\":{\"@id\":\"https:\/\/www.domtechnikpro.com\/index.php\/produkt\/pouze-dnes-ovalny-stetec-allround-28711\/#primaryimage\"},\"thumbnailUrl\":\"https:\/\/www.domtechnikpro.com\/wp-content\/uploads\/2026\/SK0001347-CZ20260425-092254-0-1777080174-27081_schuller-ovalny-stetec-allround.webp\",\"datePublished\":\"2026-04-26T08:56:27+00:00\",\"breadcrumb\":{\"@id\":\"https:\/\/www.domtechnikpro.com\/index.php\/produkt\/pouze-dnes-ovalny-stetec-allround-28711\/#breadcrumb\"},\"inLanguage\":\"cs\",\"potentialAction\":[{\"@type\":\"ReadAction\",\"target\":[\"https:\/\/www.domtechnikpro.com\/index.php\/produkt\/pouze-dnes-ovalny-stetec-allround-28711\/\"]}]},{\"@type\":\"ImageObject\",\"inLanguage\":\"cs\",\"@id\":\"https:\/\/www.domtechnikpro.com\/index.php\/produkt\/pouze-dnes-ovalny-stetec-allround-28711\/#primaryimage\",\"url\":\"https:\/\/www.domtechnikpro.com\/wp-content\/uploads\/2026\/SK0001347-CZ20260425-092254-0-1777080174-27081_schuller-ovalny-stetec-allround.webp\",\"contentUrl\":\"https:\/\/www.domtechnikpro.com\/wp-content\/uploads\/2026\/SK0001347-CZ20260425-092254-0-1777080174-27081_schuller-ovalny-stetec-allround.webp\",\"width\":1000,\"height\":750},{\"@type\":\"BreadcrumbList\",\"@id\":\"https:\/\/www.domtechnikpro.com\/index.php\/produkt\/pouze-dnes-ovalny-stetec-allround-28711\/#breadcrumb\",\"itemListElement\":[{\"@type\":\"ListItem\",\"position\":1,\"name\":\"Home\",\"item\":\"https:\/\/www.domtechnikpro.com\/\"},{\"@type\":\"ListItem\",\"position\":2,\"name\":\"Products\",\"item\":\"https:\/\/www.domtechnikpro.com\/index.php\/products\/\"},{\"@type\":\"ListItem\",\"position\":3,\"name\":\"Pouze Dnes Ov\u00e1ln\u00fd \u0161t\u011btec Allround\"}]},{\"@type\":\"WebSite\",\"@id\":\"https:\/\/www.domtechnikpro.com\/#website\",\"url\":\"https:\/\/www.domtechnikpro.com\/\",\"name\":\"\",\"description\":\"\",\"potentialAction\":[{\"@type\":\"SearchAction\",\"target\":{\"@type\":\"EntryPoint\",\"urlTemplate\":\"https:\/\/www.domtechnikpro.com\/?s={search_term_string}\"},\"query-input\":{\"@type\":\"PropertyValueSpecification\",\"valueRequired\":true,\"valueName\":\"search_term_string\"}}],\"inLanguage\":\"cs\"}]}<\/script>\n<!-- \/ Yoast SEO plugin. -->","yoast_head_json":{"title":"Pouze Dnes Ov\u00e1ln\u00fd \u0161t\u011btec Allround -","robots":{"index":"index","follow":"follow","max-snippet":"max-snippet:-1","max-image-preview":"max-image-preview:large","max-video-preview":"max-video-preview:-1"},"canonical":"https:\/\/www.domtechnikpro.com\/index.php\/produkt\/pouze-dnes-ovalny-stetec-allround-28711\/","og_locale":"cs_CZ","og_type":"article","og_title":"Pouze Dnes Ov\u00e1ln\u00fd \u0161t\u011btec Allround -","og_description":"Popis Ov\u00e1ln\u00fd \u0161t\u011btec Allroundspeci\u00e1ln\u00ed \u0161t\u011btina \u0161tetce zaji\u0161\u0165uje vysok\u00fd p\u0159\u00edjem a v\u00fddej barvy a t\u00edm je zaru\u010den\u00e1 rychl\u00e1 pr\u00e1ce. \u0160t\u011btec Allround m\u00e1 d\u0159ev\u011bnou rukoje\u0165, vyrobenou z kvalitn\u00edho pevn\u00e9ho a tvrd\u00e9ho bukov\u00e9ho d\u0159eva. Rukoje\u0165 je ergonomick\u00fd tvarovan\u00e1.Spojka \u0161t\u011btce Allroud je nerezov\u00e1, lisovan\u00e1 na \u0161\u00ed\u0159ku \u0161t\u011btce, p\u0159ipevn\u011bn\u00e1 sponkami .\u0160tetina je mixovan\u00e1 speci\u00e1ln\u00ed syntetick\u00e1, vyvinut\u00e1 na r\u016fzn\u00e9 druhy pou\u017eit\u00ed. [&hellip;]","og_url":"https:\/\/www.domtechnikpro.com\/index.php\/produkt\/pouze-dnes-ovalny-stetec-allround-28711\/","og_image":[{"width":1000,"height":750,"url":"https:\/\/www.domtechnikpro.com\/wp-content\/uploads\/2026\/SK0001347-CZ20260425-092254-0-1777080174-27081_schuller-ovalny-stetec-allround.webp","type":"image\/webp"}],"twitter_card":"summary_large_image","twitter_misc":{"Odhadovan\u00e1 doba \u010dten\u00ed":"1 minuta"},"schema":{"@context":"https:\/\/schema.org","@graph":[{"@type":"WebPage","@id":"https:\/\/www.domtechnikpro.com\/index.php\/produkt\/pouze-dnes-ovalny-stetec-allround-28711\/","url":"https:\/\/www.domtechnikpro.com\/index.php\/produkt\/pouze-dnes-ovalny-stetec-allround-28711\/","name":"Pouze Dnes Ov\u00e1ln\u00fd \u0161t\u011btec Allround -","isPartOf":{"@id":"https:\/\/www.domtechnikpro.com\/#website"},"primaryImageOfPage":{"@id":"https:\/\/www.domtechnikpro.com\/index.php\/produkt\/pouze-dnes-ovalny-stetec-allround-28711\/#primaryimage"},"image":{"@id":"https:\/\/www.domtechnikpro.com\/index.php\/produkt\/pouze-dnes-ovalny-stetec-allround-28711\/#primaryimage"},"thumbnailUrl":"https:\/\/www.domtechnikpro.com\/wp-content\/uploads\/2026\/SK0001347-CZ20260425-092254-0-1777080174-27081_schuller-ovalny-stetec-allround.webp","datePublished":"2026-04-26T08:56:27+00:00","breadcrumb":{"@id":"https:\/\/www.domtechnikpro.com\/index.php\/produkt\/pouze-dnes-ovalny-stetec-allround-28711\/#breadcrumb"},"inLanguage":"cs","potentialAction":[{"@type":"ReadAction","target":["https:\/\/www.domtechnikpro.com\/index.php\/produkt\/pouze-dnes-ovalny-stetec-allround-28711\/"]}]},{"@type":"ImageObject","inLanguage":"cs","@id":"https:\/\/www.domtechnikpro.com\/index.php\/produkt\/pouze-dnes-ovalny-stetec-allround-28711\/#primaryimage","url":"https:\/\/www.domtechnikpro.com\/wp-content\/uploads\/2026\/SK0001347-CZ20260425-092254-0-1777080174-27081_schuller-ovalny-stetec-allround.webp","contentUrl":"https:\/\/www.domtechnikpro.com\/wp-content\/uploads\/2026\/SK0001347-CZ20260425-092254-0-1777080174-27081_schuller-ovalny-stetec-allround.webp","width":1000,"height":750},{"@type":"BreadcrumbList","@id":"https:\/\/www.domtechnikpro.com\/index.php\/produkt\/pouze-dnes-ovalny-stetec-allround-28711\/#breadcrumb","itemListElement":[{"@type":"ListItem","position":1,"name":"Home","item":"https:\/\/www.domtechnikpro.com\/"},{"@type":"ListItem","position":2,"name":"Products","item":"https:\/\/www.domtechnikpro.com\/index.php\/products\/"},{"@type":"ListItem","position":3,"name":"Pouze Dnes Ov\u00e1ln\u00fd \u0161t\u011btec Allround"}]},{"@type":"WebSite","@id":"https:\/\/www.domtechnikpro.com\/#website","url":"https:\/\/www.domtechnikpro.com\/","name":"","description":"","potentialAction":[{"@type":"SearchAction","target":{"@type":"EntryPoint","urlTemplate":"https:\/\/www.domtechnikpro.com\/?s={search_term_string}"},"query-input":{"@type":"PropertyValueSpecification","valueRequired":true,"valueName":"search_term_string"}}],"inLanguage":"cs"}]}},"_links":{"self":[{"href":"https:\/\/www.domtechnikpro.com\/index.php\/wp-json\/wp\/v2\/product\/28711","targetHints":{"allow":["GET"]}}],"collection":[{"href":"https:\/\/www.domtechnikpro.com\/index.php\/wp-json\/wp\/v2\/product"}],"about":[{"href":"https:\/\/www.domtechnikpro.com\/index.php\/wp-json\/wp\/v2\/types\/product"}],"replies":[{"embeddable":true,"href":"https:\/\/www.domtechnikpro.com\/index.php\/wp-json\/wp\/v2\/comments?post=28711"}],"wp:featuredmedia":[{"embeddable":true,"href":"https:\/\/www.domtechnikpro.com\/index.php\/wp-json\/wp\/v2\/media\/28811"}],"wp:attachment":[{"href":"https:\/\/www.domtechnikpro.com\/index.php\/wp-json\/wp\/v2\/media?parent=28711"}],"wp:term":[{"taxonomy":"product_brand","embeddable":true,"href":"https:\/\/www.domtechnikpro.com\/index.php\/wp-json\/wp\/v2\/product_brand?post=28711"},{"taxonomy":"product_cat","embeddable":true,"href":"https:\/\/www.domtechnikpro.com\/index.php\/wp-json\/wp\/v2\/product_cat?post=28711"},{"taxonomy":"product_tag","embeddable":true,"href":"https:\/\/www.domtechnikpro.com\/index.php\/wp-json\/wp\/v2\/product_tag?post=28711"}],"curies":[{"name":"wp","href":"https:\/\/api.w.org\/{rel}","templated":true}]}}