{"id":16918,"date":"2026-04-26T08:54:13","date_gmt":"2026-04-26T08:54:13","guid":{"rendered":""},"modified":"2026-04-26T08:54:13","modified_gmt":"2026-04-26T08:54:13","slug":"nejlepsi-cena-sroubovak-makita-dfs452z-16918","status":"publish","type":"product","link":"https:\/\/www.domtechnikpro.com\/index.php\/produkt\/nejlepsi-cena-sroubovak-makita-dfs452z-16918\/","title":{"rendered":"Nejlep\u0161\u00ed Cena \u0160roubov\u00e1k Makita DFS452Z"},"content":{"rendered":"<h2>Aku \u0161roubov\u00e1k Makita DFS452Z bez aku a nab\u00edje\u010dky<\/h2>\n<p><strong>Aku \u0161roubov\u00e1k Makita DFS452Z<\/strong> s bezuhl\u00edkov\u00fdm motorem poskytuje <strong>v\u00fdkon srovnateln\u00fd s elektrick\u00fdm \u0161roubov\u00e1kem<\/strong>. Kompaktn\u00ed a ergonomick\u00fd design zaji\u0161\u0165uje <strong>pohodlnou manipulaci<\/strong>, zat\u00edmco LED osv\u011btlen\u00ed s funkc\u00ed dosvitu zlep\u0161uje viditelnost. Bez akumul\u00e1toru, nab\u00edje\u010dky a kufru.<\/p>\n<p>\u00a0<\/p>\n<h2>V\u00fdhody \u0161roubov\u00e1ku Makita DFS452Z<\/h2>\n<ul>\n<li>Bezuhl\u00edkov\u00fd motor pro del\u0161\u00ed provoz na jedno nabit\u00ed<\/li>\n<li>V\u00fdkon srovnateln\u00fd s elektrick\u00fdm \u0161roubov\u00e1kem<\/li>\n<li>Kompaktn\u00ed a ergonomick\u00fd design<\/li>\n<li>LED osv\u011btlen\u00ed pracovn\u00ed plochy s funkc\u00ed dosvitu<\/li>\n<li>Elektronick\u00fd vyp\u00edna\u010d a motorov\u00e1 brzda pro bezpe\u010dnou pr\u00e1ci<\/li>\n<\/ul>\n<h2>K \u010demu se pou\u017e\u00edv\u00e1 Makita \u0161roubov\u00e1k DFS452Z<\/h2>\n<p>Aku \u0161roubov\u00e1k Makita DFS452Z je ide\u00e1ln\u00ed pro profesion\u00e1ln\u00ed pou\u017eit\u00ed p\u0159i \u0161roubov\u00e1n\u00ed do d\u0159eva, kovu a dal\u0161\u00edch materi\u00e1l\u016f. D\u00edky bezuhl\u00edkov\u00e9mu motoru a kompaktn\u00edmu designu poskytuje vysok\u00fd v\u00fdkon a pohodlnou manipulaci i p\u0159i del\u0161\u00ed pr\u00e1ci.<\/p>\n<p>\u00a0<\/p>\n<h3>Kl\u00ed\u010dov\u00e9 vlastnosti a parametry produktu \u0160roubov\u00e1k Makita DFS452Z<\/h3>\n<p><span style=\"text-decoration: none; font-weight: bold; color: #ff0000;\">Dopravu nacen\u00edme dle V\u00e1mi po\u017eadovan\u00e9ho mno\u017estv\u00ed a m\u00edsta ur\u010den\u00ed.<br \/><\/span><\/p>\n<p><span style=\"text-decoration: none; font-weight: bold; color: #ff0000;\">Pro osobn\u00ed odb\u011br vy\u017eadujeme objedn\u00e1vku potvrzenou prodejcem.<\/span><\/p>\n<p><strong>V balen\u00ed:<\/strong><br \/>\u0160roub M4x12 (266622-8)<br \/>H\u00e1\u010dek (346317-0)<br \/>2 ks bit PH \u010d.2 (784261-7)<br \/>Magnetick\u00fd adapt\u00e9r 60 mm (784811-8)<br \/>Hloubkov\u00fd doraz (195602-6)<\/p>\n<div id=\"PDTable3\" class=\"ProductDetailTableView v3a v3 bs-view dcon dc177 PDTable3\" >\n<table>\n<thead><\/thead>\n<tbody>\n<tr class=\"attribute attr_bsshop_maker\">\n<td class=\"caption\">V\u00fdrobce<\/td>\n<td class=\"value\">Makita, spol. s r.o.<\/td>\n<\/tr>\n<tr class=\"attribute attr_A001\">\n<td class=\"caption\">rozm\u011br <\/td>\n<td class=\"value\">281 x 80 x 224 mm<\/td>\n<\/tr>\n<tr class=\"attribute attr_A0022\">\n<td class=\"caption\">hmotnost<\/td>\n<td class=\"value\">1,5 kg<\/td>\n<\/tr>\n<tr class=\"attribute attr_AA039\">\n<td class=\"caption\">akumul\u00e1tor<\/td>\n<td class=\"value\">Li-Ion 18 V<\/td>\n<\/tr>\n<\/tbody>\n<\/table>\n<\/div>\n<\/div>\n<div id=\"PDDescription2\" class=\"UserContentView userContent v1a v1 bs-view dcon dc154 PDDescription2\" >\n<p><strong><span style=\"color: #ff0000;\">Cena je uvedena v\u010detn\u011b recykla\u010dn\u00edho poplatku.<\/span><\/strong><\/p>\n<\/div><\/div>\n<\/div>\n<div id=\"e3208471\" class=\"tabs\">\n","protected":false},"excerpt":{"rendered":"<p>Aku \u0161roubov\u00e1k Makita DFS452Z bez aku a nab\u00edje\u010dky Aku \u0161roubov\u00e1k Makita DFS452Z s bezuhl\u00edkov\u00fdm motorem poskytuje v\u00fdkon srovnateln\u00fd s elektrick\u00fdm \u0161roubov\u00e1kem. Kompaktn\u00ed a ergonomick\u00fd design zaji\u0161\u0165uje pohodlnou manipulaci, zat\u00edmco LED osv\u011btlen\u00ed s funkc\u00ed dosvitu zlep\u0161uje viditelnost. Bez akumul\u00e1toru, nab\u00edje\u010dky a kufru. \u00a0 V\u00fdhody \u0161roubov\u00e1ku Makita DFS452Z Bezuhl\u00edkov\u00fd motor pro del\u0161\u00ed provoz na jedno nabit\u00ed V\u00fdkon [&hellip;]<\/p>\n","protected":false},"featured_media":17018,"comment_status":"open","ping_status":"open","template":"","meta":[],"product_brand":[],"product_cat":[86],"product_tag":[],"class_list":{"0":"post-16918","1":"product","2":"type-product","3":"status-publish","4":"has-post-thumbnail","6":"product_cat-n-193-rad-205","8":"first","9":"instock","10":"sale","11":"shipping-taxable","12":"purchasable","13":"product-type-simple"},"yoast_head":"<!-- This site is optimized with the Yoast SEO plugin v26.8 - https:\/\/yoast.com\/product\/yoast-seo-wordpress\/ -->\n<title>Nejlep\u0161\u00ed Cena \u0160roubov\u00e1k Makita DFS452Z -<\/title>\n<meta name=\"robots\" content=\"index, follow, max-snippet:-1, max-image-preview:large, max-video-preview:-1\" \/>\n<link rel=\"canonical\" href=\"https:\/\/www.domtechnikpro.com\/index.php\/produkt\/nejlepsi-cena-sroubovak-makita-dfs452z-16918\/\" \/>\n<meta property=\"og:locale\" content=\"cs_CZ\" \/>\n<meta property=\"og:type\" content=\"article\" \/>\n<meta property=\"og:title\" content=\"Nejlep\u0161\u00ed Cena \u0160roubov\u00e1k Makita DFS452Z -\" \/>\n<meta property=\"og:description\" content=\"Aku \u0161roubov\u00e1k Makita DFS452Z bez aku a nab\u00edje\u010dky Aku \u0161roubov\u00e1k Makita DFS452Z s bezuhl\u00edkov\u00fdm motorem poskytuje v\u00fdkon srovnateln\u00fd s elektrick\u00fdm \u0161roubov\u00e1kem. Kompaktn\u00ed a ergonomick\u00fd design zaji\u0161\u0165uje pohodlnou manipulaci, zat\u00edmco LED osv\u011btlen\u00ed s funkc\u00ed dosvitu zlep\u0161uje viditelnost. Bez akumul\u00e1toru, nab\u00edje\u010dky a kufru. \u00a0 V\u00fdhody \u0161roubov\u00e1ku Makita DFS452Z Bezuhl\u00edkov\u00fd motor pro del\u0161\u00ed provoz na jedno nabit\u00ed V\u00fdkon [&hellip;]\" \/>\n<meta property=\"og:url\" content=\"https:\/\/www.domtechnikpro.com\/index.php\/produkt\/nejlepsi-cena-sroubovak-makita-dfs452z-16918\/\" \/>\n<meta property=\"og:image\" content=\"https:\/\/www.domtechnikpro.com\/wp-content\/uploads\/2026\/SK0002533-CZ20260425-091908-0-1777079948-sroubovak-makita-dfs452z.webp\" \/>\n\t<meta property=\"og:image:width\" content=\"1000\" \/>\n\t<meta property=\"og:image:height\" content=\"525\" \/>\n\t<meta property=\"og:image:type\" content=\"image\/webp\" \/>\n<meta name=\"twitter:card\" content=\"summary_large_image\" \/>\n<meta name=\"twitter:label1\" content=\"Odhadovan\u00e1 doba \u010dten\u00ed\" \/>\n\t<meta name=\"twitter:data1\" content=\"1 minuta\" \/>\n<script type=\"application\/ld+json\" class=\"yoast-schema-graph\">{\"@context\":\"https:\/\/schema.org\",\"@graph\":[{\"@type\":\"WebPage\",\"@id\":\"https:\/\/www.domtechnikpro.com\/index.php\/produkt\/nejlepsi-cena-sroubovak-makita-dfs452z-16918\/\",\"url\":\"https:\/\/www.domtechnikpro.com\/index.php\/produkt\/nejlepsi-cena-sroubovak-makita-dfs452z-16918\/\",\"name\":\"Nejlep\u0161\u00ed Cena \u0160roubov\u00e1k Makita DFS452Z -\",\"isPartOf\":{\"@id\":\"https:\/\/www.domtechnikpro.com\/#website\"},\"primaryImageOfPage\":{\"@id\":\"https:\/\/www.domtechnikpro.com\/index.php\/produkt\/nejlepsi-cena-sroubovak-makita-dfs452z-16918\/#primaryimage\"},\"image\":{\"@id\":\"https:\/\/www.domtechnikpro.com\/index.php\/produkt\/nejlepsi-cena-sroubovak-makita-dfs452z-16918\/#primaryimage\"},\"thumbnailUrl\":\"https:\/\/www.domtechnikpro.com\/wp-content\/uploads\/2026\/SK0002533-CZ20260425-091908-0-1777079948-sroubovak-makita-dfs452z.webp\",\"datePublished\":\"2026-04-26T08:54:13+00:00\",\"breadcrumb\":{\"@id\":\"https:\/\/www.domtechnikpro.com\/index.php\/produkt\/nejlepsi-cena-sroubovak-makita-dfs452z-16918\/#breadcrumb\"},\"inLanguage\":\"cs\",\"potentialAction\":[{\"@type\":\"ReadAction\",\"target\":[\"https:\/\/www.domtechnikpro.com\/index.php\/produkt\/nejlepsi-cena-sroubovak-makita-dfs452z-16918\/\"]}]},{\"@type\":\"ImageObject\",\"inLanguage\":\"cs\",\"@id\":\"https:\/\/www.domtechnikpro.com\/index.php\/produkt\/nejlepsi-cena-sroubovak-makita-dfs452z-16918\/#primaryimage\",\"url\":\"https:\/\/www.domtechnikpro.com\/wp-content\/uploads\/2026\/SK0002533-CZ20260425-091908-0-1777079948-sroubovak-makita-dfs452z.webp\",\"contentUrl\":\"https:\/\/www.domtechnikpro.com\/wp-content\/uploads\/2026\/SK0002533-CZ20260425-091908-0-1777079948-sroubovak-makita-dfs452z.webp\",\"width\":1000,\"height\":525},{\"@type\":\"BreadcrumbList\",\"@id\":\"https:\/\/www.domtechnikpro.com\/index.php\/produkt\/nejlepsi-cena-sroubovak-makita-dfs452z-16918\/#breadcrumb\",\"itemListElement\":[{\"@type\":\"ListItem\",\"position\":1,\"name\":\"Home\",\"item\":\"https:\/\/www.domtechnikpro.com\/\"},{\"@type\":\"ListItem\",\"position\":2,\"name\":\"Products\",\"item\":\"https:\/\/www.domtechnikpro.com\/index.php\/products\/\"},{\"@type\":\"ListItem\",\"position\":3,\"name\":\"Nejlep\u0161\u00ed Cena \u0160roubov\u00e1k Makita DFS452Z\"}]},{\"@type\":\"WebSite\",\"@id\":\"https:\/\/www.domtechnikpro.com\/#website\",\"url\":\"https:\/\/www.domtechnikpro.com\/\",\"name\":\"\",\"description\":\"\",\"potentialAction\":[{\"@type\":\"SearchAction\",\"target\":{\"@type\":\"EntryPoint\",\"urlTemplate\":\"https:\/\/www.domtechnikpro.com\/?s={search_term_string}\"},\"query-input\":{\"@type\":\"PropertyValueSpecification\",\"valueRequired\":true,\"valueName\":\"search_term_string\"}}],\"inLanguage\":\"cs\"}]}<\/script>\n<!-- \/ Yoast SEO plugin. -->","yoast_head_json":{"title":"Nejlep\u0161\u00ed Cena \u0160roubov\u00e1k Makita DFS452Z -","robots":{"index":"index","follow":"follow","max-snippet":"max-snippet:-1","max-image-preview":"max-image-preview:large","max-video-preview":"max-video-preview:-1"},"canonical":"https:\/\/www.domtechnikpro.com\/index.php\/produkt\/nejlepsi-cena-sroubovak-makita-dfs452z-16918\/","og_locale":"cs_CZ","og_type":"article","og_title":"Nejlep\u0161\u00ed Cena \u0160roubov\u00e1k Makita DFS452Z -","og_description":"Aku \u0161roubov\u00e1k Makita DFS452Z bez aku a nab\u00edje\u010dky Aku \u0161roubov\u00e1k Makita DFS452Z s bezuhl\u00edkov\u00fdm motorem poskytuje v\u00fdkon srovnateln\u00fd s elektrick\u00fdm \u0161roubov\u00e1kem. Kompaktn\u00ed a ergonomick\u00fd design zaji\u0161\u0165uje pohodlnou manipulaci, zat\u00edmco LED osv\u011btlen\u00ed s funkc\u00ed dosvitu zlep\u0161uje viditelnost. Bez akumul\u00e1toru, nab\u00edje\u010dky a kufru. \u00a0 V\u00fdhody \u0161roubov\u00e1ku Makita DFS452Z Bezuhl\u00edkov\u00fd motor pro del\u0161\u00ed provoz na jedno nabit\u00ed V\u00fdkon [&hellip;]","og_url":"https:\/\/www.domtechnikpro.com\/index.php\/produkt\/nejlepsi-cena-sroubovak-makita-dfs452z-16918\/","og_image":[{"width":1000,"height":525,"url":"https:\/\/www.domtechnikpro.com\/wp-content\/uploads\/2026\/SK0002533-CZ20260425-091908-0-1777079948-sroubovak-makita-dfs452z.webp","type":"image\/webp"}],"twitter_card":"summary_large_image","twitter_misc":{"Odhadovan\u00e1 doba \u010dten\u00ed":"1 minuta"},"schema":{"@context":"https:\/\/schema.org","@graph":[{"@type":"WebPage","@id":"https:\/\/www.domtechnikpro.com\/index.php\/produkt\/nejlepsi-cena-sroubovak-makita-dfs452z-16918\/","url":"https:\/\/www.domtechnikpro.com\/index.php\/produkt\/nejlepsi-cena-sroubovak-makita-dfs452z-16918\/","name":"Nejlep\u0161\u00ed Cena \u0160roubov\u00e1k Makita DFS452Z -","isPartOf":{"@id":"https:\/\/www.domtechnikpro.com\/#website"},"primaryImageOfPage":{"@id":"https:\/\/www.domtechnikpro.com\/index.php\/produkt\/nejlepsi-cena-sroubovak-makita-dfs452z-16918\/#primaryimage"},"image":{"@id":"https:\/\/www.domtechnikpro.com\/index.php\/produkt\/nejlepsi-cena-sroubovak-makita-dfs452z-16918\/#primaryimage"},"thumbnailUrl":"https:\/\/www.domtechnikpro.com\/wp-content\/uploads\/2026\/SK0002533-CZ20260425-091908-0-1777079948-sroubovak-makita-dfs452z.webp","datePublished":"2026-04-26T08:54:13+00:00","breadcrumb":{"@id":"https:\/\/www.domtechnikpro.com\/index.php\/produkt\/nejlepsi-cena-sroubovak-makita-dfs452z-16918\/#breadcrumb"},"inLanguage":"cs","potentialAction":[{"@type":"ReadAction","target":["https:\/\/www.domtechnikpro.com\/index.php\/produkt\/nejlepsi-cena-sroubovak-makita-dfs452z-16918\/"]}]},{"@type":"ImageObject","inLanguage":"cs","@id":"https:\/\/www.domtechnikpro.com\/index.php\/produkt\/nejlepsi-cena-sroubovak-makita-dfs452z-16918\/#primaryimage","url":"https:\/\/www.domtechnikpro.com\/wp-content\/uploads\/2026\/SK0002533-CZ20260425-091908-0-1777079948-sroubovak-makita-dfs452z.webp","contentUrl":"https:\/\/www.domtechnikpro.com\/wp-content\/uploads\/2026\/SK0002533-CZ20260425-091908-0-1777079948-sroubovak-makita-dfs452z.webp","width":1000,"height":525},{"@type":"BreadcrumbList","@id":"https:\/\/www.domtechnikpro.com\/index.php\/produkt\/nejlepsi-cena-sroubovak-makita-dfs452z-16918\/#breadcrumb","itemListElement":[{"@type":"ListItem","position":1,"name":"Home","item":"https:\/\/www.domtechnikpro.com\/"},{"@type":"ListItem","position":2,"name":"Products","item":"https:\/\/www.domtechnikpro.com\/index.php\/products\/"},{"@type":"ListItem","position":3,"name":"Nejlep\u0161\u00ed Cena \u0160roubov\u00e1k Makita DFS452Z"}]},{"@type":"WebSite","@id":"https:\/\/www.domtechnikpro.com\/#website","url":"https:\/\/www.domtechnikpro.com\/","name":"","description":"","potentialAction":[{"@type":"SearchAction","target":{"@type":"EntryPoint","urlTemplate":"https:\/\/www.domtechnikpro.com\/?s={search_term_string}"},"query-input":{"@type":"PropertyValueSpecification","valueRequired":true,"valueName":"search_term_string"}}],"inLanguage":"cs"}]}},"_links":{"self":[{"href":"https:\/\/www.domtechnikpro.com\/index.php\/wp-json\/wp\/v2\/product\/16918","targetHints":{"allow":["GET"]}}],"collection":[{"href":"https:\/\/www.domtechnikpro.com\/index.php\/wp-json\/wp\/v2\/product"}],"about":[{"href":"https:\/\/www.domtechnikpro.com\/index.php\/wp-json\/wp\/v2\/types\/product"}],"replies":[{"embeddable":true,"href":"https:\/\/www.domtechnikpro.com\/index.php\/wp-json\/wp\/v2\/comments?post=16918"}],"wp:featuredmedia":[{"embeddable":true,"href":"https:\/\/www.domtechnikpro.com\/index.php\/wp-json\/wp\/v2\/media\/17018"}],"wp:attachment":[{"href":"https:\/\/www.domtechnikpro.com\/index.php\/wp-json\/wp\/v2\/media?parent=16918"}],"wp:term":[{"taxonomy":"product_brand","embeddable":true,"href":"https:\/\/www.domtechnikpro.com\/index.php\/wp-json\/wp\/v2\/product_brand?post=16918"},{"taxonomy":"product_cat","embeddable":true,"href":"https:\/\/www.domtechnikpro.com\/index.php\/wp-json\/wp\/v2\/product_cat?post=16918"},{"taxonomy":"product_tag","embeddable":true,"href":"https:\/\/www.domtechnikpro.com\/index.php\/wp-json\/wp\/v2\/product_tag?post=16918"}],"curies":[{"name":"wp","href":"https:\/\/api.w.org\/{rel}","templated":true}]}}