{"id":16915,"date":"2026-04-26T08:54:13","date_gmt":"2026-04-26T08:54:13","guid":{"rendered":""},"modified":"2026-04-26T08:54:13","modified_gmt":"2026-04-26T08:54:13","slug":"makita-dga504z-bruska-uhlova-kup-ted-16915","status":"publish","type":"product","link":"https:\/\/www.domtechnikpro.com\/index.php\/produkt\/makita-dga504z-bruska-uhlova-kup-ted-16915\/","title":{"rendered":"Makita DGA504Z Bruska \u00fahlov\u00e1 Kup Te\u010f"},"content":{"rendered":"<h2>\u00dahlov\u00e1 Aku bruska Makita DGA504Z 125mm bez aku a nab\u00edje\u010dky<\/h2>\n<p><strong>Aku \u00fahlov\u00e1 bruska Makita DGA504Z<\/strong> s pr\u016fm\u011brem<strong> 125 mm<\/strong> a bezuhl\u00edkov\u00fdm motorem poskytuje vy\u0161\u0161\u00ed v\u00fdkon a del\u0161\u00ed v\u00fddr\u017e na jedno nabit\u00ed. Technologie XPT umo\u017e\u0148uje pou\u017eit\u00ed v pra\u0161n\u00e9m \u010di vlhk\u00e9m prost\u0159ed\u00ed. Bruska <strong>m\u00e1 elektronickou kontrolu ot\u00e1\u010dek <\/strong>a signalizaci stavu nabit\u00ed akumul\u00e1toru. Bez akumul\u00e1toru a nab\u00edje\u010dky.<\/p>\n<p>\u00a0<\/p>\n<h2>V\u00fdhody brusky Makita DGA504Z<\/h2>\n<ul>\n<li>Technologie XPT pro pou\u017eit\u00ed v n\u00e1ro\u010dn\u00fdch podm\u00ednk\u00e1ch<\/li>\n<li>Bezuhl\u00edkov\u00fd motor pro del\u0161\u00ed v\u00fddr\u017e<\/li>\n<li>Elektronick\u00e1 kontrola ot\u00e1\u010dek podle zat\u00ed\u017een\u00ed<\/li>\n<li>Signalizace stavu nabit\u00ed akumul\u00e1toru<\/li>\n<li>Kompaktn\u00ed design pro snadn\u00e9 uchopen\u00ed<\/li>\n<\/ul>\n<h2>K \u010demu se pou\u017e\u00edv\u00e1 Makita bruska DGA504Z<\/h2>\n<p>Aku \u00fahlov\u00e1 bruska Makita DGA504Z je ide\u00e1ln\u00ed pro pr\u00e1ce v prost\u0159ed\u00ed se zv\u00fd\u0161enou pra\u0161nost\u00ed nebo vlhkost\u00ed. Umo\u017e\u0148uje precizn\u00ed \u0159ez\u00e1n\u00ed a brou\u0161en\u00ed s elektronickou kontrolou ot\u00e1\u010dek a bezuhl\u00edkov\u00fdm motorem, kter\u00fd zaji\u0161\u0165uje efektivn\u00ed v\u00fdkon p\u0159i r\u016fzn\u00fdch \u00fakolech.<\/p>\n<p>\u00a0<\/p>\n<h3>Kl\u00ed\u010dov\u00e9 vlastnosti a parametry produktu Bruska Makita DGA504Z<\/h3>\n<p><span style=\"text-decoration: none; font-weight: bold; color: #ff0000;\">Dopravu nacen\u00edme dle V\u00e1mi po\u017eadovan\u00e9ho mno\u017estv\u00ed a m\u00edsta ur\u010den\u00ed.<br \/><\/span><\/p>\n<p><span style=\"text-decoration: none; font-weight: bold; color: #ff0000;\">Pro osobn\u00ed odb\u011br vy\u017eadujeme objedn\u00e1vku potvrzenou prodejcem.<\/span><\/p>\n<p><strong>V balen\u00ed:<br \/><\/strong>Kryt kotou\u010de (123145-8)<br \/>Bo\u010dn\u00ed rukoje\u0165 (158237-4)<br \/>Vnit\u0159n\u00ed \u0161roub (224415-9)<br \/>Matice (224554-5)<br \/>Kl\u00ed\u010d k \u00fahlov\u00e9 brusce (782423-1)<\/p>\n<div id=\"PDTable3\" class=\"ProductDetailTableView v3a v3 bs-view dcon dc177 PDTable3\" >\n<table>\n<thead><\/thead>\n<tbody>\n<tr class=\"attribute attr_bsshop_maker\">\n<td class=\"caption\">V\u00fdrobce<\/td>\n<td class=\"value\">Makita, spol. s r.o.<\/td>\n<\/tr>\n<tr class=\"attribute attr_A001\">\n<td class=\"caption\">rozm\u011br <\/td>\n<td class=\"value\">362 x 140 x 145 mm<\/td>\n<\/tr>\n<tr class=\"attribute attr_A0022\">\n<td class=\"caption\">hmotnost<\/td>\n<td class=\"value\">2,5 kg<\/td>\n<\/tr>\n<tr class=\"attribute attr_A0029\">\n<td class=\"caption\">pr\u016fm\u011br<\/td>\n<td class=\"value\">kotou\u010d 125 mm<\/td>\n<\/tr>\n<tr class=\"attribute attr_AA039\">\n<td class=\"caption\">akumul\u00e1tor<\/td>\n<td class=\"value\">Li-Ion 18V<\/td>\n<\/tr>\n<\/tbody>\n<\/table>\n<\/div>\n<\/div>\n<div id=\"PDDescription2\" class=\"UserContentView userContent v1a v1 bs-view dcon dc154 PDDescription2\" >\n<p><strong><span style=\"color: #ff0000;\">Cena je uvedena v\u010detn\u011b recykla\u010dn\u00edho poplatku.<\/span><\/strong><\/p>\n<\/div><\/div>\n<div id=\"PDImages\" class=\"ProductDetailImageView v2a v2 bs-view dcon dc172 PDImages\" >\n<div class=\"imageList\">\n<div class=\"items\">\n<div class=\"item\"><span class=\"description\">Aku &#250;hlov&#225; bruska Makita DGA504Z 125 mm s bezuhl&#237;kov&#253;m motorem, technologie XPT, bez akumul&#225;toru.<\/span><\/div>\n<div class=\"item\"><span class=\"description\">Makita DGA504Z Bruska &#250;hlov&#225;<\/span><\/div>\n<\/div>\n<\/div>\n<\/div>\n<\/div>\n<div id=\"e3208232\" class=\"tabs\">\n","protected":false},"excerpt":{"rendered":"<p>\u00dahlov\u00e1 Aku bruska Makita DGA504Z 125mm bez aku a nab\u00edje\u010dky Aku \u00fahlov\u00e1 bruska Makita DGA504Z s pr\u016fm\u011brem 125 mm a bezuhl\u00edkov\u00fdm motorem poskytuje vy\u0161\u0161\u00ed v\u00fdkon a del\u0161\u00ed v\u00fddr\u017e na jedno nabit\u00ed. Technologie XPT umo\u017e\u0148uje pou\u017eit\u00ed v pra\u0161n\u00e9m \u010di vlhk\u00e9m prost\u0159ed\u00ed. Bruska m\u00e1 elektronickou kontrolu ot\u00e1\u010dek a signalizaci stavu nabit\u00ed akumul\u00e1toru. Bez akumul\u00e1toru a nab\u00edje\u010dky. \u00a0 [&hellip;]<\/p>\n","protected":false},"featured_media":17015,"comment_status":"open","ping_status":"open","template":"","meta":[],"product_brand":[],"product_cat":[86],"product_tag":[],"class_list":{"0":"post-16915","1":"product","2":"type-product","3":"status-publish","4":"has-post-thumbnail","6":"product_cat-n-193-rad-205","8":"first","9":"instock","10":"sale","11":"shipping-taxable","12":"purchasable","13":"product-type-simple"},"yoast_head":"<!-- This site is optimized with the Yoast SEO plugin v26.8 - https:\/\/yoast.com\/product\/yoast-seo-wordpress\/ -->\n<title>Makita DGA504Z Bruska \u00fahlov\u00e1 Kup Te\u010f -<\/title>\n<meta name=\"robots\" content=\"index, follow, max-snippet:-1, max-image-preview:large, max-video-preview:-1\" \/>\n<link rel=\"canonical\" href=\"https:\/\/www.domtechnikpro.com\/index.php\/produkt\/makita-dga504z-bruska-uhlova-kup-ted-16915\/\" \/>\n<meta property=\"og:locale\" content=\"cs_CZ\" \/>\n<meta property=\"og:type\" content=\"article\" \/>\n<meta property=\"og:title\" content=\"Makita DGA504Z Bruska \u00fahlov\u00e1 Kup Te\u010f -\" \/>\n<meta property=\"og:description\" content=\"\u00dahlov\u00e1 Aku bruska Makita DGA504Z 125mm bez aku a nab\u00edje\u010dky Aku \u00fahlov\u00e1 bruska Makita DGA504Z s pr\u016fm\u011brem 125 mm a bezuhl\u00edkov\u00fdm motorem poskytuje vy\u0161\u0161\u00ed v\u00fdkon a del\u0161\u00ed v\u00fddr\u017e na jedno nabit\u00ed. Technologie XPT umo\u017e\u0148uje pou\u017eit\u00ed v pra\u0161n\u00e9m \u010di vlhk\u00e9m prost\u0159ed\u00ed. Bruska m\u00e1 elektronickou kontrolu ot\u00e1\u010dek a signalizaci stavu nabit\u00ed akumul\u00e1toru. Bez akumul\u00e1toru a nab\u00edje\u010dky. \u00a0 [&hellip;]\" \/>\n<meta property=\"og:url\" content=\"https:\/\/www.domtechnikpro.com\/index.php\/produkt\/makita-dga504z-bruska-uhlova-kup-ted-16915\/\" \/>\n<meta property=\"og:image\" content=\"https:\/\/www.domtechnikpro.com\/wp-content\/uploads\/2026\/SK0002530-CZ20260425-091908-0-1777079948-makita-dga504z-bruska-uhlova.webp\" \/>\n\t<meta property=\"og:image:width\" content=\"1000\" \/>\n\t<meta property=\"og:image:height\" content=\"525\" \/>\n\t<meta property=\"og:image:type\" content=\"image\/webp\" \/>\n<meta name=\"twitter:card\" content=\"summary_large_image\" \/>\n<meta name=\"twitter:label1\" content=\"Odhadovan\u00e1 doba \u010dten\u00ed\" \/>\n\t<meta name=\"twitter:data1\" content=\"1 minuta\" \/>\n<script type=\"application\/ld+json\" class=\"yoast-schema-graph\">{\"@context\":\"https:\/\/schema.org\",\"@graph\":[{\"@type\":\"WebPage\",\"@id\":\"https:\/\/www.domtechnikpro.com\/index.php\/produkt\/makita-dga504z-bruska-uhlova-kup-ted-16915\/\",\"url\":\"https:\/\/www.domtechnikpro.com\/index.php\/produkt\/makita-dga504z-bruska-uhlova-kup-ted-16915\/\",\"name\":\"Makita DGA504Z Bruska \u00fahlov\u00e1 Kup Te\u010f -\",\"isPartOf\":{\"@id\":\"https:\/\/www.domtechnikpro.com\/#website\"},\"primaryImageOfPage\":{\"@id\":\"https:\/\/www.domtechnikpro.com\/index.php\/produkt\/makita-dga504z-bruska-uhlova-kup-ted-16915\/#primaryimage\"},\"image\":{\"@id\":\"https:\/\/www.domtechnikpro.com\/index.php\/produkt\/makita-dga504z-bruska-uhlova-kup-ted-16915\/#primaryimage\"},\"thumbnailUrl\":\"https:\/\/www.domtechnikpro.com\/wp-content\/uploads\/2026\/SK0002530-CZ20260425-091908-0-1777079948-makita-dga504z-bruska-uhlova.webp\",\"datePublished\":\"2026-04-26T08:54:13+00:00\",\"breadcrumb\":{\"@id\":\"https:\/\/www.domtechnikpro.com\/index.php\/produkt\/makita-dga504z-bruska-uhlova-kup-ted-16915\/#breadcrumb\"},\"inLanguage\":\"cs\",\"potentialAction\":[{\"@type\":\"ReadAction\",\"target\":[\"https:\/\/www.domtechnikpro.com\/index.php\/produkt\/makita-dga504z-bruska-uhlova-kup-ted-16915\/\"]}]},{\"@type\":\"ImageObject\",\"inLanguage\":\"cs\",\"@id\":\"https:\/\/www.domtechnikpro.com\/index.php\/produkt\/makita-dga504z-bruska-uhlova-kup-ted-16915\/#primaryimage\",\"url\":\"https:\/\/www.domtechnikpro.com\/wp-content\/uploads\/2026\/SK0002530-CZ20260425-091908-0-1777079948-makita-dga504z-bruska-uhlova.webp\",\"contentUrl\":\"https:\/\/www.domtechnikpro.com\/wp-content\/uploads\/2026\/SK0002530-CZ20260425-091908-0-1777079948-makita-dga504z-bruska-uhlova.webp\",\"width\":1000,\"height\":525},{\"@type\":\"BreadcrumbList\",\"@id\":\"https:\/\/www.domtechnikpro.com\/index.php\/produkt\/makita-dga504z-bruska-uhlova-kup-ted-16915\/#breadcrumb\",\"itemListElement\":[{\"@type\":\"ListItem\",\"position\":1,\"name\":\"Home\",\"item\":\"https:\/\/www.domtechnikpro.com\/\"},{\"@type\":\"ListItem\",\"position\":2,\"name\":\"Products\",\"item\":\"https:\/\/www.domtechnikpro.com\/index.php\/products\/\"},{\"@type\":\"ListItem\",\"position\":3,\"name\":\"Makita DGA504Z Bruska \u00fahlov\u00e1 Kup Te\u010f\"}]},{\"@type\":\"WebSite\",\"@id\":\"https:\/\/www.domtechnikpro.com\/#website\",\"url\":\"https:\/\/www.domtechnikpro.com\/\",\"name\":\"\",\"description\":\"\",\"potentialAction\":[{\"@type\":\"SearchAction\",\"target\":{\"@type\":\"EntryPoint\",\"urlTemplate\":\"https:\/\/www.domtechnikpro.com\/?s={search_term_string}\"},\"query-input\":{\"@type\":\"PropertyValueSpecification\",\"valueRequired\":true,\"valueName\":\"search_term_string\"}}],\"inLanguage\":\"cs\"}]}<\/script>\n<!-- \/ Yoast SEO plugin. -->","yoast_head_json":{"title":"Makita DGA504Z Bruska \u00fahlov\u00e1 Kup Te\u010f -","robots":{"index":"index","follow":"follow","max-snippet":"max-snippet:-1","max-image-preview":"max-image-preview:large","max-video-preview":"max-video-preview:-1"},"canonical":"https:\/\/www.domtechnikpro.com\/index.php\/produkt\/makita-dga504z-bruska-uhlova-kup-ted-16915\/","og_locale":"cs_CZ","og_type":"article","og_title":"Makita DGA504Z Bruska \u00fahlov\u00e1 Kup Te\u010f -","og_description":"\u00dahlov\u00e1 Aku bruska Makita DGA504Z 125mm bez aku a nab\u00edje\u010dky Aku \u00fahlov\u00e1 bruska Makita DGA504Z s pr\u016fm\u011brem 125 mm a bezuhl\u00edkov\u00fdm motorem poskytuje vy\u0161\u0161\u00ed v\u00fdkon a del\u0161\u00ed v\u00fddr\u017e na jedno nabit\u00ed. Technologie XPT umo\u017e\u0148uje pou\u017eit\u00ed v pra\u0161n\u00e9m \u010di vlhk\u00e9m prost\u0159ed\u00ed. Bruska m\u00e1 elektronickou kontrolu ot\u00e1\u010dek a signalizaci stavu nabit\u00ed akumul\u00e1toru. Bez akumul\u00e1toru a nab\u00edje\u010dky. \u00a0 [&hellip;]","og_url":"https:\/\/www.domtechnikpro.com\/index.php\/produkt\/makita-dga504z-bruska-uhlova-kup-ted-16915\/","og_image":[{"width":1000,"height":525,"url":"https:\/\/www.domtechnikpro.com\/wp-content\/uploads\/2026\/SK0002530-CZ20260425-091908-0-1777079948-makita-dga504z-bruska-uhlova.webp","type":"image\/webp"}],"twitter_card":"summary_large_image","twitter_misc":{"Odhadovan\u00e1 doba \u010dten\u00ed":"1 minuta"},"schema":{"@context":"https:\/\/schema.org","@graph":[{"@type":"WebPage","@id":"https:\/\/www.domtechnikpro.com\/index.php\/produkt\/makita-dga504z-bruska-uhlova-kup-ted-16915\/","url":"https:\/\/www.domtechnikpro.com\/index.php\/produkt\/makita-dga504z-bruska-uhlova-kup-ted-16915\/","name":"Makita DGA504Z Bruska \u00fahlov\u00e1 Kup Te\u010f -","isPartOf":{"@id":"https:\/\/www.domtechnikpro.com\/#website"},"primaryImageOfPage":{"@id":"https:\/\/www.domtechnikpro.com\/index.php\/produkt\/makita-dga504z-bruska-uhlova-kup-ted-16915\/#primaryimage"},"image":{"@id":"https:\/\/www.domtechnikpro.com\/index.php\/produkt\/makita-dga504z-bruska-uhlova-kup-ted-16915\/#primaryimage"},"thumbnailUrl":"https:\/\/www.domtechnikpro.com\/wp-content\/uploads\/2026\/SK0002530-CZ20260425-091908-0-1777079948-makita-dga504z-bruska-uhlova.webp","datePublished":"2026-04-26T08:54:13+00:00","breadcrumb":{"@id":"https:\/\/www.domtechnikpro.com\/index.php\/produkt\/makita-dga504z-bruska-uhlova-kup-ted-16915\/#breadcrumb"},"inLanguage":"cs","potentialAction":[{"@type":"ReadAction","target":["https:\/\/www.domtechnikpro.com\/index.php\/produkt\/makita-dga504z-bruska-uhlova-kup-ted-16915\/"]}]},{"@type":"ImageObject","inLanguage":"cs","@id":"https:\/\/www.domtechnikpro.com\/index.php\/produkt\/makita-dga504z-bruska-uhlova-kup-ted-16915\/#primaryimage","url":"https:\/\/www.domtechnikpro.com\/wp-content\/uploads\/2026\/SK0002530-CZ20260425-091908-0-1777079948-makita-dga504z-bruska-uhlova.webp","contentUrl":"https:\/\/www.domtechnikpro.com\/wp-content\/uploads\/2026\/SK0002530-CZ20260425-091908-0-1777079948-makita-dga504z-bruska-uhlova.webp","width":1000,"height":525},{"@type":"BreadcrumbList","@id":"https:\/\/www.domtechnikpro.com\/index.php\/produkt\/makita-dga504z-bruska-uhlova-kup-ted-16915\/#breadcrumb","itemListElement":[{"@type":"ListItem","position":1,"name":"Home","item":"https:\/\/www.domtechnikpro.com\/"},{"@type":"ListItem","position":2,"name":"Products","item":"https:\/\/www.domtechnikpro.com\/index.php\/products\/"},{"@type":"ListItem","position":3,"name":"Makita DGA504Z Bruska \u00fahlov\u00e1 Kup Te\u010f"}]},{"@type":"WebSite","@id":"https:\/\/www.domtechnikpro.com\/#website","url":"https:\/\/www.domtechnikpro.com\/","name":"","description":"","potentialAction":[{"@type":"SearchAction","target":{"@type":"EntryPoint","urlTemplate":"https:\/\/www.domtechnikpro.com\/?s={search_term_string}"},"query-input":{"@type":"PropertyValueSpecification","valueRequired":true,"valueName":"search_term_string"}}],"inLanguage":"cs"}]}},"_links":{"self":[{"href":"https:\/\/www.domtechnikpro.com\/index.php\/wp-json\/wp\/v2\/product\/16915","targetHints":{"allow":["GET"]}}],"collection":[{"href":"https:\/\/www.domtechnikpro.com\/index.php\/wp-json\/wp\/v2\/product"}],"about":[{"href":"https:\/\/www.domtechnikpro.com\/index.php\/wp-json\/wp\/v2\/types\/product"}],"replies":[{"embeddable":true,"href":"https:\/\/www.domtechnikpro.com\/index.php\/wp-json\/wp\/v2\/comments?post=16915"}],"wp:featuredmedia":[{"embeddable":true,"href":"https:\/\/www.domtechnikpro.com\/index.php\/wp-json\/wp\/v2\/media\/17015"}],"wp:attachment":[{"href":"https:\/\/www.domtechnikpro.com\/index.php\/wp-json\/wp\/v2\/media?parent=16915"}],"wp:term":[{"taxonomy":"product_brand","embeddable":true,"href":"https:\/\/www.domtechnikpro.com\/index.php\/wp-json\/wp\/v2\/product_brand?post=16915"},{"taxonomy":"product_cat","embeddable":true,"href":"https:\/\/www.domtechnikpro.com\/index.php\/wp-json\/wp\/v2\/product_cat?post=16915"},{"taxonomy":"product_tag","embeddable":true,"href":"https:\/\/www.domtechnikpro.com\/index.php\/wp-json\/wp\/v2\/product_tag?post=16915"}],"curies":[{"name":"wp","href":"https:\/\/api.w.org\/{rel}","templated":true}]}}