{"id":15157,"date":"2026-04-26T08:53:53","date_gmt":"2026-04-26T08:53:53","guid":{"rendered":""},"modified":"2026-04-26T08:53:53","modified_gmt":"2026-04-26T08:53:53","slug":"znackovy-spony-velox-sada-ab-es-oboustranna-bv-pro-zed-300-mm-10-ks-15157","status":"publish","type":"product","link":"https:\/\/www.domtechnikpro.com\/index.php\/produkt\/znackovy-spony-velox-sada-ab-es-oboustranna-bv-pro-zed-300-mm-10-ks-15157\/","title":{"rendered":"Zna\u010dkov\u00fd Spony Velox sada AB+ES oboustrann\u00e1 BV pro ze\u010f 300\u00a0mm 10\u00a0ks"},"content":{"rendered":"<div class=\"content-actual\">\n<p>Soustava spojovac\u00edch spon s nava\u0159en\u00fdmi distan\u010dn\u00edmi p\u0159\u00ed\u010dkami zaji\u0161\u0165uje\u00a0vz\u00e1jemnou fixaci polohy desek vn\u011bj\u0161\u00edho a vnit\u0159n\u00edho bedn\u011bn\u00ed st\u011bn.\u00a0Oboustrann\u00e9 spony se umis\u0165uj\u00ed pr\u016fb\u011b\u017en\u011b p\u0159i kladen\u00ed a svazov\u00e1n\u00ed jednotliv\u00fdch desek bedn\u011bn\u00ed st\u011bny\u00a0v lo\u017en\u00fdch sp\u00e1r\u00e1ch. Jedna sada spon AB+ES (10ks) je pot\u0159eba na 2 bm oboustrann\u00e9ho bedn\u011bn\u00ed.<\/p>\n<\/p><\/div>\n<\/p><\/div>\n","protected":false},"excerpt":{"rendered":"<p>Soustava spojovac\u00edch spon s nava\u0159en\u00fdmi distan\u010dn\u00edmi p\u0159\u00ed\u010dkami zaji\u0161\u0165uje\u00a0vz\u00e1jemnou fixaci polohy desek vn\u011bj\u0161\u00edho a vnit\u0159n\u00edho bedn\u011bn\u00ed st\u011bn.\u00a0Oboustrann\u00e9 spony se umis\u0165uj\u00ed pr\u016fb\u011b\u017en\u011b p\u0159i kladen\u00ed a svazov\u00e1n\u00ed jednotliv\u00fdch desek bedn\u011bn\u00ed st\u011bny\u00a0v lo\u017en\u00fdch sp\u00e1r\u00e1ch. Jedna sada spon AB+ES (10ks) je pot\u0159eba na 2 bm oboustrann\u00e9ho bedn\u011bn\u00ed.<\/p>\n","protected":false},"featured_media":15257,"comment_status":"open","ping_status":"open","template":"","meta":[],"product_brand":[],"product_cat":[69],"product_tag":[],"class_list":{"0":"post-15157","1":"product","2":"type-product","3":"status-publish","4":"has-post-thumbnail","6":"product_cat-specialni-nabidka","8":"first","9":"instock","10":"sale","11":"shipping-taxable","12":"purchasable","13":"product-type-simple"},"yoast_head":"<!-- This site is optimized with the Yoast SEO plugin v26.8 - https:\/\/yoast.com\/product\/yoast-seo-wordpress\/ -->\n<title>Zna\u010dkov\u00fd Spony Velox sada AB+ES oboustrann\u00e1 BV pro ze\u010f 300\u00a0mm 10\u00a0ks -<\/title>\n<meta name=\"robots\" content=\"index, follow, max-snippet:-1, max-image-preview:large, max-video-preview:-1\" \/>\n<link rel=\"canonical\" href=\"https:\/\/www.domtechnikpro.com\/index.php\/produkt\/znackovy-spony-velox-sada-ab-es-oboustranna-bv-pro-zed-300-mm-10-ks-15157\/\" \/>\n<meta property=\"og:locale\" content=\"cs_CZ\" \/>\n<meta property=\"og:type\" content=\"article\" \/>\n<meta property=\"og:title\" content=\"Zna\u010dkov\u00fd Spony Velox sada AB+ES oboustrann\u00e1 BV pro ze\u010f 300\u00a0mm 10\u00a0ks -\" \/>\n<meta property=\"og:description\" content=\"Soustava spojovac\u00edch spon s nava\u0159en\u00fdmi distan\u010dn\u00edmi p\u0159\u00ed\u010dkami zaji\u0161\u0165uje\u00a0vz\u00e1jemnou fixaci polohy desek vn\u011bj\u0161\u00edho a vnit\u0159n\u00edho bedn\u011bn\u00ed st\u011bn.\u00a0Oboustrann\u00e9 spony se umis\u0165uj\u00ed pr\u016fb\u011b\u017en\u011b p\u0159i kladen\u00ed a svazov\u00e1n\u00ed jednotliv\u00fdch desek bedn\u011bn\u00ed st\u011bny\u00a0v lo\u017en\u00fdch sp\u00e1r\u00e1ch. Jedna sada spon AB+ES (10ks) je pot\u0159eba na 2 bm oboustrann\u00e9ho bedn\u011bn\u00ed.\" \/>\n<meta property=\"og:url\" content=\"https:\/\/www.domtechnikpro.com\/index.php\/produkt\/znackovy-spony-velox-sada-ab-es-oboustranna-bv-pro-zed-300-mm-10-ks-15157\/\" \/>\n<meta property=\"og:image\" content=\"https:\/\/www.domtechnikpro.com\/wp-content\/uploads\/2026\/SK0002528-CZ20260425-091842-0-1777079922-tablet-spony..webp\" \/>\n\t<meta property=\"og:image:width\" content=\"370\" \/>\n\t<meta property=\"og:image:height\" content=\"370\" \/>\n\t<meta property=\"og:image:type\" content=\"image\/webp\" \/>\n<meta name=\"twitter:card\" content=\"summary_large_image\" \/>\n<script type=\"application\/ld+json\" class=\"yoast-schema-graph\">{\"@context\":\"https:\/\/schema.org\",\"@graph\":[{\"@type\":\"WebPage\",\"@id\":\"https:\/\/www.domtechnikpro.com\/index.php\/produkt\/znackovy-spony-velox-sada-ab-es-oboustranna-bv-pro-zed-300-mm-10-ks-15157\/\",\"url\":\"https:\/\/www.domtechnikpro.com\/index.php\/produkt\/znackovy-spony-velox-sada-ab-es-oboustranna-bv-pro-zed-300-mm-10-ks-15157\/\",\"name\":\"Zna\u010dkov\u00fd Spony Velox sada AB+ES oboustrann\u00e1 BV pro ze\u010f 300\u00a0mm 10\u00a0ks -\",\"isPartOf\":{\"@id\":\"https:\/\/www.domtechnikpro.com\/#website\"},\"primaryImageOfPage\":{\"@id\":\"https:\/\/www.domtechnikpro.com\/index.php\/produkt\/znackovy-spony-velox-sada-ab-es-oboustranna-bv-pro-zed-300-mm-10-ks-15157\/#primaryimage\"},\"image\":{\"@id\":\"https:\/\/www.domtechnikpro.com\/index.php\/produkt\/znackovy-spony-velox-sada-ab-es-oboustranna-bv-pro-zed-300-mm-10-ks-15157\/#primaryimage\"},\"thumbnailUrl\":\"https:\/\/www.domtechnikpro.com\/wp-content\/uploads\/2026\/SK0002528-CZ20260425-091842-0-1777079922-tablet-spony..webp\",\"datePublished\":\"2026-04-26T08:53:53+00:00\",\"breadcrumb\":{\"@id\":\"https:\/\/www.domtechnikpro.com\/index.php\/produkt\/znackovy-spony-velox-sada-ab-es-oboustranna-bv-pro-zed-300-mm-10-ks-15157\/#breadcrumb\"},\"inLanguage\":\"cs\",\"potentialAction\":[{\"@type\":\"ReadAction\",\"target\":[\"https:\/\/www.domtechnikpro.com\/index.php\/produkt\/znackovy-spony-velox-sada-ab-es-oboustranna-bv-pro-zed-300-mm-10-ks-15157\/\"]}]},{\"@type\":\"ImageObject\",\"inLanguage\":\"cs\",\"@id\":\"https:\/\/www.domtechnikpro.com\/index.php\/produkt\/znackovy-spony-velox-sada-ab-es-oboustranna-bv-pro-zed-300-mm-10-ks-15157\/#primaryimage\",\"url\":\"https:\/\/www.domtechnikpro.com\/wp-content\/uploads\/2026\/SK0002528-CZ20260425-091842-0-1777079922-tablet-spony..webp\",\"contentUrl\":\"https:\/\/www.domtechnikpro.com\/wp-content\/uploads\/2026\/SK0002528-CZ20260425-091842-0-1777079922-tablet-spony..webp\",\"width\":370,\"height\":370},{\"@type\":\"BreadcrumbList\",\"@id\":\"https:\/\/www.domtechnikpro.com\/index.php\/produkt\/znackovy-spony-velox-sada-ab-es-oboustranna-bv-pro-zed-300-mm-10-ks-15157\/#breadcrumb\",\"itemListElement\":[{\"@type\":\"ListItem\",\"position\":1,\"name\":\"Home\",\"item\":\"https:\/\/www.domtechnikpro.com\/\"},{\"@type\":\"ListItem\",\"position\":2,\"name\":\"Products\",\"item\":\"https:\/\/www.domtechnikpro.com\/index.php\/products\/\"},{\"@type\":\"ListItem\",\"position\":3,\"name\":\"Zna\u010dkov\u00fd Spony Velox sada AB+ES oboustrann\u00e1 BV pro ze\u010f 300\u00a0mm 10\u00a0ks\"}]},{\"@type\":\"WebSite\",\"@id\":\"https:\/\/www.domtechnikpro.com\/#website\",\"url\":\"https:\/\/www.domtechnikpro.com\/\",\"name\":\"\",\"description\":\"\",\"potentialAction\":[{\"@type\":\"SearchAction\",\"target\":{\"@type\":\"EntryPoint\",\"urlTemplate\":\"https:\/\/www.domtechnikpro.com\/?s={search_term_string}\"},\"query-input\":{\"@type\":\"PropertyValueSpecification\",\"valueRequired\":true,\"valueName\":\"search_term_string\"}}],\"inLanguage\":\"cs\"}]}<\/script>\n<!-- \/ Yoast SEO plugin. -->","yoast_head_json":{"title":"Zna\u010dkov\u00fd Spony Velox sada AB+ES oboustrann\u00e1 BV pro ze\u010f 300\u00a0mm 10\u00a0ks -","robots":{"index":"index","follow":"follow","max-snippet":"max-snippet:-1","max-image-preview":"max-image-preview:large","max-video-preview":"max-video-preview:-1"},"canonical":"https:\/\/www.domtechnikpro.com\/index.php\/produkt\/znackovy-spony-velox-sada-ab-es-oboustranna-bv-pro-zed-300-mm-10-ks-15157\/","og_locale":"cs_CZ","og_type":"article","og_title":"Zna\u010dkov\u00fd Spony Velox sada AB+ES oboustrann\u00e1 BV pro ze\u010f 300\u00a0mm 10\u00a0ks -","og_description":"Soustava spojovac\u00edch spon s nava\u0159en\u00fdmi distan\u010dn\u00edmi p\u0159\u00ed\u010dkami zaji\u0161\u0165uje\u00a0vz\u00e1jemnou fixaci polohy desek vn\u011bj\u0161\u00edho a vnit\u0159n\u00edho bedn\u011bn\u00ed st\u011bn.\u00a0Oboustrann\u00e9 spony se umis\u0165uj\u00ed pr\u016fb\u011b\u017en\u011b p\u0159i kladen\u00ed a svazov\u00e1n\u00ed jednotliv\u00fdch desek bedn\u011bn\u00ed st\u011bny\u00a0v lo\u017en\u00fdch sp\u00e1r\u00e1ch. Jedna sada spon AB+ES (10ks) je pot\u0159eba na 2 bm oboustrann\u00e9ho bedn\u011bn\u00ed.","og_url":"https:\/\/www.domtechnikpro.com\/index.php\/produkt\/znackovy-spony-velox-sada-ab-es-oboustranna-bv-pro-zed-300-mm-10-ks-15157\/","og_image":[{"width":370,"height":370,"url":"https:\/\/www.domtechnikpro.com\/wp-content\/uploads\/2026\/SK0002528-CZ20260425-091842-0-1777079922-tablet-spony..webp","type":"image\/webp"}],"twitter_card":"summary_large_image","schema":{"@context":"https:\/\/schema.org","@graph":[{"@type":"WebPage","@id":"https:\/\/www.domtechnikpro.com\/index.php\/produkt\/znackovy-spony-velox-sada-ab-es-oboustranna-bv-pro-zed-300-mm-10-ks-15157\/","url":"https:\/\/www.domtechnikpro.com\/index.php\/produkt\/znackovy-spony-velox-sada-ab-es-oboustranna-bv-pro-zed-300-mm-10-ks-15157\/","name":"Zna\u010dkov\u00fd Spony Velox sada AB+ES oboustrann\u00e1 BV pro ze\u010f 300\u00a0mm 10\u00a0ks -","isPartOf":{"@id":"https:\/\/www.domtechnikpro.com\/#website"},"primaryImageOfPage":{"@id":"https:\/\/www.domtechnikpro.com\/index.php\/produkt\/znackovy-spony-velox-sada-ab-es-oboustranna-bv-pro-zed-300-mm-10-ks-15157\/#primaryimage"},"image":{"@id":"https:\/\/www.domtechnikpro.com\/index.php\/produkt\/znackovy-spony-velox-sada-ab-es-oboustranna-bv-pro-zed-300-mm-10-ks-15157\/#primaryimage"},"thumbnailUrl":"https:\/\/www.domtechnikpro.com\/wp-content\/uploads\/2026\/SK0002528-CZ20260425-091842-0-1777079922-tablet-spony..webp","datePublished":"2026-04-26T08:53:53+00:00","breadcrumb":{"@id":"https:\/\/www.domtechnikpro.com\/index.php\/produkt\/znackovy-spony-velox-sada-ab-es-oboustranna-bv-pro-zed-300-mm-10-ks-15157\/#breadcrumb"},"inLanguage":"cs","potentialAction":[{"@type":"ReadAction","target":["https:\/\/www.domtechnikpro.com\/index.php\/produkt\/znackovy-spony-velox-sada-ab-es-oboustranna-bv-pro-zed-300-mm-10-ks-15157\/"]}]},{"@type":"ImageObject","inLanguage":"cs","@id":"https:\/\/www.domtechnikpro.com\/index.php\/produkt\/znackovy-spony-velox-sada-ab-es-oboustranna-bv-pro-zed-300-mm-10-ks-15157\/#primaryimage","url":"https:\/\/www.domtechnikpro.com\/wp-content\/uploads\/2026\/SK0002528-CZ20260425-091842-0-1777079922-tablet-spony..webp","contentUrl":"https:\/\/www.domtechnikpro.com\/wp-content\/uploads\/2026\/SK0002528-CZ20260425-091842-0-1777079922-tablet-spony..webp","width":370,"height":370},{"@type":"BreadcrumbList","@id":"https:\/\/www.domtechnikpro.com\/index.php\/produkt\/znackovy-spony-velox-sada-ab-es-oboustranna-bv-pro-zed-300-mm-10-ks-15157\/#breadcrumb","itemListElement":[{"@type":"ListItem","position":1,"name":"Home","item":"https:\/\/www.domtechnikpro.com\/"},{"@type":"ListItem","position":2,"name":"Products","item":"https:\/\/www.domtechnikpro.com\/index.php\/products\/"},{"@type":"ListItem","position":3,"name":"Zna\u010dkov\u00fd Spony Velox sada AB+ES oboustrann\u00e1 BV pro ze\u010f 300\u00a0mm 10\u00a0ks"}]},{"@type":"WebSite","@id":"https:\/\/www.domtechnikpro.com\/#website","url":"https:\/\/www.domtechnikpro.com\/","name":"","description":"","potentialAction":[{"@type":"SearchAction","target":{"@type":"EntryPoint","urlTemplate":"https:\/\/www.domtechnikpro.com\/?s={search_term_string}"},"query-input":{"@type":"PropertyValueSpecification","valueRequired":true,"valueName":"search_term_string"}}],"inLanguage":"cs"}]}},"_links":{"self":[{"href":"https:\/\/www.domtechnikpro.com\/index.php\/wp-json\/wp\/v2\/product\/15157","targetHints":{"allow":["GET"]}}],"collection":[{"href":"https:\/\/www.domtechnikpro.com\/index.php\/wp-json\/wp\/v2\/product"}],"about":[{"href":"https:\/\/www.domtechnikpro.com\/index.php\/wp-json\/wp\/v2\/types\/product"}],"replies":[{"embeddable":true,"href":"https:\/\/www.domtechnikpro.com\/index.php\/wp-json\/wp\/v2\/comments?post=15157"}],"wp:featuredmedia":[{"embeddable":true,"href":"https:\/\/www.domtechnikpro.com\/index.php\/wp-json\/wp\/v2\/media\/15257"}],"wp:attachment":[{"href":"https:\/\/www.domtechnikpro.com\/index.php\/wp-json\/wp\/v2\/media?parent=15157"}],"wp:term":[{"taxonomy":"product_brand","embeddable":true,"href":"https:\/\/www.domtechnikpro.com\/index.php\/wp-json\/wp\/v2\/product_brand?post=15157"},{"taxonomy":"product_cat","embeddable":true,"href":"https:\/\/www.domtechnikpro.com\/index.php\/wp-json\/wp\/v2\/product_cat?post=15157"},{"taxonomy":"product_tag","embeddable":true,"href":"https:\/\/www.domtechnikpro.com\/index.php\/wp-json\/wp\/v2\/product_tag?post=15157"}],"curies":[{"name":"wp","href":"https:\/\/api.w.org\/{rel}","templated":true}]}}