{"id":13895,"date":"2026-04-26T08:53:40","date_gmt":"2026-04-26T08:53:40","guid":{"rendered":""},"modified":"2026-04-26T08:53:40","modified_gmt":"2026-04-26T08:53:40","slug":"objednat-nyni-vicko-ke-krabici-ko-97-13895","status":"publish","type":"product","link":"https:\/\/www.domtechnikpro.com\/index.php\/produkt\/objednat-nyni-vicko-ke-krabici-ko-97-13895\/","title":{"rendered":"Objednat Nyn\u00ed V\u00ed\u010dko ke krabici KO\u00a097"},"content":{"rendered":"<div class=\"content-actual\">\n<p>Zakryt\u00ed krabic KO 97\/5, KR 97\/5, KOM 97.<\/p>\n<\/p><\/div>\n<\/p><\/div>\n","protected":false},"excerpt":{"rendered":"<p>Zakryt\u00ed krabic KO 97\/5, KR 97\/5, KOM 97.<\/p>\n","protected":false},"featured_media":13995,"comment_status":"open","ping_status":"open","template":"","meta":[],"product_brand":[],"product_cat":[79],"product_tag":[],"class_list":{"0":"post-13895","1":"product","2":"type-product","3":"status-publish","4":"has-post-thumbnail","6":"product_cat-elektro-materialy","8":"first","9":"instock","10":"sale","11":"shipping-taxable","12":"purchasable","13":"product-type-simple"},"yoast_head":"<!-- This site is optimized with the Yoast SEO plugin v26.8 - https:\/\/yoast.com\/product\/yoast-seo-wordpress\/ -->\n<title>Objednat Nyn\u00ed V\u00ed\u010dko ke krabici KO\u00a097 -<\/title>\n<meta name=\"robots\" content=\"index, follow, max-snippet:-1, max-image-preview:large, max-video-preview:-1\" \/>\n<link rel=\"canonical\" href=\"https:\/\/www.domtechnikpro.com\/index.php\/produkt\/objednat-nyni-vicko-ke-krabici-ko-97-13895\/\" \/>\n<meta property=\"og:locale\" content=\"cs_CZ\" \/>\n<meta property=\"og:type\" content=\"article\" \/>\n<meta property=\"og:title\" content=\"Objednat Nyn\u00ed V\u00ed\u010dko ke krabici KO\u00a097 -\" \/>\n<meta property=\"og:description\" content=\"Zakryt\u00ed krabic KO 97\/5, KR 97\/5, KOM 97.\" \/>\n<meta property=\"og:url\" content=\"https:\/\/www.domtechnikpro.com\/index.php\/produkt\/objednat-nyni-vicko-ke-krabici-ko-97-13895\/\" \/>\n<meta property=\"og:image\" content=\"https:\/\/www.domtechnikpro.com\/wp-content\/uploads\/2026\/SK0001866-CZ20260425-091842-0-1777079922-tablet-vicko-35661.webp\" \/>\n\t<meta property=\"og:image:width\" content=\"400\" \/>\n\t<meta property=\"og:image:height\" content=\"300\" \/>\n\t<meta property=\"og:image:type\" content=\"image\/webp\" \/>\n<meta name=\"twitter:card\" content=\"summary_large_image\" \/>\n<script type=\"application\/ld+json\" class=\"yoast-schema-graph\">{\"@context\":\"https:\/\/schema.org\",\"@graph\":[{\"@type\":\"WebPage\",\"@id\":\"https:\/\/www.domtechnikpro.com\/index.php\/produkt\/objednat-nyni-vicko-ke-krabici-ko-97-13895\/\",\"url\":\"https:\/\/www.domtechnikpro.com\/index.php\/produkt\/objednat-nyni-vicko-ke-krabici-ko-97-13895\/\",\"name\":\"Objednat Nyn\u00ed V\u00ed\u010dko ke krabici KO\u00a097 -\",\"isPartOf\":{\"@id\":\"https:\/\/www.domtechnikpro.com\/#website\"},\"primaryImageOfPage\":{\"@id\":\"https:\/\/www.domtechnikpro.com\/index.php\/produkt\/objednat-nyni-vicko-ke-krabici-ko-97-13895\/#primaryimage\"},\"image\":{\"@id\":\"https:\/\/www.domtechnikpro.com\/index.php\/produkt\/objednat-nyni-vicko-ke-krabici-ko-97-13895\/#primaryimage\"},\"thumbnailUrl\":\"https:\/\/www.domtechnikpro.com\/wp-content\/uploads\/2026\/SK0001866-CZ20260425-091842-0-1777079922-tablet-vicko-35661.webp\",\"datePublished\":\"2026-04-26T08:53:40+00:00\",\"breadcrumb\":{\"@id\":\"https:\/\/www.domtechnikpro.com\/index.php\/produkt\/objednat-nyni-vicko-ke-krabici-ko-97-13895\/#breadcrumb\"},\"inLanguage\":\"cs\",\"potentialAction\":[{\"@type\":\"ReadAction\",\"target\":[\"https:\/\/www.domtechnikpro.com\/index.php\/produkt\/objednat-nyni-vicko-ke-krabici-ko-97-13895\/\"]}]},{\"@type\":\"ImageObject\",\"inLanguage\":\"cs\",\"@id\":\"https:\/\/www.domtechnikpro.com\/index.php\/produkt\/objednat-nyni-vicko-ke-krabici-ko-97-13895\/#primaryimage\",\"url\":\"https:\/\/www.domtechnikpro.com\/wp-content\/uploads\/2026\/SK0001866-CZ20260425-091842-0-1777079922-tablet-vicko-35661.webp\",\"contentUrl\":\"https:\/\/www.domtechnikpro.com\/wp-content\/uploads\/2026\/SK0001866-CZ20260425-091842-0-1777079922-tablet-vicko-35661.webp\",\"width\":400,\"height\":300},{\"@type\":\"BreadcrumbList\",\"@id\":\"https:\/\/www.domtechnikpro.com\/index.php\/produkt\/objednat-nyni-vicko-ke-krabici-ko-97-13895\/#breadcrumb\",\"itemListElement\":[{\"@type\":\"ListItem\",\"position\":1,\"name\":\"Home\",\"item\":\"https:\/\/www.domtechnikpro.com\/\"},{\"@type\":\"ListItem\",\"position\":2,\"name\":\"Products\",\"item\":\"https:\/\/www.domtechnikpro.com\/index.php\/products\/\"},{\"@type\":\"ListItem\",\"position\":3,\"name\":\"Objednat Nyn\u00ed V\u00ed\u010dko ke krabici KO\u00a097\"}]},{\"@type\":\"WebSite\",\"@id\":\"https:\/\/www.domtechnikpro.com\/#website\",\"url\":\"https:\/\/www.domtechnikpro.com\/\",\"name\":\"\",\"description\":\"\",\"potentialAction\":[{\"@type\":\"SearchAction\",\"target\":{\"@type\":\"EntryPoint\",\"urlTemplate\":\"https:\/\/www.domtechnikpro.com\/?s={search_term_string}\"},\"query-input\":{\"@type\":\"PropertyValueSpecification\",\"valueRequired\":true,\"valueName\":\"search_term_string\"}}],\"inLanguage\":\"cs\"}]}<\/script>\n<!-- \/ Yoast SEO plugin. -->","yoast_head_json":{"title":"Objednat Nyn\u00ed V\u00ed\u010dko ke krabici KO\u00a097 -","robots":{"index":"index","follow":"follow","max-snippet":"max-snippet:-1","max-image-preview":"max-image-preview:large","max-video-preview":"max-video-preview:-1"},"canonical":"https:\/\/www.domtechnikpro.com\/index.php\/produkt\/objednat-nyni-vicko-ke-krabici-ko-97-13895\/","og_locale":"cs_CZ","og_type":"article","og_title":"Objednat Nyn\u00ed V\u00ed\u010dko ke krabici KO\u00a097 -","og_description":"Zakryt\u00ed krabic KO 97\/5, KR 97\/5, KOM 97.","og_url":"https:\/\/www.domtechnikpro.com\/index.php\/produkt\/objednat-nyni-vicko-ke-krabici-ko-97-13895\/","og_image":[{"width":400,"height":300,"url":"https:\/\/www.domtechnikpro.com\/wp-content\/uploads\/2026\/SK0001866-CZ20260425-091842-0-1777079922-tablet-vicko-35661.webp","type":"image\/webp"}],"twitter_card":"summary_large_image","schema":{"@context":"https:\/\/schema.org","@graph":[{"@type":"WebPage","@id":"https:\/\/www.domtechnikpro.com\/index.php\/produkt\/objednat-nyni-vicko-ke-krabici-ko-97-13895\/","url":"https:\/\/www.domtechnikpro.com\/index.php\/produkt\/objednat-nyni-vicko-ke-krabici-ko-97-13895\/","name":"Objednat Nyn\u00ed V\u00ed\u010dko ke krabici KO\u00a097 -","isPartOf":{"@id":"https:\/\/www.domtechnikpro.com\/#website"},"primaryImageOfPage":{"@id":"https:\/\/www.domtechnikpro.com\/index.php\/produkt\/objednat-nyni-vicko-ke-krabici-ko-97-13895\/#primaryimage"},"image":{"@id":"https:\/\/www.domtechnikpro.com\/index.php\/produkt\/objednat-nyni-vicko-ke-krabici-ko-97-13895\/#primaryimage"},"thumbnailUrl":"https:\/\/www.domtechnikpro.com\/wp-content\/uploads\/2026\/SK0001866-CZ20260425-091842-0-1777079922-tablet-vicko-35661.webp","datePublished":"2026-04-26T08:53:40+00:00","breadcrumb":{"@id":"https:\/\/www.domtechnikpro.com\/index.php\/produkt\/objednat-nyni-vicko-ke-krabici-ko-97-13895\/#breadcrumb"},"inLanguage":"cs","potentialAction":[{"@type":"ReadAction","target":["https:\/\/www.domtechnikpro.com\/index.php\/produkt\/objednat-nyni-vicko-ke-krabici-ko-97-13895\/"]}]},{"@type":"ImageObject","inLanguage":"cs","@id":"https:\/\/www.domtechnikpro.com\/index.php\/produkt\/objednat-nyni-vicko-ke-krabici-ko-97-13895\/#primaryimage","url":"https:\/\/www.domtechnikpro.com\/wp-content\/uploads\/2026\/SK0001866-CZ20260425-091842-0-1777079922-tablet-vicko-35661.webp","contentUrl":"https:\/\/www.domtechnikpro.com\/wp-content\/uploads\/2026\/SK0001866-CZ20260425-091842-0-1777079922-tablet-vicko-35661.webp","width":400,"height":300},{"@type":"BreadcrumbList","@id":"https:\/\/www.domtechnikpro.com\/index.php\/produkt\/objednat-nyni-vicko-ke-krabici-ko-97-13895\/#breadcrumb","itemListElement":[{"@type":"ListItem","position":1,"name":"Home","item":"https:\/\/www.domtechnikpro.com\/"},{"@type":"ListItem","position":2,"name":"Products","item":"https:\/\/www.domtechnikpro.com\/index.php\/products\/"},{"@type":"ListItem","position":3,"name":"Objednat Nyn\u00ed V\u00ed\u010dko ke krabici KO\u00a097"}]},{"@type":"WebSite","@id":"https:\/\/www.domtechnikpro.com\/#website","url":"https:\/\/www.domtechnikpro.com\/","name":"","description":"","potentialAction":[{"@type":"SearchAction","target":{"@type":"EntryPoint","urlTemplate":"https:\/\/www.domtechnikpro.com\/?s={search_term_string}"},"query-input":{"@type":"PropertyValueSpecification","valueRequired":true,"valueName":"search_term_string"}}],"inLanguage":"cs"}]}},"_links":{"self":[{"href":"https:\/\/www.domtechnikpro.com\/index.php\/wp-json\/wp\/v2\/product\/13895","targetHints":{"allow":["GET"]}}],"collection":[{"href":"https:\/\/www.domtechnikpro.com\/index.php\/wp-json\/wp\/v2\/product"}],"about":[{"href":"https:\/\/www.domtechnikpro.com\/index.php\/wp-json\/wp\/v2\/types\/product"}],"replies":[{"embeddable":true,"href":"https:\/\/www.domtechnikpro.com\/index.php\/wp-json\/wp\/v2\/comments?post=13895"}],"wp:featuredmedia":[{"embeddable":true,"href":"https:\/\/www.domtechnikpro.com\/index.php\/wp-json\/wp\/v2\/media\/13995"}],"wp:attachment":[{"href":"https:\/\/www.domtechnikpro.com\/index.php\/wp-json\/wp\/v2\/media?parent=13895"}],"wp:term":[{"taxonomy":"product_brand","embeddable":true,"href":"https:\/\/www.domtechnikpro.com\/index.php\/wp-json\/wp\/v2\/product_brand?post=13895"},{"taxonomy":"product_cat","embeddable":true,"href":"https:\/\/www.domtechnikpro.com\/index.php\/wp-json\/wp\/v2\/product_cat?post=13895"},{"taxonomy":"product_tag","embeddable":true,"href":"https:\/\/www.domtechnikpro.com\/index.php\/wp-json\/wp\/v2\/product_tag?post=13895"}],"curies":[{"name":"wp","href":"https:\/\/api.w.org\/{rel}","templated":true}]}}