{"id":13740,"date":"2026-04-26T08:53:38","date_gmt":"2026-04-26T08:53:38","guid":{"rendered":""},"modified":"2026-04-26T08:53:38","modified_gmt":"2026-04-26T08:53:38","slug":"omezena-nabidka-paska-izolacni-15-mm-10-m-cerna-13740","status":"publish","type":"product","link":"https:\/\/www.domtechnikpro.com\/index.php\/produkt\/omezena-nabidka-paska-izolacni-15-mm-10-m-cerna-13740\/","title":{"rendered":"Omezen\u00e1 Nab\u00eddka P\u00e1ska izola\u010dn\u00ed 15\u00a0mm\/10\u00a0m \u010dern\u00e1"},"content":{"rendered":"<div class=\"content-actual\">\n<p>Izola\u010dn\u00ed p\u00e1ska spl\u0148uje sm\u011brnici Evropsk\u00e9ho parlamentu a Rady 2011\/65\/EU o omezen\u00ed pou\u017e\u00edv\u00e1n\u00ed n\u011bkter\u00fdch nebezpe\u010dn\u00fdch l\u00e1tek v elektrick\u00fdch a elektronick\u00fdch za\u0159\u00edzen\u00edch.<br \/>Jedn\u00e1 se o tzv. ROHS a na\u0159\u00edzen\u00ed Evropsk\u00e9ho parlamentu a Rady (ES) \u010d. 1907\/2006 o registraci, hodnocen\u00ed, povolov\u00e1n\u00ed a omezov\u00e1n\u00ed chemick\u00fdch l\u00e1tek tzv. REACH.<br \/>Izola\u010dn\u00ed p\u00e1sky IZOTAPE je mo\u017en\u00e9 pou\u017e\u00edt do v\u00fdroby na cel\u00e9m \u00fazem\u00ed EU.<\/p>\n<\/p><\/div>\n<\/p><\/div>\n","protected":false},"excerpt":{"rendered":"<p>Izola\u010dn\u00ed p\u00e1ska spl\u0148uje sm\u011brnici Evropsk\u00e9ho parlamentu a Rady 2011\/65\/EU o omezen\u00ed pou\u017e\u00edv\u00e1n\u00ed n\u011bkter\u00fdch nebezpe\u010dn\u00fdch l\u00e1tek v elektrick\u00fdch a elektronick\u00fdch za\u0159\u00edzen\u00edch.Jedn\u00e1 se o tzv. ROHS a na\u0159\u00edzen\u00ed Evropsk\u00e9ho parlamentu a Rady (ES) \u010d. 1907\/2006 o registraci, hodnocen\u00ed, povolov\u00e1n\u00ed a omezov\u00e1n\u00ed chemick\u00fdch l\u00e1tek tzv. REACH.Izola\u010dn\u00ed p\u00e1sky IZOTAPE je mo\u017en\u00e9 pou\u017e\u00edt do v\u00fdroby na cel\u00e9m \u00fazem\u00ed EU.<\/p>\n","protected":false},"featured_media":13840,"comment_status":"open","ping_status":"open","template":"","meta":[],"product_brand":[],"product_cat":[79],"product_tag":[],"class_list":{"0":"post-13740","1":"product","2":"type-product","3":"status-publish","4":"has-post-thumbnail","6":"product_cat-elektro-materialy","8":"first","9":"instock","10":"sale","11":"shipping-taxable","12":"purchasable","13":"product-type-simple"},"yoast_head":"<!-- This site is optimized with the Yoast SEO plugin v26.8 - https:\/\/yoast.com\/product\/yoast-seo-wordpress\/ -->\n<title>Omezen\u00e1 Nab\u00eddka P\u00e1ska izola\u010dn\u00ed 15\u00a0mm\/10\u00a0m \u010dern\u00e1 -<\/title>\n<meta name=\"robots\" content=\"index, follow, max-snippet:-1, max-image-preview:large, max-video-preview:-1\" \/>\n<link rel=\"canonical\" href=\"https:\/\/www.domtechnikpro.com\/index.php\/produkt\/omezena-nabidka-paska-izolacni-15-mm-10-m-cerna-13740\/\" \/>\n<meta property=\"og:locale\" content=\"cs_CZ\" \/>\n<meta property=\"og:type\" content=\"article\" \/>\n<meta property=\"og:title\" content=\"Omezen\u00e1 Nab\u00eddka P\u00e1ska izola\u010dn\u00ed 15\u00a0mm\/10\u00a0m \u010dern\u00e1 -\" \/>\n<meta property=\"og:description\" content=\"Izola\u010dn\u00ed p\u00e1ska spl\u0148uje sm\u011brnici Evropsk\u00e9ho parlamentu a Rady 2011\/65\/EU o omezen\u00ed pou\u017e\u00edv\u00e1n\u00ed n\u011bkter\u00fdch nebezpe\u010dn\u00fdch l\u00e1tek v elektrick\u00fdch a elektronick\u00fdch za\u0159\u00edzen\u00edch.Jedn\u00e1 se o tzv. ROHS a na\u0159\u00edzen\u00ed Evropsk\u00e9ho parlamentu a Rady (ES) \u010d. 1907\/2006 o registraci, hodnocen\u00ed, povolov\u00e1n\u00ed a omezov\u00e1n\u00ed chemick\u00fdch l\u00e1tek tzv. REACH.Izola\u010dn\u00ed p\u00e1sky IZOTAPE je mo\u017en\u00e9 pou\u017e\u00edt do v\u00fdroby na cel\u00e9m \u00fazem\u00ed EU.\" \/>\n<meta property=\"og:url\" content=\"https:\/\/www.domtechnikpro.com\/index.php\/produkt\/omezena-nabidka-paska-izolacni-15-mm-10-m-cerna-13740\/\" \/>\n<meta property=\"og:image\" content=\"https:\/\/www.domtechnikpro.com\/wp-content\/uploads\/2026\/SK0001811-CZ20260425-091842-0-1777079922-tablet-54505.webp\" \/>\n\t<meta property=\"og:image:width\" content=\"800\" \/>\n\t<meta property=\"og:image:height\" content=\"800\" \/>\n\t<meta property=\"og:image:type\" content=\"image\/webp\" \/>\n<meta name=\"twitter:card\" content=\"summary_large_image\" \/>\n<script type=\"application\/ld+json\" class=\"yoast-schema-graph\">{\"@context\":\"https:\/\/schema.org\",\"@graph\":[{\"@type\":\"WebPage\",\"@id\":\"https:\/\/www.domtechnikpro.com\/index.php\/produkt\/omezena-nabidka-paska-izolacni-15-mm-10-m-cerna-13740\/\",\"url\":\"https:\/\/www.domtechnikpro.com\/index.php\/produkt\/omezena-nabidka-paska-izolacni-15-mm-10-m-cerna-13740\/\",\"name\":\"Omezen\u00e1 Nab\u00eddka P\u00e1ska izola\u010dn\u00ed 15\u00a0mm\/10\u00a0m \u010dern\u00e1 -\",\"isPartOf\":{\"@id\":\"https:\/\/www.domtechnikpro.com\/#website\"},\"primaryImageOfPage\":{\"@id\":\"https:\/\/www.domtechnikpro.com\/index.php\/produkt\/omezena-nabidka-paska-izolacni-15-mm-10-m-cerna-13740\/#primaryimage\"},\"image\":{\"@id\":\"https:\/\/www.domtechnikpro.com\/index.php\/produkt\/omezena-nabidka-paska-izolacni-15-mm-10-m-cerna-13740\/#primaryimage\"},\"thumbnailUrl\":\"https:\/\/www.domtechnikpro.com\/wp-content\/uploads\/2026\/SK0001811-CZ20260425-091842-0-1777079922-tablet-54505.webp\",\"datePublished\":\"2026-04-26T08:53:38+00:00\",\"breadcrumb\":{\"@id\":\"https:\/\/www.domtechnikpro.com\/index.php\/produkt\/omezena-nabidka-paska-izolacni-15-mm-10-m-cerna-13740\/#breadcrumb\"},\"inLanguage\":\"cs\",\"potentialAction\":[{\"@type\":\"ReadAction\",\"target\":[\"https:\/\/www.domtechnikpro.com\/index.php\/produkt\/omezena-nabidka-paska-izolacni-15-mm-10-m-cerna-13740\/\"]}]},{\"@type\":\"ImageObject\",\"inLanguage\":\"cs\",\"@id\":\"https:\/\/www.domtechnikpro.com\/index.php\/produkt\/omezena-nabidka-paska-izolacni-15-mm-10-m-cerna-13740\/#primaryimage\",\"url\":\"https:\/\/www.domtechnikpro.com\/wp-content\/uploads\/2026\/SK0001811-CZ20260425-091842-0-1777079922-tablet-54505.webp\",\"contentUrl\":\"https:\/\/www.domtechnikpro.com\/wp-content\/uploads\/2026\/SK0001811-CZ20260425-091842-0-1777079922-tablet-54505.webp\",\"width\":800,\"height\":800},{\"@type\":\"BreadcrumbList\",\"@id\":\"https:\/\/www.domtechnikpro.com\/index.php\/produkt\/omezena-nabidka-paska-izolacni-15-mm-10-m-cerna-13740\/#breadcrumb\",\"itemListElement\":[{\"@type\":\"ListItem\",\"position\":1,\"name\":\"Home\",\"item\":\"https:\/\/www.domtechnikpro.com\/\"},{\"@type\":\"ListItem\",\"position\":2,\"name\":\"Products\",\"item\":\"https:\/\/www.domtechnikpro.com\/index.php\/products\/\"},{\"@type\":\"ListItem\",\"position\":3,\"name\":\"Omezen\u00e1 Nab\u00eddka P\u00e1ska izola\u010dn\u00ed 15\u00a0mm\/10\u00a0m \u010dern\u00e1\"}]},{\"@type\":\"WebSite\",\"@id\":\"https:\/\/www.domtechnikpro.com\/#website\",\"url\":\"https:\/\/www.domtechnikpro.com\/\",\"name\":\"\",\"description\":\"\",\"potentialAction\":[{\"@type\":\"SearchAction\",\"target\":{\"@type\":\"EntryPoint\",\"urlTemplate\":\"https:\/\/www.domtechnikpro.com\/?s={search_term_string}\"},\"query-input\":{\"@type\":\"PropertyValueSpecification\",\"valueRequired\":true,\"valueName\":\"search_term_string\"}}],\"inLanguage\":\"cs\"}]}<\/script>\n<!-- \/ Yoast SEO plugin. -->","yoast_head_json":{"title":"Omezen\u00e1 Nab\u00eddka P\u00e1ska izola\u010dn\u00ed 15\u00a0mm\/10\u00a0m \u010dern\u00e1 -","robots":{"index":"index","follow":"follow","max-snippet":"max-snippet:-1","max-image-preview":"max-image-preview:large","max-video-preview":"max-video-preview:-1"},"canonical":"https:\/\/www.domtechnikpro.com\/index.php\/produkt\/omezena-nabidka-paska-izolacni-15-mm-10-m-cerna-13740\/","og_locale":"cs_CZ","og_type":"article","og_title":"Omezen\u00e1 Nab\u00eddka P\u00e1ska izola\u010dn\u00ed 15\u00a0mm\/10\u00a0m \u010dern\u00e1 -","og_description":"Izola\u010dn\u00ed p\u00e1ska spl\u0148uje sm\u011brnici Evropsk\u00e9ho parlamentu a Rady 2011\/65\/EU o omezen\u00ed pou\u017e\u00edv\u00e1n\u00ed n\u011bkter\u00fdch nebezpe\u010dn\u00fdch l\u00e1tek v elektrick\u00fdch a elektronick\u00fdch za\u0159\u00edzen\u00edch.Jedn\u00e1 se o tzv. ROHS a na\u0159\u00edzen\u00ed Evropsk\u00e9ho parlamentu a Rady (ES) \u010d. 1907\/2006 o registraci, hodnocen\u00ed, povolov\u00e1n\u00ed a omezov\u00e1n\u00ed chemick\u00fdch l\u00e1tek tzv. REACH.Izola\u010dn\u00ed p\u00e1sky IZOTAPE je mo\u017en\u00e9 pou\u017e\u00edt do v\u00fdroby na cel\u00e9m \u00fazem\u00ed EU.","og_url":"https:\/\/www.domtechnikpro.com\/index.php\/produkt\/omezena-nabidka-paska-izolacni-15-mm-10-m-cerna-13740\/","og_image":[{"width":800,"height":800,"url":"https:\/\/www.domtechnikpro.com\/wp-content\/uploads\/2026\/SK0001811-CZ20260425-091842-0-1777079922-tablet-54505.webp","type":"image\/webp"}],"twitter_card":"summary_large_image","schema":{"@context":"https:\/\/schema.org","@graph":[{"@type":"WebPage","@id":"https:\/\/www.domtechnikpro.com\/index.php\/produkt\/omezena-nabidka-paska-izolacni-15-mm-10-m-cerna-13740\/","url":"https:\/\/www.domtechnikpro.com\/index.php\/produkt\/omezena-nabidka-paska-izolacni-15-mm-10-m-cerna-13740\/","name":"Omezen\u00e1 Nab\u00eddka P\u00e1ska izola\u010dn\u00ed 15\u00a0mm\/10\u00a0m \u010dern\u00e1 -","isPartOf":{"@id":"https:\/\/www.domtechnikpro.com\/#website"},"primaryImageOfPage":{"@id":"https:\/\/www.domtechnikpro.com\/index.php\/produkt\/omezena-nabidka-paska-izolacni-15-mm-10-m-cerna-13740\/#primaryimage"},"image":{"@id":"https:\/\/www.domtechnikpro.com\/index.php\/produkt\/omezena-nabidka-paska-izolacni-15-mm-10-m-cerna-13740\/#primaryimage"},"thumbnailUrl":"https:\/\/www.domtechnikpro.com\/wp-content\/uploads\/2026\/SK0001811-CZ20260425-091842-0-1777079922-tablet-54505.webp","datePublished":"2026-04-26T08:53:38+00:00","breadcrumb":{"@id":"https:\/\/www.domtechnikpro.com\/index.php\/produkt\/omezena-nabidka-paska-izolacni-15-mm-10-m-cerna-13740\/#breadcrumb"},"inLanguage":"cs","potentialAction":[{"@type":"ReadAction","target":["https:\/\/www.domtechnikpro.com\/index.php\/produkt\/omezena-nabidka-paska-izolacni-15-mm-10-m-cerna-13740\/"]}]},{"@type":"ImageObject","inLanguage":"cs","@id":"https:\/\/www.domtechnikpro.com\/index.php\/produkt\/omezena-nabidka-paska-izolacni-15-mm-10-m-cerna-13740\/#primaryimage","url":"https:\/\/www.domtechnikpro.com\/wp-content\/uploads\/2026\/SK0001811-CZ20260425-091842-0-1777079922-tablet-54505.webp","contentUrl":"https:\/\/www.domtechnikpro.com\/wp-content\/uploads\/2026\/SK0001811-CZ20260425-091842-0-1777079922-tablet-54505.webp","width":800,"height":800},{"@type":"BreadcrumbList","@id":"https:\/\/www.domtechnikpro.com\/index.php\/produkt\/omezena-nabidka-paska-izolacni-15-mm-10-m-cerna-13740\/#breadcrumb","itemListElement":[{"@type":"ListItem","position":1,"name":"Home","item":"https:\/\/www.domtechnikpro.com\/"},{"@type":"ListItem","position":2,"name":"Products","item":"https:\/\/www.domtechnikpro.com\/index.php\/products\/"},{"@type":"ListItem","position":3,"name":"Omezen\u00e1 Nab\u00eddka P\u00e1ska izola\u010dn\u00ed 15\u00a0mm\/10\u00a0m \u010dern\u00e1"}]},{"@type":"WebSite","@id":"https:\/\/www.domtechnikpro.com\/#website","url":"https:\/\/www.domtechnikpro.com\/","name":"","description":"","potentialAction":[{"@type":"SearchAction","target":{"@type":"EntryPoint","urlTemplate":"https:\/\/www.domtechnikpro.com\/?s={search_term_string}"},"query-input":{"@type":"PropertyValueSpecification","valueRequired":true,"valueName":"search_term_string"}}],"inLanguage":"cs"}]}},"_links":{"self":[{"href":"https:\/\/www.domtechnikpro.com\/index.php\/wp-json\/wp\/v2\/product\/13740","targetHints":{"allow":["GET"]}}],"collection":[{"href":"https:\/\/www.domtechnikpro.com\/index.php\/wp-json\/wp\/v2\/product"}],"about":[{"href":"https:\/\/www.domtechnikpro.com\/index.php\/wp-json\/wp\/v2\/types\/product"}],"replies":[{"embeddable":true,"href":"https:\/\/www.domtechnikpro.com\/index.php\/wp-json\/wp\/v2\/comments?post=13740"}],"wp:featuredmedia":[{"embeddable":true,"href":"https:\/\/www.domtechnikpro.com\/index.php\/wp-json\/wp\/v2\/media\/13840"}],"wp:attachment":[{"href":"https:\/\/www.domtechnikpro.com\/index.php\/wp-json\/wp\/v2\/media?parent=13740"}],"wp:term":[{"taxonomy":"product_brand","embeddable":true,"href":"https:\/\/www.domtechnikpro.com\/index.php\/wp-json\/wp\/v2\/product_brand?post=13740"},{"taxonomy":"product_cat","embeddable":true,"href":"https:\/\/www.domtechnikpro.com\/index.php\/wp-json\/wp\/v2\/product_cat?post=13740"},{"taxonomy":"product_tag","embeddable":true,"href":"https:\/\/www.domtechnikpro.com\/index.php\/wp-json\/wp\/v2\/product_tag?post=13740"}],"curies":[{"name":"wp","href":"https:\/\/api.w.org\/{rel}","templated":true}]}}

Omezená Nabídka Páska izolační 15 mm/10 m černá

<div class="content-actual">
<p>Izolační páska splňuje směrnici Evropského parlamentu a Rady 2011/65/EU o omezení používání některých nebezpečných látek v elektrických a elektronických zařízeních.<br />Jedná se o tzv. ROHS a nařízení Evropského parlamentu a Rady (ES) č. 1907/2006 o registraci, hodnocení, povolování a omezování chemických látek tzv. REACH.<br />Izolační pásky IZOTAPE je možné použít do výroby na celém území EU.</p>
</p></div>
</p></div>

<p>Izolační páska splňuje směrnici Evropského parlamentu a Rady 2011/65/EU o omezení používání některých nebezpečných látek v elektrických a elektronických zařízeních.Jedná se o tzv. ROHS a nařízení Evropského parlamentu a Rady (ES) č. 1907/2006 o registraci, hodnocení, povolování a omezování chemických látek tzv. REACH.Izolační pásky IZOTAPE je možné použít do výroby na celém území EU.</p>

<!-- This site is optimized with the Yoast SEO plugin v26.8 - https://yoast.com/product/yoast-seo-wordpress/ -->
<title>Omezená Nabídka Páska izolační 15 mm/10 m černá -</title>
<meta name="robots" content="index, follow, max-snippet:-1, max-image-preview:large, max-video-preview:-1" />
<link rel="canonical" href="https://www.domtechnikpro.com/index.php/produkt/omezena-nabidka-paska-izolacni-15-mm-10-m-cerna-13740/" />
<meta property="og:locale" content="cs_CZ" />
<meta property="og:type" content="article" />
<meta property="og:title" content="Omezená Nabídka Páska izolační 15 mm/10 m černá -" />
<meta property="og:description" content="Izolační páska splňuje směrnici Evropského parlamentu a Rady 2011/65/EU o omezení používání některých nebezpečných látek v elektrických a elektronických zařízeních.Jedná se o tzv. ROHS a nařízení Evropského parlamentu a Rady (ES) č. 1907/2006 o registraci, hodnocení, povolování a omezování chemických látek tzv. REACH.Izolační pásky IZOTAPE je možné použít do výroby na celém území EU." />
<meta property="og:url" content="https://www.domtechnikpro.com/index.php/produkt/omezena-nabidka-paska-izolacni-15-mm-10-m-cerna-13740/" />
<meta property="og:image" content="https://www.domtechnikpro.com/wp-content/uploads/2026/SK0001811-CZ20260425-091842-0-1777079922-tablet-54505.webp" />
	<meta property="og:image:width" content="800" />
	<meta property="og:image:height" content="800" />
	<meta property="og:image:type" content="image/webp" />
<meta name="twitter:card" content="summary_large_image" />
<script type="application/ld+json" class="yoast-schema-graph">{"@context":"https://schema.org","@graph":[{"@type":"WebPage","@id":"https://www.domtechnikpro.com/index.php/produkt/omezena-nabidka-paska-izolacni-15-mm-10-m-cerna-13740/","url":"https://www.domtechnikpro.com/index.php/produkt/omezena-nabidka-paska-izolacni-15-mm-10-m-cerna-13740/","name":"Omezená Nabídka Páska izolační 15 mm/10 m černá -","isPartOf":{"@id":"https://www.domtechnikpro.com/#website"},"primaryImageOfPage":{"@id":"https://www.domtechnikpro.com/index.php/produkt/omezena-nabidka-paska-izolacni-15-mm-10-m-cerna-13740/#primaryimage"},"image":{"@id":"https://www.domtechnikpro.com/index.php/produkt/omezena-nabidka-paska-izolacni-15-mm-10-m-cerna-13740/#primaryimage"},"thumbnailUrl":"https://www.domtechnikpro.com/wp-content/uploads/2026/SK0001811-CZ20260425-091842-0-1777079922-tablet-54505.webp","datePublished":"2026-04-26T08:53:38+00:00","breadcrumb":{"@id":"https://www.domtechnikpro.com/index.php/produkt/omezena-nabidka-paska-izolacni-15-mm-10-m-cerna-13740/#breadcrumb"},"inLanguage":"cs","potentialAction":[{"@type":"ReadAction","target":["https://www.domtechnikpro.com/index.php/produkt/omezena-nabidka-paska-izolacni-15-mm-10-m-cerna-13740/"]}]},{"@type":"ImageObject","inLanguage":"cs","@id":"https://www.domtechnikpro.com/index.php/produkt/omezena-nabidka-paska-izolacni-15-mm-10-m-cerna-13740/#primaryimage","url":"https://www.domtechnikpro.com/wp-content/uploads/2026/SK0001811-CZ20260425-091842-0-1777079922-tablet-54505.webp","contentUrl":"https://www.domtechnikpro.com/wp-content/uploads/2026/SK0001811-CZ20260425-091842-0-1777079922-tablet-54505.webp","width":800,"height":800},{"@type":"BreadcrumbList","@id":"https://www.domtechnikpro.com/index.php/produkt/omezena-nabidka-paska-izolacni-15-mm-10-m-cerna-13740/#breadcrumb","itemListElement":[{"@type":"ListItem","position":1,"name":"Home","item":"https://www.domtechnikpro.com/"},{"@type":"ListItem","position":2,"name":"Products","item":"https://www.domtechnikpro.com/index.php/products/"},{"@type":"ListItem","position":3,"name":"Omezená Nabídka Páska izolační 15 mm/10 m černá"}]},{"@type":"WebSite","@id":"https://www.domtechnikpro.com/#website","url":"https://www.domtechnikpro.com/","name":"","description":"","potentialAction":[{"@type":"SearchAction","target":{"@type":"EntryPoint","urlTemplate":"https://www.domtechnikpro.com/?s={search_term_string}"},"query-input":{"@type":"PropertyValueSpecification","valueRequired":true,"valueName":"search_term_string"}}],"inLanguage":"cs"}]}</script>
<!-- / Yoast SEO plugin. -->

Omezená Nabídka Páska izolační 15 mm/10 m černá -

Izolační páska splňuje směrnici Evropského parlamentu a Rady 2011/65/EU o omezení používání některých nebezpečných látek v elektrických a elektronických zařízeních.Jedná se o tzv. ROHS a nařízení Evropského parlamentu a Rady (ES) č. 1907/2006 o registraci, hodnocení, povolování a omezování chemických látek tzv. REACH.Izolační pásky IZOTAPE je možné použít do výroby na celém území EU.
