{"id":1321,"date":"2026-04-26T08:52:00","date_gmt":"2026-04-26T08:52:00","guid":{"rendered":""},"modified":"2026-04-26T08:52:00","modified_gmt":"2026-04-26T08:52:00","slug":"tonio-white-azzardo-zlevneny-1321","status":"publish","type":"product","link":"https:\/\/www.domtechnikpro.com\/index.php\/produkt\/tonio-white-azzardo-zlevneny-1321\/","title":{"rendered":"Tonio (white) &#8211; AZZARDO Zlevn\u011bn\u00fd"},"content":{"rendered":"<h3 class=\"product-h3\">Popis produktu<\/h3>\n<p>Stropn\u00ed p\u0159isazen\u00e9 sv\u00edtidlo Tonio z kolekce modern\u00edho osv\u011btlen\u00ed zna\u010dky Azzardo je vhodn\u00e9 jak do vnit\u0159n\u00edch, tak kryt\u00fdch venkovn\u00edch prostor, a to d\u00edky vy\u0161\u0161\u00edmu kryt\u00ed IP54, kter\u00e9 p\u0159edstavuje \u010d\u00e1ste\u010dnou ochranu p\u0159ed prachem a ochranu p\u0159ed st\u0159\u00edkaj\u00edc\u00ed vodou z ka\u017ed\u00e9ho sm\u011bru. Jeho hranat\u00fd jednoduch\u00fd design se hod\u00ed do ka\u017ed\u00e9 m\u00edstnosti. Sv\u00edtidlo je zhotoveno z hlin\u00edku v b\u00edl\u00e9 barv\u011b a osazeno patic\u00ed GU10 o maxim\u00e1ln\u00edm p\u0159\u00edkonu 1 x 50 W (zdroj nen\u00ed sou\u010d\u00e1st\u00ed balen\u00ed). Celkov\u00e9 rozm\u011bry \u010din\u00ed 11 x 9 x 9 cm. Sv\u00edtidlo je nap\u00e1jeno ze s\u00edt\u011b na 230 V a vztahuje se na n\u011bj z\u00e1ruka 3 roky.<\/p>\n<\/p><\/div>\n<\/p><\/div>\n<p><\/p>\n<div class=\"top-params\">\n<h3 class=\"product-h3 collapse-header \" data-toggle=\"collapse\" data-target=\"#collapseOne\" aria-expanded=\"true\" aria-controls=\"collapseOne\">Parametry<\/h3>\n<div id=\"collapseOne\" class=\"collapse show\" aria-labelledby=\"headingOne\" data-parent=\"#product-info-accordion1\">\n<table class=\"table-striped\">\n<tr>\n<td>                V\u00fd\u0161ka v mm            <\/td>\n<td>                110            <\/td>\n<\/tr>\n<tr>\n<td>                Hmotnost g            <\/td>\n<td>                700            <\/td>\n<\/tr>\n<tr>\n<td>                \u0160\u00ed\u0159ka v mm            <\/td>\n<td>                90            <\/td>\n<\/tr>\n<tr>\n<td>                D\u00e9lka v mm            <\/td>\n<td>                90            <\/td>\n<\/tr>\n<tr>\n<td>                Ochrana IP            <\/td>\n<td>                IP54            <\/td>\n<\/tr>\n<tr>\n<td>                Max. p\u0159\u00edkon sv\u011bteln\u00e9ho zdroje            <\/td>\n<td>                50W            <\/td>\n<\/tr>\n<tr>\n<td>                V\u00fdkon            <\/td>\n<td>                50W            <\/td>\n<\/tr>\n<tr>\n<td>                Nap\u00e1jec\u00ed nap\u011bt\u00ed            <\/td>\n<td>                220-240 V            <\/td>\n<\/tr>\n<tr>\n<td>                Patice            <\/td>\n<td>                GU10            <\/td>\n<\/tr>\n<tr>\n<td>                V\u010detn\u011b sv\u011bteln\u00e9ho zdroje            <\/td>\n<td>                ne            <\/td>\n<\/tr>\n<tr>\n<td>                Materi\u00e1l            <\/td>\n<td>                hlin\u00edk            <\/td>\n<\/tr>\n<tr>\n<td>                Barva            <\/td>\n<td>                b\u00edl\u00e1            <\/td>\n<\/tr>\n<tr>\n<td>                Kolekce            <\/td>\n<td>                Azzardo            <\/td>\n<\/tr>\n<tr>\n<td>                Po\u010det sv\u011bteln\u00fdch zdroj\u016f            <\/td>\n<td>                1            <\/td>\n<\/tr>\n<tr>\n<td>                V\u00fdrobce            <\/td>\n<td>                AZZARDO            <\/td>\n<\/tr>\n<tr>\n<td>                Index pod\u00e1n\u00ed barev            <\/td>\n<td>                80            <\/td>\n<\/tr>\n<\/table>\n<\/div><\/div>\n<\/div>\n<div class=\"accordion\" id=\"product-info-accordion2\">\n","protected":false},"excerpt":{"rendered":"<p>Popis produktu Stropn\u00ed p\u0159isazen\u00e9 sv\u00edtidlo Tonio z kolekce modern\u00edho osv\u011btlen\u00ed zna\u010dky Azzardo je vhodn\u00e9 jak do vnit\u0159n\u00edch, tak kryt\u00fdch venkovn\u00edch prostor, a to d\u00edky vy\u0161\u0161\u00edmu kryt\u00ed IP54, kter\u00e9 p\u0159edstavuje \u010d\u00e1ste\u010dnou ochranu p\u0159ed prachem a ochranu p\u0159ed st\u0159\u00edkaj\u00edc\u00ed vodou z ka\u017ed\u00e9ho sm\u011bru. Jeho hranat\u00fd jednoduch\u00fd design se hod\u00ed do ka\u017ed\u00e9 m\u00edstnosti. Sv\u00edtidlo je zhotoveno z hlin\u00edku [&hellip;]<\/p>\n","protected":false},"featured_media":1421,"comment_status":"open","ping_status":"open","template":"","meta":[],"product_brand":[],"product_cat":[34],"product_tag":[],"class_list":{"0":"post-1321","1":"product","2":"type-product","3":"status-publish","4":"has-post-thumbnail","6":"product_cat-venkovni-svitidla","8":"first","9":"instock","10":"sale","11":"shipping-taxable","12":"purchasable","13":"product-type-simple"},"yoast_head":"<!-- This site is optimized with the Yoast SEO plugin v26.8 - https:\/\/yoast.com\/product\/yoast-seo-wordpress\/ -->\n<title>Tonio (white) - AZZARDO Zlevn\u011bn\u00fd -<\/title>\n<meta name=\"robots\" content=\"index, follow, max-snippet:-1, max-image-preview:large, max-video-preview:-1\" \/>\n<link rel=\"canonical\" href=\"https:\/\/www.domtechnikpro.com\/index.php\/produkt\/tonio-white-azzardo-zlevneny-1321\/\" \/>\n<meta property=\"og:locale\" content=\"cs_CZ\" \/>\n<meta property=\"og:type\" content=\"article\" \/>\n<meta property=\"og:title\" content=\"Tonio (white) - AZZARDO Zlevn\u011bn\u00fd -\" \/>\n<meta property=\"og:description\" content=\"Popis produktu Stropn\u00ed p\u0159isazen\u00e9 sv\u00edtidlo Tonio z kolekce modern\u00edho osv\u011btlen\u00ed zna\u010dky Azzardo je vhodn\u00e9 jak do vnit\u0159n\u00edch, tak kryt\u00fdch venkovn\u00edch prostor, a to d\u00edky vy\u0161\u0161\u00edmu kryt\u00ed IP54, kter\u00e9 p\u0159edstavuje \u010d\u00e1ste\u010dnou ochranu p\u0159ed prachem a ochranu p\u0159ed st\u0159\u00edkaj\u00edc\u00ed vodou z ka\u017ed\u00e9ho sm\u011bru. Jeho hranat\u00fd jednoduch\u00fd design se hod\u00ed do ka\u017ed\u00e9 m\u00edstnosti. Sv\u00edtidlo je zhotoveno z hlin\u00edku [&hellip;]\" \/>\n<meta property=\"og:url\" content=\"https:\/\/www.domtechnikpro.com\/index.php\/produkt\/tonio-white-azzardo-zlevneny-1321\/\" \/>\n<meta property=\"og:image\" content=\"https:\/\/www.domtechnikpro.com\/wp-content\/uploads\/2026\/SK0002361-CZ20260425-091535-0-1777079743-AZZ-AZ0870.webp\" \/>\n\t<meta property=\"og:image:width\" content=\"480\" \/>\n\t<meta property=\"og:image:height\" content=\"597\" \/>\n\t<meta property=\"og:image:type\" content=\"image\/webp\" \/>\n<meta name=\"twitter:card\" content=\"summary_large_image\" \/>\n<meta name=\"twitter:label1\" content=\"Odhadovan\u00e1 doba \u010dten\u00ed\" \/>\n\t<meta name=\"twitter:data1\" content=\"1 minuta\" \/>\n<script type=\"application\/ld+json\" class=\"yoast-schema-graph\">{\"@context\":\"https:\/\/schema.org\",\"@graph\":[{\"@type\":\"WebPage\",\"@id\":\"https:\/\/www.domtechnikpro.com\/index.php\/produkt\/tonio-white-azzardo-zlevneny-1321\/\",\"url\":\"https:\/\/www.domtechnikpro.com\/index.php\/produkt\/tonio-white-azzardo-zlevneny-1321\/\",\"name\":\"Tonio (white) - AZZARDO Zlevn\u011bn\u00fd -\",\"isPartOf\":{\"@id\":\"https:\/\/www.domtechnikpro.com\/#website\"},\"primaryImageOfPage\":{\"@id\":\"https:\/\/www.domtechnikpro.com\/index.php\/produkt\/tonio-white-azzardo-zlevneny-1321\/#primaryimage\"},\"image\":{\"@id\":\"https:\/\/www.domtechnikpro.com\/index.php\/produkt\/tonio-white-azzardo-zlevneny-1321\/#primaryimage\"},\"thumbnailUrl\":\"https:\/\/www.domtechnikpro.com\/wp-content\/uploads\/2026\/SK0002361-CZ20260425-091535-0-1777079743-AZZ-AZ0870.webp\",\"datePublished\":\"2026-04-26T08:52:00+00:00\",\"breadcrumb\":{\"@id\":\"https:\/\/www.domtechnikpro.com\/index.php\/produkt\/tonio-white-azzardo-zlevneny-1321\/#breadcrumb\"},\"inLanguage\":\"cs\",\"potentialAction\":[{\"@type\":\"ReadAction\",\"target\":[\"https:\/\/www.domtechnikpro.com\/index.php\/produkt\/tonio-white-azzardo-zlevneny-1321\/\"]}]},{\"@type\":\"ImageObject\",\"inLanguage\":\"cs\",\"@id\":\"https:\/\/www.domtechnikpro.com\/index.php\/produkt\/tonio-white-azzardo-zlevneny-1321\/#primaryimage\",\"url\":\"https:\/\/www.domtechnikpro.com\/wp-content\/uploads\/2026\/SK0002361-CZ20260425-091535-0-1777079743-AZZ-AZ0870.webp\",\"contentUrl\":\"https:\/\/www.domtechnikpro.com\/wp-content\/uploads\/2026\/SK0002361-CZ20260425-091535-0-1777079743-AZZ-AZ0870.webp\",\"width\":480,\"height\":597},{\"@type\":\"BreadcrumbList\",\"@id\":\"https:\/\/www.domtechnikpro.com\/index.php\/produkt\/tonio-white-azzardo-zlevneny-1321\/#breadcrumb\",\"itemListElement\":[{\"@type\":\"ListItem\",\"position\":1,\"name\":\"Home\",\"item\":\"https:\/\/www.domtechnikpro.com\/\"},{\"@type\":\"ListItem\",\"position\":2,\"name\":\"Products\",\"item\":\"https:\/\/www.domtechnikpro.com\/index.php\/products\/\"},{\"@type\":\"ListItem\",\"position\":3,\"name\":\"Tonio (white) &#8211; AZZARDO Zlevn\u011bn\u00fd\"}]},{\"@type\":\"WebSite\",\"@id\":\"https:\/\/www.domtechnikpro.com\/#website\",\"url\":\"https:\/\/www.domtechnikpro.com\/\",\"name\":\"\",\"description\":\"\",\"potentialAction\":[{\"@type\":\"SearchAction\",\"target\":{\"@type\":\"EntryPoint\",\"urlTemplate\":\"https:\/\/www.domtechnikpro.com\/?s={search_term_string}\"},\"query-input\":{\"@type\":\"PropertyValueSpecification\",\"valueRequired\":true,\"valueName\":\"search_term_string\"}}],\"inLanguage\":\"cs\"}]}<\/script>\n<!-- \/ Yoast SEO plugin. -->","yoast_head_json":{"title":"Tonio (white) - AZZARDO Zlevn\u011bn\u00fd -","robots":{"index":"index","follow":"follow","max-snippet":"max-snippet:-1","max-image-preview":"max-image-preview:large","max-video-preview":"max-video-preview:-1"},"canonical":"https:\/\/www.domtechnikpro.com\/index.php\/produkt\/tonio-white-azzardo-zlevneny-1321\/","og_locale":"cs_CZ","og_type":"article","og_title":"Tonio (white) - AZZARDO Zlevn\u011bn\u00fd -","og_description":"Popis produktu Stropn\u00ed p\u0159isazen\u00e9 sv\u00edtidlo Tonio z kolekce modern\u00edho osv\u011btlen\u00ed zna\u010dky Azzardo je vhodn\u00e9 jak do vnit\u0159n\u00edch, tak kryt\u00fdch venkovn\u00edch prostor, a to d\u00edky vy\u0161\u0161\u00edmu kryt\u00ed IP54, kter\u00e9 p\u0159edstavuje \u010d\u00e1ste\u010dnou ochranu p\u0159ed prachem a ochranu p\u0159ed st\u0159\u00edkaj\u00edc\u00ed vodou z ka\u017ed\u00e9ho sm\u011bru. Jeho hranat\u00fd jednoduch\u00fd design se hod\u00ed do ka\u017ed\u00e9 m\u00edstnosti. Sv\u00edtidlo je zhotoveno z hlin\u00edku [&hellip;]","og_url":"https:\/\/www.domtechnikpro.com\/index.php\/produkt\/tonio-white-azzardo-zlevneny-1321\/","og_image":[{"width":480,"height":597,"url":"https:\/\/www.domtechnikpro.com\/wp-content\/uploads\/2026\/SK0002361-CZ20260425-091535-0-1777079743-AZZ-AZ0870.webp","type":"image\/webp"}],"twitter_card":"summary_large_image","twitter_misc":{"Odhadovan\u00e1 doba \u010dten\u00ed":"1 minuta"},"schema":{"@context":"https:\/\/schema.org","@graph":[{"@type":"WebPage","@id":"https:\/\/www.domtechnikpro.com\/index.php\/produkt\/tonio-white-azzardo-zlevneny-1321\/","url":"https:\/\/www.domtechnikpro.com\/index.php\/produkt\/tonio-white-azzardo-zlevneny-1321\/","name":"Tonio (white) - AZZARDO Zlevn\u011bn\u00fd -","isPartOf":{"@id":"https:\/\/www.domtechnikpro.com\/#website"},"primaryImageOfPage":{"@id":"https:\/\/www.domtechnikpro.com\/index.php\/produkt\/tonio-white-azzardo-zlevneny-1321\/#primaryimage"},"image":{"@id":"https:\/\/www.domtechnikpro.com\/index.php\/produkt\/tonio-white-azzardo-zlevneny-1321\/#primaryimage"},"thumbnailUrl":"https:\/\/www.domtechnikpro.com\/wp-content\/uploads\/2026\/SK0002361-CZ20260425-091535-0-1777079743-AZZ-AZ0870.webp","datePublished":"2026-04-26T08:52:00+00:00","breadcrumb":{"@id":"https:\/\/www.domtechnikpro.com\/index.php\/produkt\/tonio-white-azzardo-zlevneny-1321\/#breadcrumb"},"inLanguage":"cs","potentialAction":[{"@type":"ReadAction","target":["https:\/\/www.domtechnikpro.com\/index.php\/produkt\/tonio-white-azzardo-zlevneny-1321\/"]}]},{"@type":"ImageObject","inLanguage":"cs","@id":"https:\/\/www.domtechnikpro.com\/index.php\/produkt\/tonio-white-azzardo-zlevneny-1321\/#primaryimage","url":"https:\/\/www.domtechnikpro.com\/wp-content\/uploads\/2026\/SK0002361-CZ20260425-091535-0-1777079743-AZZ-AZ0870.webp","contentUrl":"https:\/\/www.domtechnikpro.com\/wp-content\/uploads\/2026\/SK0002361-CZ20260425-091535-0-1777079743-AZZ-AZ0870.webp","width":480,"height":597},{"@type":"BreadcrumbList","@id":"https:\/\/www.domtechnikpro.com\/index.php\/produkt\/tonio-white-azzardo-zlevneny-1321\/#breadcrumb","itemListElement":[{"@type":"ListItem","position":1,"name":"Home","item":"https:\/\/www.domtechnikpro.com\/"},{"@type":"ListItem","position":2,"name":"Products","item":"https:\/\/www.domtechnikpro.com\/index.php\/products\/"},{"@type":"ListItem","position":3,"name":"Tonio (white) &#8211; AZZARDO Zlevn\u011bn\u00fd"}]},{"@type":"WebSite","@id":"https:\/\/www.domtechnikpro.com\/#website","url":"https:\/\/www.domtechnikpro.com\/","name":"","description":"","potentialAction":[{"@type":"SearchAction","target":{"@type":"EntryPoint","urlTemplate":"https:\/\/www.domtechnikpro.com\/?s={search_term_string}"},"query-input":{"@type":"PropertyValueSpecification","valueRequired":true,"valueName":"search_term_string"}}],"inLanguage":"cs"}]}},"_links":{"self":[{"href":"https:\/\/www.domtechnikpro.com\/index.php\/wp-json\/wp\/v2\/product\/1321","targetHints":{"allow":["GET"]}}],"collection":[{"href":"https:\/\/www.domtechnikpro.com\/index.php\/wp-json\/wp\/v2\/product"}],"about":[{"href":"https:\/\/www.domtechnikpro.com\/index.php\/wp-json\/wp\/v2\/types\/product"}],"replies":[{"embeddable":true,"href":"https:\/\/www.domtechnikpro.com\/index.php\/wp-json\/wp\/v2\/comments?post=1321"}],"wp:featuredmedia":[{"embeddable":true,"href":"https:\/\/www.domtechnikpro.com\/index.php\/wp-json\/wp\/v2\/media\/1421"}],"wp:attachment":[{"href":"https:\/\/www.domtechnikpro.com\/index.php\/wp-json\/wp\/v2\/media?parent=1321"}],"wp:term":[{"taxonomy":"product_brand","embeddable":true,"href":"https:\/\/www.domtechnikpro.com\/index.php\/wp-json\/wp\/v2\/product_brand?post=1321"},{"taxonomy":"product_cat","embeddable":true,"href":"https:\/\/www.domtechnikpro.com\/index.php\/wp-json\/wp\/v2\/product_cat?post=1321"},{"taxonomy":"product_tag","embeddable":true,"href":"https:\/\/www.domtechnikpro.com\/index.php\/wp-json\/wp\/v2\/product_tag?post=1321"}],"curies":[{"name":"wp","href":"https:\/\/api.w.org\/{rel}","templated":true}]}}