{"id":12716,"date":"2026-04-26T08:53:27","date_gmt":"2026-04-26T08:53:27","guid":{"rendered":""},"modified":"2026-04-26T08:53:27","modified_gmt":"2026-04-26T08:53:27","slug":"pridavny-talir-ejot-vt-90-bal-100-ks-oblibeny-12716","status":"publish","type":"product","link":"https:\/\/www.domtechnikpro.com\/index.php\/produkt\/pridavny-talir-ejot-vt-90-bal-100-ks-oblibeny-12716\/","title":{"rendered":"P\u0159\u00eddavn\u00fd tal\u00ed\u0159 Ejot VT 90  (bal. 100 ks) Obl\u00edben\u00fd"},"content":{"rendered":"<div class=\"tmc_edt\">\n<ul>\n<li><font face=\"Segoe UI\">speci\u00e1ln\u011b pro lamelov\u00e9 desky MW s kolm\u00fdm vl\u00e1knem&nbsp;<font face=\"Segoe UI\">&nbsp;<\/font><\/font><\/li>\n<li><font face=\"Segoe UI\">pouze pro hmo\u017edinky EJOT v\u010detn\u011b typu ejotherm<\/font><\/li>\n<\/ul><\/div>\n<\/p><\/div>\n","protected":false},"excerpt":{"rendered":"<p>speci\u00e1ln\u011b pro lamelov\u00e9 desky MW s kolm\u00fdm vl\u00e1knem&nbsp;&nbsp; pouze pro hmo\u017edinky EJOT v\u010detn\u011b typu ejotherm<\/p>\n","protected":false},"featured_media":12816,"comment_status":"open","ping_status":"open","template":"","meta":[],"product_brand":[],"product_cat":[68],"product_tag":[],"class_list":{"0":"post-12716","1":"product","2":"type-product","3":"status-publish","4":"has-post-thumbnail","6":"product_cat-sucha-vystavba","8":"first","9":"instock","10":"sale","11":"shipping-taxable","12":"purchasable","13":"product-type-simple"},"yoast_head":"<!-- This site is optimized with the Yoast SEO plugin v26.8 - https:\/\/yoast.com\/product\/yoast-seo-wordpress\/ -->\n<title>P\u0159\u00eddavn\u00fd tal\u00ed\u0159 Ejot VT 90 (bal. 100 ks) Obl\u00edben\u00fd -<\/title>\n<meta name=\"robots\" content=\"index, follow, max-snippet:-1, max-image-preview:large, max-video-preview:-1\" \/>\n<link rel=\"canonical\" href=\"https:\/\/www.domtechnikpro.com\/index.php\/produkt\/pridavny-talir-ejot-vt-90-bal-100-ks-oblibeny-12716\/\" \/>\n<meta property=\"og:locale\" content=\"cs_CZ\" \/>\n<meta property=\"og:type\" content=\"article\" \/>\n<meta property=\"og:title\" content=\"P\u0159\u00eddavn\u00fd tal\u00ed\u0159 Ejot VT 90 (bal. 100 ks) Obl\u00edben\u00fd -\" \/>\n<meta property=\"og:description\" content=\"speci\u00e1ln\u011b pro lamelov\u00e9 desky MW s kolm\u00fdm vl\u00e1knem&nbsp;&nbsp; pouze pro hmo\u017edinky EJOT v\u010detn\u011b typu ejotherm\" \/>\n<meta property=\"og:url\" content=\"https:\/\/www.domtechnikpro.com\/index.php\/produkt\/pridavny-talir-ejot-vt-90-bal-100-ks-oblibeny-12716\/\" \/>\n<meta property=\"og:image\" content=\"https:\/\/www.domtechnikpro.com\/wp-content\/uploads\/2026\/SK0002790-CZ20260425-091813-0-1777079894-gall_2159adba-09de-48a0-b341-01b7b65e474520660-likov-pridav.webp\" \/>\n\t<meta property=\"og:image:width\" content=\"300\" \/>\n\t<meta property=\"og:image:height\" content=\"300\" \/>\n\t<meta property=\"og:image:type\" content=\"image\/webp\" \/>\n<meta name=\"twitter:card\" content=\"summary_large_image\" \/>\n<script type=\"application\/ld+json\" class=\"yoast-schema-graph\">{\"@context\":\"https:\/\/schema.org\",\"@graph\":[{\"@type\":\"WebPage\",\"@id\":\"https:\/\/www.domtechnikpro.com\/index.php\/produkt\/pridavny-talir-ejot-vt-90-bal-100-ks-oblibeny-12716\/\",\"url\":\"https:\/\/www.domtechnikpro.com\/index.php\/produkt\/pridavny-talir-ejot-vt-90-bal-100-ks-oblibeny-12716\/\",\"name\":\"P\u0159\u00eddavn\u00fd tal\u00ed\u0159 Ejot VT 90 (bal. 100 ks) Obl\u00edben\u00fd -\",\"isPartOf\":{\"@id\":\"https:\/\/www.domtechnikpro.com\/#website\"},\"primaryImageOfPage\":{\"@id\":\"https:\/\/www.domtechnikpro.com\/index.php\/produkt\/pridavny-talir-ejot-vt-90-bal-100-ks-oblibeny-12716\/#primaryimage\"},\"image\":{\"@id\":\"https:\/\/www.domtechnikpro.com\/index.php\/produkt\/pridavny-talir-ejot-vt-90-bal-100-ks-oblibeny-12716\/#primaryimage\"},\"thumbnailUrl\":\"https:\/\/www.domtechnikpro.com\/wp-content\/uploads\/2026\/SK0002790-CZ20260425-091813-0-1777079894-gall_2159adba-09de-48a0-b341-01b7b65e474520660-likov-pridav.webp\",\"datePublished\":\"2026-04-26T08:53:27+00:00\",\"breadcrumb\":{\"@id\":\"https:\/\/www.domtechnikpro.com\/index.php\/produkt\/pridavny-talir-ejot-vt-90-bal-100-ks-oblibeny-12716\/#breadcrumb\"},\"inLanguage\":\"cs\",\"potentialAction\":[{\"@type\":\"ReadAction\",\"target\":[\"https:\/\/www.domtechnikpro.com\/index.php\/produkt\/pridavny-talir-ejot-vt-90-bal-100-ks-oblibeny-12716\/\"]}]},{\"@type\":\"ImageObject\",\"inLanguage\":\"cs\",\"@id\":\"https:\/\/www.domtechnikpro.com\/index.php\/produkt\/pridavny-talir-ejot-vt-90-bal-100-ks-oblibeny-12716\/#primaryimage\",\"url\":\"https:\/\/www.domtechnikpro.com\/wp-content\/uploads\/2026\/SK0002790-CZ20260425-091813-0-1777079894-gall_2159adba-09de-48a0-b341-01b7b65e474520660-likov-pridav.webp\",\"contentUrl\":\"https:\/\/www.domtechnikpro.com\/wp-content\/uploads\/2026\/SK0002790-CZ20260425-091813-0-1777079894-gall_2159adba-09de-48a0-b341-01b7b65e474520660-likov-pridav.webp\",\"width\":300,\"height\":300},{\"@type\":\"BreadcrumbList\",\"@id\":\"https:\/\/www.domtechnikpro.com\/index.php\/produkt\/pridavny-talir-ejot-vt-90-bal-100-ks-oblibeny-12716\/#breadcrumb\",\"itemListElement\":[{\"@type\":\"ListItem\",\"position\":1,\"name\":\"Home\",\"item\":\"https:\/\/www.domtechnikpro.com\/\"},{\"@type\":\"ListItem\",\"position\":2,\"name\":\"Products\",\"item\":\"https:\/\/www.domtechnikpro.com\/index.php\/products\/\"},{\"@type\":\"ListItem\",\"position\":3,\"name\":\"P\u0159\u00eddavn\u00fd tal\u00ed\u0159 Ejot VT 90 (bal. 100 ks) Obl\u00edben\u00fd\"}]},{\"@type\":\"WebSite\",\"@id\":\"https:\/\/www.domtechnikpro.com\/#website\",\"url\":\"https:\/\/www.domtechnikpro.com\/\",\"name\":\"\",\"description\":\"\",\"potentialAction\":[{\"@type\":\"SearchAction\",\"target\":{\"@type\":\"EntryPoint\",\"urlTemplate\":\"https:\/\/www.domtechnikpro.com\/?s={search_term_string}\"},\"query-input\":{\"@type\":\"PropertyValueSpecification\",\"valueRequired\":true,\"valueName\":\"search_term_string\"}}],\"inLanguage\":\"cs\"}]}<\/script>\n<!-- \/ Yoast SEO plugin. -->","yoast_head_json":{"title":"P\u0159\u00eddavn\u00fd tal\u00ed\u0159 Ejot VT 90 (bal. 100 ks) Obl\u00edben\u00fd -","robots":{"index":"index","follow":"follow","max-snippet":"max-snippet:-1","max-image-preview":"max-image-preview:large","max-video-preview":"max-video-preview:-1"},"canonical":"https:\/\/www.domtechnikpro.com\/index.php\/produkt\/pridavny-talir-ejot-vt-90-bal-100-ks-oblibeny-12716\/","og_locale":"cs_CZ","og_type":"article","og_title":"P\u0159\u00eddavn\u00fd tal\u00ed\u0159 Ejot VT 90 (bal. 100 ks) Obl\u00edben\u00fd -","og_description":"speci\u00e1ln\u011b pro lamelov\u00e9 desky MW s kolm\u00fdm vl\u00e1knem&nbsp;&nbsp; pouze pro hmo\u017edinky EJOT v\u010detn\u011b typu ejotherm","og_url":"https:\/\/www.domtechnikpro.com\/index.php\/produkt\/pridavny-talir-ejot-vt-90-bal-100-ks-oblibeny-12716\/","og_image":[{"width":300,"height":300,"url":"https:\/\/www.domtechnikpro.com\/wp-content\/uploads\/2026\/SK0002790-CZ20260425-091813-0-1777079894-gall_2159adba-09de-48a0-b341-01b7b65e474520660-likov-pridav.webp","type":"image\/webp"}],"twitter_card":"summary_large_image","schema":{"@context":"https:\/\/schema.org","@graph":[{"@type":"WebPage","@id":"https:\/\/www.domtechnikpro.com\/index.php\/produkt\/pridavny-talir-ejot-vt-90-bal-100-ks-oblibeny-12716\/","url":"https:\/\/www.domtechnikpro.com\/index.php\/produkt\/pridavny-talir-ejot-vt-90-bal-100-ks-oblibeny-12716\/","name":"P\u0159\u00eddavn\u00fd tal\u00ed\u0159 Ejot VT 90 (bal. 100 ks) Obl\u00edben\u00fd -","isPartOf":{"@id":"https:\/\/www.domtechnikpro.com\/#website"},"primaryImageOfPage":{"@id":"https:\/\/www.domtechnikpro.com\/index.php\/produkt\/pridavny-talir-ejot-vt-90-bal-100-ks-oblibeny-12716\/#primaryimage"},"image":{"@id":"https:\/\/www.domtechnikpro.com\/index.php\/produkt\/pridavny-talir-ejot-vt-90-bal-100-ks-oblibeny-12716\/#primaryimage"},"thumbnailUrl":"https:\/\/www.domtechnikpro.com\/wp-content\/uploads\/2026\/SK0002790-CZ20260425-091813-0-1777079894-gall_2159adba-09de-48a0-b341-01b7b65e474520660-likov-pridav.webp","datePublished":"2026-04-26T08:53:27+00:00","breadcrumb":{"@id":"https:\/\/www.domtechnikpro.com\/index.php\/produkt\/pridavny-talir-ejot-vt-90-bal-100-ks-oblibeny-12716\/#breadcrumb"},"inLanguage":"cs","potentialAction":[{"@type":"ReadAction","target":["https:\/\/www.domtechnikpro.com\/index.php\/produkt\/pridavny-talir-ejot-vt-90-bal-100-ks-oblibeny-12716\/"]}]},{"@type":"ImageObject","inLanguage":"cs","@id":"https:\/\/www.domtechnikpro.com\/index.php\/produkt\/pridavny-talir-ejot-vt-90-bal-100-ks-oblibeny-12716\/#primaryimage","url":"https:\/\/www.domtechnikpro.com\/wp-content\/uploads\/2026\/SK0002790-CZ20260425-091813-0-1777079894-gall_2159adba-09de-48a0-b341-01b7b65e474520660-likov-pridav.webp","contentUrl":"https:\/\/www.domtechnikpro.com\/wp-content\/uploads\/2026\/SK0002790-CZ20260425-091813-0-1777079894-gall_2159adba-09de-48a0-b341-01b7b65e474520660-likov-pridav.webp","width":300,"height":300},{"@type":"BreadcrumbList","@id":"https:\/\/www.domtechnikpro.com\/index.php\/produkt\/pridavny-talir-ejot-vt-90-bal-100-ks-oblibeny-12716\/#breadcrumb","itemListElement":[{"@type":"ListItem","position":1,"name":"Home","item":"https:\/\/www.domtechnikpro.com\/"},{"@type":"ListItem","position":2,"name":"Products","item":"https:\/\/www.domtechnikpro.com\/index.php\/products\/"},{"@type":"ListItem","position":3,"name":"P\u0159\u00eddavn\u00fd tal\u00ed\u0159 Ejot VT 90 (bal. 100 ks) Obl\u00edben\u00fd"}]},{"@type":"WebSite","@id":"https:\/\/www.domtechnikpro.com\/#website","url":"https:\/\/www.domtechnikpro.com\/","name":"","description":"","potentialAction":[{"@type":"SearchAction","target":{"@type":"EntryPoint","urlTemplate":"https:\/\/www.domtechnikpro.com\/?s={search_term_string}"},"query-input":{"@type":"PropertyValueSpecification","valueRequired":true,"valueName":"search_term_string"}}],"inLanguage":"cs"}]}},"_links":{"self":[{"href":"https:\/\/www.domtechnikpro.com\/index.php\/wp-json\/wp\/v2\/product\/12716","targetHints":{"allow":["GET"]}}],"collection":[{"href":"https:\/\/www.domtechnikpro.com\/index.php\/wp-json\/wp\/v2\/product"}],"about":[{"href":"https:\/\/www.domtechnikpro.com\/index.php\/wp-json\/wp\/v2\/types\/product"}],"replies":[{"embeddable":true,"href":"https:\/\/www.domtechnikpro.com\/index.php\/wp-json\/wp\/v2\/comments?post=12716"}],"wp:featuredmedia":[{"embeddable":true,"href":"https:\/\/www.domtechnikpro.com\/index.php\/wp-json\/wp\/v2\/media\/12816"}],"wp:attachment":[{"href":"https:\/\/www.domtechnikpro.com\/index.php\/wp-json\/wp\/v2\/media?parent=12716"}],"wp:term":[{"taxonomy":"product_brand","embeddable":true,"href":"https:\/\/www.domtechnikpro.com\/index.php\/wp-json\/wp\/v2\/product_brand?post=12716"},{"taxonomy":"product_cat","embeddable":true,"href":"https:\/\/www.domtechnikpro.com\/index.php\/wp-json\/wp\/v2\/product_cat?post=12716"},{"taxonomy":"product_tag","embeddable":true,"href":"https:\/\/www.domtechnikpro.com\/index.php\/wp-json\/wp\/v2\/product_tag?post=12716"}],"curies":[{"name":"wp","href":"https:\/\/api.w.org\/{rel}","templated":true}]}}