{"id":12713,"date":"2026-04-26T08:53:27","date_gmt":"2026-04-26T08:53:27","guid":{"rendered":""},"modified":"2026-04-26T08:53:27","modified_gmt":"2026-04-26T08:53:27","slug":"darkovy-poukaz-v-hodnote-2-000-kc-nova-kolekce-12713","status":"publish","type":"product","link":"https:\/\/www.domtechnikpro.com\/index.php\/produkt\/darkovy-poukaz-v-hodnote-2-000-kc-nova-kolekce-12713\/","title":{"rendered":"D\u00e1rkov\u00fd poukaz v hodnot\u011b 2 000,- K\u010d Nov\u00e1 Kolekce"},"content":{"rendered":"<div class=\"tmc_edt\">\n<ul>\n<li><font face=\"Segoe UI\">Na odb\u011br stavebn\u00edho materi\u00e1lu dle vlastn\u00edho v\u00fdb\u011bru v hodnot\u011b 2000 K\u010d v\u010d. DPH.<\/font><\/li>\n<li><font face=\"Segoe UI\">Poukaz lze uplatnin v prodejn\u011b STAVIVA.COM i na e-shopu.<\/font><\/li>\n<\/ul><\/div>\n<\/p><\/div>\n","protected":false},"excerpt":{"rendered":"<p>Na odb\u011br stavebn\u00edho materi\u00e1lu dle vlastn\u00edho v\u00fdb\u011bru v hodnot\u011b 2000 K\u010d v\u010d. DPH. Poukaz lze uplatnin v prodejn\u011b STAVIVA.COM i na e-shopu.<\/p>\n","protected":false},"featured_media":12813,"comment_status":"open","ping_status":"open","template":"","meta":[],"product_brand":[],"product_cat":[33],"product_tag":[],"class_list":{"0":"post-12713","1":"product","2":"type-product","3":"status-publish","4":"has-post-thumbnail","6":"product_cat-nejlepsi-prodejci","8":"first","9":"instock","10":"sale","11":"shipping-taxable","12":"purchasable","13":"product-type-simple"},"yoast_head":"<!-- This site is optimized with the Yoast SEO plugin v26.8 - https:\/\/yoast.com\/product\/yoast-seo-wordpress\/ -->\n<title>D\u00e1rkov\u00fd poukaz v hodnot\u011b 2 000,- K\u010d Nov\u00e1 Kolekce -<\/title>\n<meta name=\"robots\" content=\"index, follow, max-snippet:-1, max-image-preview:large, max-video-preview:-1\" \/>\n<link rel=\"canonical\" href=\"https:\/\/www.domtechnikpro.com\/index.php\/produkt\/darkovy-poukaz-v-hodnote-2-000-kc-nova-kolekce-12713\/\" \/>\n<meta property=\"og:locale\" content=\"cs_CZ\" \/>\n<meta property=\"og:type\" content=\"article\" \/>\n<meta property=\"og:title\" content=\"D\u00e1rkov\u00fd poukaz v hodnot\u011b 2 000,- K\u010d Nov\u00e1 Kolekce -\" \/>\n<meta property=\"og:description\" content=\"Na odb\u011br stavebn\u00edho materi\u00e1lu dle vlastn\u00edho v\u00fdb\u011bru v hodnot\u011b 2000 K\u010d v\u010d. DPH. Poukaz lze uplatnin v prodejn\u011b STAVIVA.COM i na e-shopu.\" \/>\n<meta property=\"og:url\" content=\"https:\/\/www.domtechnikpro.com\/index.php\/produkt\/darkovy-poukaz-v-hodnote-2-000-kc-nova-kolekce-12713\/\" \/>\n<meta property=\"og:image\" content=\"https:\/\/www.domtechnikpro.com\/wp-content\/uploads\/2026\/SK0002786-CZ20260425-091813-0-1777079894-gall_ccee998e-c047-44bd-b850-a93087a4573920619-staviva-dark.webp\" \/>\n\t<meta property=\"og:image:width\" content=\"420\" \/>\n\t<meta property=\"og:image:height\" content=\"282\" \/>\n\t<meta property=\"og:image:type\" content=\"image\/webp\" \/>\n<meta name=\"twitter:card\" content=\"summary_large_image\" \/>\n<script type=\"application\/ld+json\" class=\"yoast-schema-graph\">{\"@context\":\"https:\/\/schema.org\",\"@graph\":[{\"@type\":\"WebPage\",\"@id\":\"https:\/\/www.domtechnikpro.com\/index.php\/produkt\/darkovy-poukaz-v-hodnote-2-000-kc-nova-kolekce-12713\/\",\"url\":\"https:\/\/www.domtechnikpro.com\/index.php\/produkt\/darkovy-poukaz-v-hodnote-2-000-kc-nova-kolekce-12713\/\",\"name\":\"D\u00e1rkov\u00fd poukaz v hodnot\u011b 2 000,- K\u010d Nov\u00e1 Kolekce -\",\"isPartOf\":{\"@id\":\"https:\/\/www.domtechnikpro.com\/#website\"},\"primaryImageOfPage\":{\"@id\":\"https:\/\/www.domtechnikpro.com\/index.php\/produkt\/darkovy-poukaz-v-hodnote-2-000-kc-nova-kolekce-12713\/#primaryimage\"},\"image\":{\"@id\":\"https:\/\/www.domtechnikpro.com\/index.php\/produkt\/darkovy-poukaz-v-hodnote-2-000-kc-nova-kolekce-12713\/#primaryimage\"},\"thumbnailUrl\":\"https:\/\/www.domtechnikpro.com\/wp-content\/uploads\/2026\/SK0002786-CZ20260425-091813-0-1777079894-gall_ccee998e-c047-44bd-b850-a93087a4573920619-staviva-dark.webp\",\"datePublished\":\"2026-04-26T08:53:27+00:00\",\"breadcrumb\":{\"@id\":\"https:\/\/www.domtechnikpro.com\/index.php\/produkt\/darkovy-poukaz-v-hodnote-2-000-kc-nova-kolekce-12713\/#breadcrumb\"},\"inLanguage\":\"cs\",\"potentialAction\":[{\"@type\":\"ReadAction\",\"target\":[\"https:\/\/www.domtechnikpro.com\/index.php\/produkt\/darkovy-poukaz-v-hodnote-2-000-kc-nova-kolekce-12713\/\"]}]},{\"@type\":\"ImageObject\",\"inLanguage\":\"cs\",\"@id\":\"https:\/\/www.domtechnikpro.com\/index.php\/produkt\/darkovy-poukaz-v-hodnote-2-000-kc-nova-kolekce-12713\/#primaryimage\",\"url\":\"https:\/\/www.domtechnikpro.com\/wp-content\/uploads\/2026\/SK0002786-CZ20260425-091813-0-1777079894-gall_ccee998e-c047-44bd-b850-a93087a4573920619-staviva-dark.webp\",\"contentUrl\":\"https:\/\/www.domtechnikpro.com\/wp-content\/uploads\/2026\/SK0002786-CZ20260425-091813-0-1777079894-gall_ccee998e-c047-44bd-b850-a93087a4573920619-staviva-dark.webp\",\"width\":420,\"height\":282},{\"@type\":\"BreadcrumbList\",\"@id\":\"https:\/\/www.domtechnikpro.com\/index.php\/produkt\/darkovy-poukaz-v-hodnote-2-000-kc-nova-kolekce-12713\/#breadcrumb\",\"itemListElement\":[{\"@type\":\"ListItem\",\"position\":1,\"name\":\"Home\",\"item\":\"https:\/\/www.domtechnikpro.com\/\"},{\"@type\":\"ListItem\",\"position\":2,\"name\":\"Products\",\"item\":\"https:\/\/www.domtechnikpro.com\/index.php\/products\/\"},{\"@type\":\"ListItem\",\"position\":3,\"name\":\"D\u00e1rkov\u00fd poukaz v hodnot\u011b 2 000,- K\u010d Nov\u00e1 Kolekce\"}]},{\"@type\":\"WebSite\",\"@id\":\"https:\/\/www.domtechnikpro.com\/#website\",\"url\":\"https:\/\/www.domtechnikpro.com\/\",\"name\":\"\",\"description\":\"\",\"potentialAction\":[{\"@type\":\"SearchAction\",\"target\":{\"@type\":\"EntryPoint\",\"urlTemplate\":\"https:\/\/www.domtechnikpro.com\/?s={search_term_string}\"},\"query-input\":{\"@type\":\"PropertyValueSpecification\",\"valueRequired\":true,\"valueName\":\"search_term_string\"}}],\"inLanguage\":\"cs\"}]}<\/script>\n<!-- \/ Yoast SEO plugin. -->","yoast_head_json":{"title":"D\u00e1rkov\u00fd poukaz v hodnot\u011b 2 000,- K\u010d Nov\u00e1 Kolekce -","robots":{"index":"index","follow":"follow","max-snippet":"max-snippet:-1","max-image-preview":"max-image-preview:large","max-video-preview":"max-video-preview:-1"},"canonical":"https:\/\/www.domtechnikpro.com\/index.php\/produkt\/darkovy-poukaz-v-hodnote-2-000-kc-nova-kolekce-12713\/","og_locale":"cs_CZ","og_type":"article","og_title":"D\u00e1rkov\u00fd poukaz v hodnot\u011b 2 000,- K\u010d Nov\u00e1 Kolekce -","og_description":"Na odb\u011br stavebn\u00edho materi\u00e1lu dle vlastn\u00edho v\u00fdb\u011bru v hodnot\u011b 2000 K\u010d v\u010d. DPH. Poukaz lze uplatnin v prodejn\u011b STAVIVA.COM i na e-shopu.","og_url":"https:\/\/www.domtechnikpro.com\/index.php\/produkt\/darkovy-poukaz-v-hodnote-2-000-kc-nova-kolekce-12713\/","og_image":[{"width":420,"height":282,"url":"https:\/\/www.domtechnikpro.com\/wp-content\/uploads\/2026\/SK0002786-CZ20260425-091813-0-1777079894-gall_ccee998e-c047-44bd-b850-a93087a4573920619-staviva-dark.webp","type":"image\/webp"}],"twitter_card":"summary_large_image","schema":{"@context":"https:\/\/schema.org","@graph":[{"@type":"WebPage","@id":"https:\/\/www.domtechnikpro.com\/index.php\/produkt\/darkovy-poukaz-v-hodnote-2-000-kc-nova-kolekce-12713\/","url":"https:\/\/www.domtechnikpro.com\/index.php\/produkt\/darkovy-poukaz-v-hodnote-2-000-kc-nova-kolekce-12713\/","name":"D\u00e1rkov\u00fd poukaz v hodnot\u011b 2 000,- K\u010d Nov\u00e1 Kolekce -","isPartOf":{"@id":"https:\/\/www.domtechnikpro.com\/#website"},"primaryImageOfPage":{"@id":"https:\/\/www.domtechnikpro.com\/index.php\/produkt\/darkovy-poukaz-v-hodnote-2-000-kc-nova-kolekce-12713\/#primaryimage"},"image":{"@id":"https:\/\/www.domtechnikpro.com\/index.php\/produkt\/darkovy-poukaz-v-hodnote-2-000-kc-nova-kolekce-12713\/#primaryimage"},"thumbnailUrl":"https:\/\/www.domtechnikpro.com\/wp-content\/uploads\/2026\/SK0002786-CZ20260425-091813-0-1777079894-gall_ccee998e-c047-44bd-b850-a93087a4573920619-staviva-dark.webp","datePublished":"2026-04-26T08:53:27+00:00","breadcrumb":{"@id":"https:\/\/www.domtechnikpro.com\/index.php\/produkt\/darkovy-poukaz-v-hodnote-2-000-kc-nova-kolekce-12713\/#breadcrumb"},"inLanguage":"cs","potentialAction":[{"@type":"ReadAction","target":["https:\/\/www.domtechnikpro.com\/index.php\/produkt\/darkovy-poukaz-v-hodnote-2-000-kc-nova-kolekce-12713\/"]}]},{"@type":"ImageObject","inLanguage":"cs","@id":"https:\/\/www.domtechnikpro.com\/index.php\/produkt\/darkovy-poukaz-v-hodnote-2-000-kc-nova-kolekce-12713\/#primaryimage","url":"https:\/\/www.domtechnikpro.com\/wp-content\/uploads\/2026\/SK0002786-CZ20260425-091813-0-1777079894-gall_ccee998e-c047-44bd-b850-a93087a4573920619-staviva-dark.webp","contentUrl":"https:\/\/www.domtechnikpro.com\/wp-content\/uploads\/2026\/SK0002786-CZ20260425-091813-0-1777079894-gall_ccee998e-c047-44bd-b850-a93087a4573920619-staviva-dark.webp","width":420,"height":282},{"@type":"BreadcrumbList","@id":"https:\/\/www.domtechnikpro.com\/index.php\/produkt\/darkovy-poukaz-v-hodnote-2-000-kc-nova-kolekce-12713\/#breadcrumb","itemListElement":[{"@type":"ListItem","position":1,"name":"Home","item":"https:\/\/www.domtechnikpro.com\/"},{"@type":"ListItem","position":2,"name":"Products","item":"https:\/\/www.domtechnikpro.com\/index.php\/products\/"},{"@type":"ListItem","position":3,"name":"D\u00e1rkov\u00fd poukaz v hodnot\u011b 2 000,- K\u010d Nov\u00e1 Kolekce"}]},{"@type":"WebSite","@id":"https:\/\/www.domtechnikpro.com\/#website","url":"https:\/\/www.domtechnikpro.com\/","name":"","description":"","potentialAction":[{"@type":"SearchAction","target":{"@type":"EntryPoint","urlTemplate":"https:\/\/www.domtechnikpro.com\/?s={search_term_string}"},"query-input":{"@type":"PropertyValueSpecification","valueRequired":true,"valueName":"search_term_string"}}],"inLanguage":"cs"}]}},"_links":{"self":[{"href":"https:\/\/www.domtechnikpro.com\/index.php\/wp-json\/wp\/v2\/product\/12713","targetHints":{"allow":["GET"]}}],"collection":[{"href":"https:\/\/www.domtechnikpro.com\/index.php\/wp-json\/wp\/v2\/product"}],"about":[{"href":"https:\/\/www.domtechnikpro.com\/index.php\/wp-json\/wp\/v2\/types\/product"}],"replies":[{"embeddable":true,"href":"https:\/\/www.domtechnikpro.com\/index.php\/wp-json\/wp\/v2\/comments?post=12713"}],"wp:featuredmedia":[{"embeddable":true,"href":"https:\/\/www.domtechnikpro.com\/index.php\/wp-json\/wp\/v2\/media\/12813"}],"wp:attachment":[{"href":"https:\/\/www.domtechnikpro.com\/index.php\/wp-json\/wp\/v2\/media?parent=12713"}],"wp:term":[{"taxonomy":"product_brand","embeddable":true,"href":"https:\/\/www.domtechnikpro.com\/index.php\/wp-json\/wp\/v2\/product_brand?post=12713"},{"taxonomy":"product_cat","embeddable":true,"href":"https:\/\/www.domtechnikpro.com\/index.php\/wp-json\/wp\/v2\/product_cat?post=12713"},{"taxonomy":"product_tag","embeddable":true,"href":"https:\/\/www.domtechnikpro.com\/index.php\/wp-json\/wp\/v2\/product_tag?post=12713"}],"curies":[{"name":"wp","href":"https:\/\/api.w.org\/{rel}","templated":true}]}}