{"id":12700,"date":"2026-04-26T08:53:27","date_gmt":"2026-04-26T08:53:27","guid":{"rendered":""},"modified":"2026-04-26T08:53:27","modified_gmt":"2026-04-26T08:53:27","slug":"coyote-cockpit-cistici-ubrousky-30-ks-vanilka-must-have-12700","status":"publish","type":"product","link":"https:\/\/www.domtechnikpro.com\/produkt\/coyote-cockpit-cistici-ubrousky-30-ks-vanilka-must-have-12700\/","title":{"rendered":"COYOTE Cockpit \u010distic\u00ed ubrousky 30 ks Vanilka Must-Have"},"content":{"rendered":"<div class=\"tmc_edt\">\n<ul>\n<li>Pou\u017eit\u00ed k \u010di\u0161t\u011bn\u00ed vnit\u0159n\u00edch prostor\u016f automobil\u016f &#8211; cockpit. <\/li>\n<li>Na zne\u010di\u0161t\u011bn\u00e9 \u010d\u00e1sti pou\u017eijte pot\u0159ebn\u00e9 mno\u017estv\u00ed ubrousk\u016f. <\/li>\n<li>Ubrousek vyjm\u011bte z bal\u00ed\u010dku a etiketu op\u011bt \u0159\u00e1dn\u011b zalepte, zabr\u00e1n\u00edte t\u00edm vyschnut\u00ed ubrousk\u016f. <\/li>\n<li>Povrch po aplikaci z\u016fst\u00e1v\u00e1 \u010dist\u00fd. <\/li>\n<li>Po o\u0161et\u0159en\u00ed povrchu ubrousek vho\u010fte do komun\u00e1ln\u00edho odpadu.<\/li>\n<\/ul>\n<p><strong>Upozorn\u011bn\u00ed:<\/strong> <\/p>\n<ul>\n<li>Nevhodn\u00e9 pro osobn\u00ed hygienu.<\/li>\n<li>Uchov\u00e1vejte obal t\u011bsn\u011b uzav\u0159en\u00fd.<\/li>\n<li>Skladujte na dob\u0159e v\u011btran\u00e9m m\u00edst\u011b.<\/li>\n<\/ul><\/div>\n<\/p><\/div>\n","protected":false},"excerpt":{"rendered":"<p>Pou\u017eit\u00ed k \u010di\u0161t\u011bn\u00ed vnit\u0159n\u00edch prostor\u016f automobil\u016f &#8211; cockpit. Na zne\u010di\u0161t\u011bn\u00e9 \u010d\u00e1sti pou\u017eijte pot\u0159ebn\u00e9 mno\u017estv\u00ed ubrousk\u016f. Ubrousek vyjm\u011bte z bal\u00ed\u010dku a etiketu op\u011bt \u0159\u00e1dn\u011b zalepte, zabr\u00e1n\u00edte t\u00edm vyschnut\u00ed ubrousk\u016f. Povrch po aplikaci z\u016fst\u00e1v\u00e1 \u010dist\u00fd. Po o\u0161et\u0159en\u00ed povrchu ubrousek vho\u010fte do komun\u00e1ln\u00edho odpadu. Upozorn\u011bn\u00ed: Nevhodn\u00e9 pro osobn\u00ed hygienu. Uchov\u00e1vejte obal t\u011bsn\u011b uzav\u0159en\u00fd. Skladujte na dob\u0159e v\u011btran\u00e9m m\u00edst\u011b.<\/p>\n","protected":false},"featured_media":12800,"comment_status":"open","ping_status":"open","template":"","meta":[],"product_brand":[],"product_cat":[65],"product_tag":[],"class_list":{"0":"post-12700","1":"product","2":"type-product","3":"status-publish","4":"has-post-thumbnail","6":"product_cat-dum-a-zahrada","8":"first","9":"instock","10":"sale","11":"shipping-taxable","12":"purchasable","13":"product-type-simple"},"yoast_head":"<!-- This site is optimized with the Yoast SEO plugin v26.8 - https:\/\/yoast.com\/product\/yoast-seo-wordpress\/ -->\n<title>COYOTE Cockpit \u010distic\u00ed ubrousky 30 ks Vanilka Must-Have - Pr\u016fmyslov\u00e9 vybaven\u00ed a p\u0159\u00edslu\u0161enstv\u00ed<\/title>\n<meta name=\"robots\" content=\"index, follow, max-snippet:-1, max-image-preview:large, max-video-preview:-1\" \/>\n<link rel=\"canonical\" href=\"https:\/\/www.domtechnikpro.com\/index.php\/produkt\/coyote-cockpit-cistici-ubrousky-30-ks-vanilka-must-have-12700\/\" \/>\n<meta property=\"og:locale\" content=\"cs_CZ\" \/>\n<meta property=\"og:type\" content=\"article\" \/>\n<meta property=\"og:title\" content=\"COYOTE Cockpit \u010distic\u00ed ubrousky 30 ks Vanilka Must-Have - Pr\u016fmyslov\u00e9 vybaven\u00ed a p\u0159\u00edslu\u0161enstv\u00ed\" \/>\n<meta property=\"og:description\" content=\"Pou\u017eit\u00ed k \u010di\u0161t\u011bn\u00ed vnit\u0159n\u00edch prostor\u016f automobil\u016f &#8211; cockpit. Na zne\u010di\u0161t\u011bn\u00e9 \u010d\u00e1sti pou\u017eijte pot\u0159ebn\u00e9 mno\u017estv\u00ed ubrousk\u016f. Ubrousek vyjm\u011bte z bal\u00ed\u010dku a etiketu op\u011bt \u0159\u00e1dn\u011b zalepte, zabr\u00e1n\u00edte t\u00edm vyschnut\u00ed ubrousk\u016f. Povrch po aplikaci z\u016fst\u00e1v\u00e1 \u010dist\u00fd. Po o\u0161et\u0159en\u00ed povrchu ubrousek vho\u010fte do komun\u00e1ln\u00edho odpadu. Upozorn\u011bn\u00ed: Nevhodn\u00e9 pro osobn\u00ed hygienu. Uchov\u00e1vejte obal t\u011bsn\u011b uzav\u0159en\u00fd. Skladujte na dob\u0159e v\u011btran\u00e9m m\u00edst\u011b.\" \/>\n<meta property=\"og:url\" content=\"https:\/\/www.domtechnikpro.com\/index.php\/produkt\/coyote-cockpit-cistici-ubrousky-30-ks-vanilka-must-have-12700\/\" \/>\n<meta property=\"og:site_name\" content=\"Pr\u016fmyslov\u00e9 vybaven\u00ed a p\u0159\u00edslu\u0161enstv\u00ed\" \/>\n<meta property=\"og:image\" content=\"https:\/\/www.domtechnikpro.com\/wp-content\/uploads\/2026\/SK0002773-CZ20260425-091813-0-1777079894-gall_e664f19e-271b-4263-82c8-b91666b6afa720418-cojote-cockp.webp\" \/>\n\t<meta property=\"og:image:width\" content=\"209\" \/>\n\t<meta property=\"og:image:height\" content=\"420\" \/>\n\t<meta property=\"og:image:type\" content=\"image\/webp\" \/>\n<meta name=\"twitter:card\" content=\"summary_large_image\" \/>\n<script type=\"application\/ld+json\" class=\"yoast-schema-graph\">{\"@context\":\"https:\/\/schema.org\",\"@graph\":[{\"@type\":\"WebPage\",\"@id\":\"https:\/\/www.domtechnikpro.com\/index.php\/produkt\/coyote-cockpit-cistici-ubrousky-30-ks-vanilka-must-have-12700\/\",\"url\":\"https:\/\/www.domtechnikpro.com\/index.php\/produkt\/coyote-cockpit-cistici-ubrousky-30-ks-vanilka-must-have-12700\/\",\"name\":\"COYOTE Cockpit \u010distic\u00ed ubrousky 30 ks Vanilka Must-Have - Pr\u016fmyslov\u00e9 vybaven\u00ed a p\u0159\u00edslu\u0161enstv\u00ed\",\"isPartOf\":{\"@id\":\"https:\/\/www.domtechnikpro.com\/#website\"},\"primaryImageOfPage\":{\"@id\":\"https:\/\/www.domtechnikpro.com\/index.php\/produkt\/coyote-cockpit-cistici-ubrousky-30-ks-vanilka-must-have-12700\/#primaryimage\"},\"image\":{\"@id\":\"https:\/\/www.domtechnikpro.com\/index.php\/produkt\/coyote-cockpit-cistici-ubrousky-30-ks-vanilka-must-have-12700\/#primaryimage\"},\"thumbnailUrl\":\"https:\/\/www.domtechnikpro.com\/wp-content\/uploads\/2026\/SK0002773-CZ20260425-091813-0-1777079894-gall_e664f19e-271b-4263-82c8-b91666b6afa720418-cojote-cockp.webp\",\"datePublished\":\"2026-04-26T08:53:27+00:00\",\"breadcrumb\":{\"@id\":\"https:\/\/www.domtechnikpro.com\/index.php\/produkt\/coyote-cockpit-cistici-ubrousky-30-ks-vanilka-must-have-12700\/#breadcrumb\"},\"inLanguage\":\"cs\",\"potentialAction\":[{\"@type\":\"ReadAction\",\"target\":[\"https:\/\/www.domtechnikpro.com\/index.php\/produkt\/coyote-cockpit-cistici-ubrousky-30-ks-vanilka-must-have-12700\/\"]}]},{\"@type\":\"ImageObject\",\"inLanguage\":\"cs\",\"@id\":\"https:\/\/www.domtechnikpro.com\/index.php\/produkt\/coyote-cockpit-cistici-ubrousky-30-ks-vanilka-must-have-12700\/#primaryimage\",\"url\":\"https:\/\/www.domtechnikpro.com\/wp-content\/uploads\/2026\/SK0002773-CZ20260425-091813-0-1777079894-gall_e664f19e-271b-4263-82c8-b91666b6afa720418-cojote-cockp.webp\",\"contentUrl\":\"https:\/\/www.domtechnikpro.com\/wp-content\/uploads\/2026\/SK0002773-CZ20260425-091813-0-1777079894-gall_e664f19e-271b-4263-82c8-b91666b6afa720418-cojote-cockp.webp\",\"width\":209,\"height\":420},{\"@type\":\"BreadcrumbList\",\"@id\":\"https:\/\/www.domtechnikpro.com\/index.php\/produkt\/coyote-cockpit-cistici-ubrousky-30-ks-vanilka-must-have-12700\/#breadcrumb\",\"itemListElement\":[{\"@type\":\"ListItem\",\"position\":1,\"name\":\"Home\",\"item\":\"https:\/\/www.domtechnikpro.com\/\"},{\"@type\":\"ListItem\",\"position\":2,\"name\":\"Products\",\"item\":\"https:\/\/www.domtechnikpro.com\/products\/\"},{\"@type\":\"ListItem\",\"position\":3,\"name\":\"COYOTE Cockpit \u010distic\u00ed ubrousky 30 ks Vanilka Must-Have\"}]},{\"@type\":\"WebSite\",\"@id\":\"https:\/\/www.domtechnikpro.com\/#website\",\"url\":\"https:\/\/www.domtechnikpro.com\/\",\"name\":\"Pr\u016fmyslov\u00e9 vybaven\u00ed a p\u0159\u00edslu\u0161enstv\u00ed\",\"description\":\"Pr\u016fmyslov\u00e9 vybaven\u00ed a p\u0159\u00edslu\u0161enstv\u00ed\",\"publisher\":{\"@id\":\"https:\/\/www.domtechnikpro.com\/#organization\"},\"potentialAction\":[{\"@type\":\"SearchAction\",\"target\":{\"@type\":\"EntryPoint\",\"urlTemplate\":\"https:\/\/www.domtechnikpro.com\/?s={search_term_string}\"},\"query-input\":{\"@type\":\"PropertyValueSpecification\",\"valueRequired\":true,\"valueName\":\"search_term_string\"}}],\"inLanguage\":\"cs\"},{\"@type\":\"Organization\",\"@id\":\"https:\/\/www.domtechnikpro.com\/#organization\",\"name\":\"Pr\u016fmyslov\u00e9 vybaven\u00ed a p\u0159\u00edslu\u0161enstv\u00ed\",\"url\":\"https:\/\/www.domtechnikpro.com\/\",\"logo\":{\"@type\":\"ImageObject\",\"inLanguage\":\"cs\",\"@id\":\"https:\/\/www.domtechnikpro.com\/#\/schema\/logo\/image\/\",\"url\":\"https:\/\/www.domtechnikpro.com\/wp-content\/uploads\/2026\/04\/domtechnikpro_logo_full.svg\",\"contentUrl\":\"https:\/\/www.domtechnikpro.com\/wp-content\/uploads\/2026\/04\/domtechnikpro_logo_full.svg\",\"width\":920,\"height\":180,\"caption\":\"Pr\u016fmyslov\u00e9 vybaven\u00ed a p\u0159\u00edslu\u0161enstv\u00ed\"},\"image\":{\"@id\":\"https:\/\/www.domtechnikpro.com\/#\/schema\/logo\/image\/\"}}]}<\/script>\n<!-- \/ Yoast SEO plugin. -->","yoast_head_json":{"title":"COYOTE Cockpit \u010distic\u00ed ubrousky 30 ks Vanilka Must-Have - Pr\u016fmyslov\u00e9 vybaven\u00ed a p\u0159\u00edslu\u0161enstv\u00ed","robots":{"index":"index","follow":"follow","max-snippet":"max-snippet:-1","max-image-preview":"max-image-preview:large","max-video-preview":"max-video-preview:-1"},"canonical":"https:\/\/www.domtechnikpro.com\/index.php\/produkt\/coyote-cockpit-cistici-ubrousky-30-ks-vanilka-must-have-12700\/","og_locale":"cs_CZ","og_type":"article","og_title":"COYOTE Cockpit \u010distic\u00ed ubrousky 30 ks Vanilka Must-Have - Pr\u016fmyslov\u00e9 vybaven\u00ed a p\u0159\u00edslu\u0161enstv\u00ed","og_description":"Pou\u017eit\u00ed k \u010di\u0161t\u011bn\u00ed vnit\u0159n\u00edch prostor\u016f automobil\u016f &#8211; cockpit. Na zne\u010di\u0161t\u011bn\u00e9 \u010d\u00e1sti pou\u017eijte pot\u0159ebn\u00e9 mno\u017estv\u00ed ubrousk\u016f. Ubrousek vyjm\u011bte z bal\u00ed\u010dku a etiketu op\u011bt \u0159\u00e1dn\u011b zalepte, zabr\u00e1n\u00edte t\u00edm vyschnut\u00ed ubrousk\u016f. Povrch po aplikaci z\u016fst\u00e1v\u00e1 \u010dist\u00fd. Po o\u0161et\u0159en\u00ed povrchu ubrousek vho\u010fte do komun\u00e1ln\u00edho odpadu. Upozorn\u011bn\u00ed: Nevhodn\u00e9 pro osobn\u00ed hygienu. Uchov\u00e1vejte obal t\u011bsn\u011b uzav\u0159en\u00fd. Skladujte na dob\u0159e v\u011btran\u00e9m m\u00edst\u011b.","og_url":"https:\/\/www.domtechnikpro.com\/index.php\/produkt\/coyote-cockpit-cistici-ubrousky-30-ks-vanilka-must-have-12700\/","og_site_name":"Pr\u016fmyslov\u00e9 vybaven\u00ed a p\u0159\u00edslu\u0161enstv\u00ed","og_image":[{"width":209,"height":420,"url":"https:\/\/www.domtechnikpro.com\/wp-content\/uploads\/2026\/SK0002773-CZ20260425-091813-0-1777079894-gall_e664f19e-271b-4263-82c8-b91666b6afa720418-cojote-cockp.webp","type":"image\/webp"}],"twitter_card":"summary_large_image","schema":{"@context":"https:\/\/schema.org","@graph":[{"@type":"WebPage","@id":"https:\/\/www.domtechnikpro.com\/index.php\/produkt\/coyote-cockpit-cistici-ubrousky-30-ks-vanilka-must-have-12700\/","url":"https:\/\/www.domtechnikpro.com\/index.php\/produkt\/coyote-cockpit-cistici-ubrousky-30-ks-vanilka-must-have-12700\/","name":"COYOTE Cockpit \u010distic\u00ed ubrousky 30 ks Vanilka Must-Have - Pr\u016fmyslov\u00e9 vybaven\u00ed a p\u0159\u00edslu\u0161enstv\u00ed","isPartOf":{"@id":"https:\/\/www.domtechnikpro.com\/#website"},"primaryImageOfPage":{"@id":"https:\/\/www.domtechnikpro.com\/index.php\/produkt\/coyote-cockpit-cistici-ubrousky-30-ks-vanilka-must-have-12700\/#primaryimage"},"image":{"@id":"https:\/\/www.domtechnikpro.com\/index.php\/produkt\/coyote-cockpit-cistici-ubrousky-30-ks-vanilka-must-have-12700\/#primaryimage"},"thumbnailUrl":"https:\/\/www.domtechnikpro.com\/wp-content\/uploads\/2026\/SK0002773-CZ20260425-091813-0-1777079894-gall_e664f19e-271b-4263-82c8-b91666b6afa720418-cojote-cockp.webp","datePublished":"2026-04-26T08:53:27+00:00","breadcrumb":{"@id":"https:\/\/www.domtechnikpro.com\/index.php\/produkt\/coyote-cockpit-cistici-ubrousky-30-ks-vanilka-must-have-12700\/#breadcrumb"},"inLanguage":"cs","potentialAction":[{"@type":"ReadAction","target":["https:\/\/www.domtechnikpro.com\/index.php\/produkt\/coyote-cockpit-cistici-ubrousky-30-ks-vanilka-must-have-12700\/"]}]},{"@type":"ImageObject","inLanguage":"cs","@id":"https:\/\/www.domtechnikpro.com\/index.php\/produkt\/coyote-cockpit-cistici-ubrousky-30-ks-vanilka-must-have-12700\/#primaryimage","url":"https:\/\/www.domtechnikpro.com\/wp-content\/uploads\/2026\/SK0002773-CZ20260425-091813-0-1777079894-gall_e664f19e-271b-4263-82c8-b91666b6afa720418-cojote-cockp.webp","contentUrl":"https:\/\/www.domtechnikpro.com\/wp-content\/uploads\/2026\/SK0002773-CZ20260425-091813-0-1777079894-gall_e664f19e-271b-4263-82c8-b91666b6afa720418-cojote-cockp.webp","width":209,"height":420},{"@type":"BreadcrumbList","@id":"https:\/\/www.domtechnikpro.com\/index.php\/produkt\/coyote-cockpit-cistici-ubrousky-30-ks-vanilka-must-have-12700\/#breadcrumb","itemListElement":[{"@type":"ListItem","position":1,"name":"Home","item":"https:\/\/www.domtechnikpro.com\/"},{"@type":"ListItem","position":2,"name":"Products","item":"https:\/\/www.domtechnikpro.com\/products\/"},{"@type":"ListItem","position":3,"name":"COYOTE Cockpit \u010distic\u00ed ubrousky 30 ks Vanilka Must-Have"}]},{"@type":"WebSite","@id":"https:\/\/www.domtechnikpro.com\/#website","url":"https:\/\/www.domtechnikpro.com\/","name":"Pr\u016fmyslov\u00e9 vybaven\u00ed a p\u0159\u00edslu\u0161enstv\u00ed","description":"Pr\u016fmyslov\u00e9 vybaven\u00ed a p\u0159\u00edslu\u0161enstv\u00ed","publisher":{"@id":"https:\/\/www.domtechnikpro.com\/#organization"},"potentialAction":[{"@type":"SearchAction","target":{"@type":"EntryPoint","urlTemplate":"https:\/\/www.domtechnikpro.com\/?s={search_term_string}"},"query-input":{"@type":"PropertyValueSpecification","valueRequired":true,"valueName":"search_term_string"}}],"inLanguage":"cs"},{"@type":"Organization","@id":"https:\/\/www.domtechnikpro.com\/#organization","name":"Pr\u016fmyslov\u00e9 vybaven\u00ed a p\u0159\u00edslu\u0161enstv\u00ed","url":"https:\/\/www.domtechnikpro.com\/","logo":{"@type":"ImageObject","inLanguage":"cs","@id":"https:\/\/www.domtechnikpro.com\/#\/schema\/logo\/image\/","url":"https:\/\/www.domtechnikpro.com\/wp-content\/uploads\/2026\/04\/domtechnikpro_logo_full.svg","contentUrl":"https:\/\/www.domtechnikpro.com\/wp-content\/uploads\/2026\/04\/domtechnikpro_logo_full.svg","width":920,"height":180,"caption":"Pr\u016fmyslov\u00e9 vybaven\u00ed a p\u0159\u00edslu\u0161enstv\u00ed"},"image":{"@id":"https:\/\/www.domtechnikpro.com\/#\/schema\/logo\/image\/"}}]}},"_links":{"self":[{"href":"https:\/\/www.domtechnikpro.com\/wp-json\/wp\/v2\/product\/12700","targetHints":{"allow":["GET"]}}],"collection":[{"href":"https:\/\/www.domtechnikpro.com\/wp-json\/wp\/v2\/product"}],"about":[{"href":"https:\/\/www.domtechnikpro.com\/wp-json\/wp\/v2\/types\/product"}],"replies":[{"embeddable":true,"href":"https:\/\/www.domtechnikpro.com\/wp-json\/wp\/v2\/comments?post=12700"}],"wp:featuredmedia":[{"embeddable":true,"href":"https:\/\/www.domtechnikpro.com\/wp-json\/wp\/v2\/media\/12800"}],"wp:attachment":[{"href":"https:\/\/www.domtechnikpro.com\/wp-json\/wp\/v2\/media?parent=12700"}],"wp:term":[{"taxonomy":"product_brand","embeddable":true,"href":"https:\/\/www.domtechnikpro.com\/wp-json\/wp\/v2\/product_brand?post=12700"},{"taxonomy":"product_cat","embeddable":true,"href":"https:\/\/www.domtechnikpro.com\/wp-json\/wp\/v2\/product_cat?post=12700"},{"taxonomy":"product_tag","embeddable":true,"href":"https:\/\/www.domtechnikpro.com\/wp-json\/wp\/v2\/product_tag?post=12700"}],"curies":[{"name":"wp","href":"https:\/\/api.w.org\/{rel}","templated":true}]}}