{"id":12356,"date":"2026-04-26T08:53:23","date_gmt":"2026-04-26T08:53:23","guid":{"rendered":""},"modified":"2026-04-26T08:53:23","modified_gmt":"2026-04-26T08:53:23","slug":"znackovy-vetraci-mrizka-se-sitovinou-krytka-200-x-200-mm-bila-12356","status":"publish","type":"product","link":"https:\/\/www.domtechnikpro.com\/index.php\/produkt\/znackovy-vetraci-mrizka-se-sitovinou-krytka-200-x-200-mm-bila-12356\/","title":{"rendered":"Zna\u010dkov\u00fd V\u011btrac\u00ed m\u0159\u00ed\u017eka se s\u00ed\u0165ovinou &#8211; krytka 200 x 200 mm &#8211; B\u00edl\u00e1"},"content":{"rendered":"<div class=\"tmc_edt\">\n<p><font face=\"Segoe UI\">Pou\u017eiteln\u00e1 v exteri\u00e9ru i interi\u00e9ru. <\/font><\/p>\n<\/p><\/div>\n<\/p><\/div>\n","protected":false},"excerpt":{"rendered":"<p>Pou\u017eiteln\u00e1 v exteri\u00e9ru i interi\u00e9ru.<\/p>\n","protected":false},"featured_media":12456,"comment_status":"open","ping_status":"open","template":"","meta":[],"product_brand":[],"product_cat":[61],"product_tag":[],"class_list":{"0":"post-12356","1":"product","2":"type-product","3":"status-publish","4":"has-post-thumbnail","6":"product_cat-hruba-stavba","8":"first","9":"instock","10":"sale","11":"shipping-taxable","12":"purchasable","13":"product-type-simple"},"yoast_head":"<!-- This site is optimized with the Yoast SEO plugin v26.8 - https:\/\/yoast.com\/product\/yoast-seo-wordpress\/ -->\n<title>Zna\u010dkov\u00fd V\u011btrac\u00ed m\u0159\u00ed\u017eka se s\u00ed\u0165ovinou - krytka 200 x 200 mm - B\u00edl\u00e1 -<\/title>\n<meta name=\"robots\" content=\"index, follow, max-snippet:-1, max-image-preview:large, max-video-preview:-1\" \/>\n<link rel=\"canonical\" href=\"https:\/\/www.domtechnikpro.com\/index.php\/produkt\/znackovy-vetraci-mrizka-se-sitovinou-krytka-200-x-200-mm-bila-12356\/\" \/>\n<meta property=\"og:locale\" content=\"cs_CZ\" \/>\n<meta property=\"og:type\" content=\"article\" \/>\n<meta property=\"og:title\" content=\"Zna\u010dkov\u00fd V\u011btrac\u00ed m\u0159\u00ed\u017eka se s\u00ed\u0165ovinou - krytka 200 x 200 mm - B\u00edl\u00e1 -\" \/>\n<meta property=\"og:description\" content=\"Pou\u017eiteln\u00e1 v exteri\u00e9ru i interi\u00e9ru.\" \/>\n<meta property=\"og:url\" content=\"https:\/\/www.domtechnikpro.com\/index.php\/produkt\/znackovy-vetraci-mrizka-se-sitovinou-krytka-200-x-200-mm-bila-12356\/\" \/>\n<meta property=\"og:image\" content=\"https:\/\/www.domtechnikpro.com\/wp-content\/uploads\/2026\/SK0002626-CZ20260425-091813-0-1777079894-gall_6abe28a7-e6fc-4e7e-a0d0-bac51e096f7a16657-haco-vetraci.webp\" \/>\n\t<meta property=\"og:image:width\" content=\"420\" \/>\n\t<meta property=\"og:image:height\" content=\"420\" \/>\n\t<meta property=\"og:image:type\" content=\"image\/webp\" \/>\n<meta name=\"twitter:card\" content=\"summary_large_image\" \/>\n<script type=\"application\/ld+json\" class=\"yoast-schema-graph\">{\"@context\":\"https:\/\/schema.org\",\"@graph\":[{\"@type\":\"WebPage\",\"@id\":\"https:\/\/www.domtechnikpro.com\/index.php\/produkt\/znackovy-vetraci-mrizka-se-sitovinou-krytka-200-x-200-mm-bila-12356\/\",\"url\":\"https:\/\/www.domtechnikpro.com\/index.php\/produkt\/znackovy-vetraci-mrizka-se-sitovinou-krytka-200-x-200-mm-bila-12356\/\",\"name\":\"Zna\u010dkov\u00fd V\u011btrac\u00ed m\u0159\u00ed\u017eka se s\u00ed\u0165ovinou - krytka 200 x 200 mm - B\u00edl\u00e1 -\",\"isPartOf\":{\"@id\":\"https:\/\/www.domtechnikpro.com\/#website\"},\"primaryImageOfPage\":{\"@id\":\"https:\/\/www.domtechnikpro.com\/index.php\/produkt\/znackovy-vetraci-mrizka-se-sitovinou-krytka-200-x-200-mm-bila-12356\/#primaryimage\"},\"image\":{\"@id\":\"https:\/\/www.domtechnikpro.com\/index.php\/produkt\/znackovy-vetraci-mrizka-se-sitovinou-krytka-200-x-200-mm-bila-12356\/#primaryimage\"},\"thumbnailUrl\":\"https:\/\/www.domtechnikpro.com\/wp-content\/uploads\/2026\/SK0002626-CZ20260425-091813-0-1777079894-gall_6abe28a7-e6fc-4e7e-a0d0-bac51e096f7a16657-haco-vetraci.webp\",\"datePublished\":\"2026-04-26T08:53:23+00:00\",\"breadcrumb\":{\"@id\":\"https:\/\/www.domtechnikpro.com\/index.php\/produkt\/znackovy-vetraci-mrizka-se-sitovinou-krytka-200-x-200-mm-bila-12356\/#breadcrumb\"},\"inLanguage\":\"cs\",\"potentialAction\":[{\"@type\":\"ReadAction\",\"target\":[\"https:\/\/www.domtechnikpro.com\/index.php\/produkt\/znackovy-vetraci-mrizka-se-sitovinou-krytka-200-x-200-mm-bila-12356\/\"]}]},{\"@type\":\"ImageObject\",\"inLanguage\":\"cs\",\"@id\":\"https:\/\/www.domtechnikpro.com\/index.php\/produkt\/znackovy-vetraci-mrizka-se-sitovinou-krytka-200-x-200-mm-bila-12356\/#primaryimage\",\"url\":\"https:\/\/www.domtechnikpro.com\/wp-content\/uploads\/2026\/SK0002626-CZ20260425-091813-0-1777079894-gall_6abe28a7-e6fc-4e7e-a0d0-bac51e096f7a16657-haco-vetraci.webp\",\"contentUrl\":\"https:\/\/www.domtechnikpro.com\/wp-content\/uploads\/2026\/SK0002626-CZ20260425-091813-0-1777079894-gall_6abe28a7-e6fc-4e7e-a0d0-bac51e096f7a16657-haco-vetraci.webp\",\"width\":420,\"height\":420},{\"@type\":\"BreadcrumbList\",\"@id\":\"https:\/\/www.domtechnikpro.com\/index.php\/produkt\/znackovy-vetraci-mrizka-se-sitovinou-krytka-200-x-200-mm-bila-12356\/#breadcrumb\",\"itemListElement\":[{\"@type\":\"ListItem\",\"position\":1,\"name\":\"Home\",\"item\":\"https:\/\/www.domtechnikpro.com\/\"},{\"@type\":\"ListItem\",\"position\":2,\"name\":\"Products\",\"item\":\"https:\/\/www.domtechnikpro.com\/index.php\/products\/\"},{\"@type\":\"ListItem\",\"position\":3,\"name\":\"Zna\u010dkov\u00fd V\u011btrac\u00ed m\u0159\u00ed\u017eka se s\u00ed\u0165ovinou &#8211; krytka 200 x 200 mm &#8211; B\u00edl\u00e1\"}]},{\"@type\":\"WebSite\",\"@id\":\"https:\/\/www.domtechnikpro.com\/#website\",\"url\":\"https:\/\/www.domtechnikpro.com\/\",\"name\":\"\",\"description\":\"\",\"potentialAction\":[{\"@type\":\"SearchAction\",\"target\":{\"@type\":\"EntryPoint\",\"urlTemplate\":\"https:\/\/www.domtechnikpro.com\/?s={search_term_string}\"},\"query-input\":{\"@type\":\"PropertyValueSpecification\",\"valueRequired\":true,\"valueName\":\"search_term_string\"}}],\"inLanguage\":\"cs\"}]}<\/script>\n<!-- \/ Yoast SEO plugin. -->","yoast_head_json":{"title":"Zna\u010dkov\u00fd V\u011btrac\u00ed m\u0159\u00ed\u017eka se s\u00ed\u0165ovinou - krytka 200 x 200 mm - B\u00edl\u00e1 -","robots":{"index":"index","follow":"follow","max-snippet":"max-snippet:-1","max-image-preview":"max-image-preview:large","max-video-preview":"max-video-preview:-1"},"canonical":"https:\/\/www.domtechnikpro.com\/index.php\/produkt\/znackovy-vetraci-mrizka-se-sitovinou-krytka-200-x-200-mm-bila-12356\/","og_locale":"cs_CZ","og_type":"article","og_title":"Zna\u010dkov\u00fd V\u011btrac\u00ed m\u0159\u00ed\u017eka se s\u00ed\u0165ovinou - krytka 200 x 200 mm - B\u00edl\u00e1 -","og_description":"Pou\u017eiteln\u00e1 v exteri\u00e9ru i interi\u00e9ru.","og_url":"https:\/\/www.domtechnikpro.com\/index.php\/produkt\/znackovy-vetraci-mrizka-se-sitovinou-krytka-200-x-200-mm-bila-12356\/","og_image":[{"width":420,"height":420,"url":"https:\/\/www.domtechnikpro.com\/wp-content\/uploads\/2026\/SK0002626-CZ20260425-091813-0-1777079894-gall_6abe28a7-e6fc-4e7e-a0d0-bac51e096f7a16657-haco-vetraci.webp","type":"image\/webp"}],"twitter_card":"summary_large_image","schema":{"@context":"https:\/\/schema.org","@graph":[{"@type":"WebPage","@id":"https:\/\/www.domtechnikpro.com\/index.php\/produkt\/znackovy-vetraci-mrizka-se-sitovinou-krytka-200-x-200-mm-bila-12356\/","url":"https:\/\/www.domtechnikpro.com\/index.php\/produkt\/znackovy-vetraci-mrizka-se-sitovinou-krytka-200-x-200-mm-bila-12356\/","name":"Zna\u010dkov\u00fd V\u011btrac\u00ed m\u0159\u00ed\u017eka se s\u00ed\u0165ovinou - krytka 200 x 200 mm - B\u00edl\u00e1 -","isPartOf":{"@id":"https:\/\/www.domtechnikpro.com\/#website"},"primaryImageOfPage":{"@id":"https:\/\/www.domtechnikpro.com\/index.php\/produkt\/znackovy-vetraci-mrizka-se-sitovinou-krytka-200-x-200-mm-bila-12356\/#primaryimage"},"image":{"@id":"https:\/\/www.domtechnikpro.com\/index.php\/produkt\/znackovy-vetraci-mrizka-se-sitovinou-krytka-200-x-200-mm-bila-12356\/#primaryimage"},"thumbnailUrl":"https:\/\/www.domtechnikpro.com\/wp-content\/uploads\/2026\/SK0002626-CZ20260425-091813-0-1777079894-gall_6abe28a7-e6fc-4e7e-a0d0-bac51e096f7a16657-haco-vetraci.webp","datePublished":"2026-04-26T08:53:23+00:00","breadcrumb":{"@id":"https:\/\/www.domtechnikpro.com\/index.php\/produkt\/znackovy-vetraci-mrizka-se-sitovinou-krytka-200-x-200-mm-bila-12356\/#breadcrumb"},"inLanguage":"cs","potentialAction":[{"@type":"ReadAction","target":["https:\/\/www.domtechnikpro.com\/index.php\/produkt\/znackovy-vetraci-mrizka-se-sitovinou-krytka-200-x-200-mm-bila-12356\/"]}]},{"@type":"ImageObject","inLanguage":"cs","@id":"https:\/\/www.domtechnikpro.com\/index.php\/produkt\/znackovy-vetraci-mrizka-se-sitovinou-krytka-200-x-200-mm-bila-12356\/#primaryimage","url":"https:\/\/www.domtechnikpro.com\/wp-content\/uploads\/2026\/SK0002626-CZ20260425-091813-0-1777079894-gall_6abe28a7-e6fc-4e7e-a0d0-bac51e096f7a16657-haco-vetraci.webp","contentUrl":"https:\/\/www.domtechnikpro.com\/wp-content\/uploads\/2026\/SK0002626-CZ20260425-091813-0-1777079894-gall_6abe28a7-e6fc-4e7e-a0d0-bac51e096f7a16657-haco-vetraci.webp","width":420,"height":420},{"@type":"BreadcrumbList","@id":"https:\/\/www.domtechnikpro.com\/index.php\/produkt\/znackovy-vetraci-mrizka-se-sitovinou-krytka-200-x-200-mm-bila-12356\/#breadcrumb","itemListElement":[{"@type":"ListItem","position":1,"name":"Home","item":"https:\/\/www.domtechnikpro.com\/"},{"@type":"ListItem","position":2,"name":"Products","item":"https:\/\/www.domtechnikpro.com\/index.php\/products\/"},{"@type":"ListItem","position":3,"name":"Zna\u010dkov\u00fd V\u011btrac\u00ed m\u0159\u00ed\u017eka se s\u00ed\u0165ovinou &#8211; krytka 200 x 200 mm &#8211; B\u00edl\u00e1"}]},{"@type":"WebSite","@id":"https:\/\/www.domtechnikpro.com\/#website","url":"https:\/\/www.domtechnikpro.com\/","name":"","description":"","potentialAction":[{"@type":"SearchAction","target":{"@type":"EntryPoint","urlTemplate":"https:\/\/www.domtechnikpro.com\/?s={search_term_string}"},"query-input":{"@type":"PropertyValueSpecification","valueRequired":true,"valueName":"search_term_string"}}],"inLanguage":"cs"}]}},"_links":{"self":[{"href":"https:\/\/www.domtechnikpro.com\/index.php\/wp-json\/wp\/v2\/product\/12356","targetHints":{"allow":["GET"]}}],"collection":[{"href":"https:\/\/www.domtechnikpro.com\/index.php\/wp-json\/wp\/v2\/product"}],"about":[{"href":"https:\/\/www.domtechnikpro.com\/index.php\/wp-json\/wp\/v2\/types\/product"}],"replies":[{"embeddable":true,"href":"https:\/\/www.domtechnikpro.com\/index.php\/wp-json\/wp\/v2\/comments?post=12356"}],"wp:featuredmedia":[{"embeddable":true,"href":"https:\/\/www.domtechnikpro.com\/index.php\/wp-json\/wp\/v2\/media\/12456"}],"wp:attachment":[{"href":"https:\/\/www.domtechnikpro.com\/index.php\/wp-json\/wp\/v2\/media?parent=12356"}],"wp:term":[{"taxonomy":"product_brand","embeddable":true,"href":"https:\/\/www.domtechnikpro.com\/index.php\/wp-json\/wp\/v2\/product_brand?post=12356"},{"taxonomy":"product_cat","embeddable":true,"href":"https:\/\/www.domtechnikpro.com\/index.php\/wp-json\/wp\/v2\/product_cat?post=12356"},{"taxonomy":"product_tag","embeddable":true,"href":"https:\/\/www.domtechnikpro.com\/index.php\/wp-json\/wp\/v2\/product_tag?post=12356"}],"curies":[{"name":"wp","href":"https:\/\/api.w.org\/{rel}","templated":true}]}}

Značkový Větrací mřížka se síťovinou &#8211; krytka 200 x 200 mm &#8211; Bílá

<div class="tmc_edt">
<p><font face="Segoe UI">Použitelná v exteriéru i interiéru. </font></p>
</p></div>
</p></div>

<p>Použitelná v exteriéru i interiéru.</p>

<!-- This site is optimized with the Yoast SEO plugin v26.8 - https://yoast.com/product/yoast-seo-wordpress/ -->
<title>Značkový Větrací mřížka se síťovinou - krytka 200 x 200 mm - Bílá -</title>
<meta name="robots" content="index, follow, max-snippet:-1, max-image-preview:large, max-video-preview:-1" />
<link rel="canonical" href="https://www.domtechnikpro.com/index.php/produkt/znackovy-vetraci-mrizka-se-sitovinou-krytka-200-x-200-mm-bila-12356/" />
<meta property="og:locale" content="cs_CZ" />
<meta property="og:type" content="article" />
<meta property="og:title" content="Značkový Větrací mřížka se síťovinou - krytka 200 x 200 mm - Bílá -" />
<meta property="og:description" content="Použitelná v exteriéru i interiéru." />
<meta property="og:url" content="https://www.domtechnikpro.com/index.php/produkt/znackovy-vetraci-mrizka-se-sitovinou-krytka-200-x-200-mm-bila-12356/" />
<meta property="og:image" content="https://www.domtechnikpro.com/wp-content/uploads/2026/SK0002626-CZ20260425-091813-0-1777079894-gall_6abe28a7-e6fc-4e7e-a0d0-bac51e096f7a16657-haco-vetraci.webp" />
	<meta property="og:image:width" content="420" />
	<meta property="og:image:height" content="420" />
	<meta property="og:image:type" content="image/webp" />
<meta name="twitter:card" content="summary_large_image" />
<script type="application/ld+json" class="yoast-schema-graph">{"@context":"https://schema.org","@graph":[{"@type":"WebPage","@id":"https://www.domtechnikpro.com/index.php/produkt/znackovy-vetraci-mrizka-se-sitovinou-krytka-200-x-200-mm-bila-12356/","url":"https://www.domtechnikpro.com/index.php/produkt/znackovy-vetraci-mrizka-se-sitovinou-krytka-200-x-200-mm-bila-12356/","name":"Značkový Větrací mřížka se síťovinou - krytka 200 x 200 mm - Bílá -","isPartOf":{"@id":"https://www.domtechnikpro.com/#website"},"primaryImageOfPage":{"@id":"https://www.domtechnikpro.com/index.php/produkt/znackovy-vetraci-mrizka-se-sitovinou-krytka-200-x-200-mm-bila-12356/#primaryimage"},"image":{"@id":"https://www.domtechnikpro.com/index.php/produkt/znackovy-vetraci-mrizka-se-sitovinou-krytka-200-x-200-mm-bila-12356/#primaryimage"},"thumbnailUrl":"https://www.domtechnikpro.com/wp-content/uploads/2026/SK0002626-CZ20260425-091813-0-1777079894-gall_6abe28a7-e6fc-4e7e-a0d0-bac51e096f7a16657-haco-vetraci.webp","datePublished":"2026-04-26T08:53:23+00:00","breadcrumb":{"@id":"https://www.domtechnikpro.com/index.php/produkt/znackovy-vetraci-mrizka-se-sitovinou-krytka-200-x-200-mm-bila-12356/#breadcrumb"},"inLanguage":"cs","potentialAction":[{"@type":"ReadAction","target":["https://www.domtechnikpro.com/index.php/produkt/znackovy-vetraci-mrizka-se-sitovinou-krytka-200-x-200-mm-bila-12356/"]}]},{"@type":"ImageObject","inLanguage":"cs","@id":"https://www.domtechnikpro.com/index.php/produkt/znackovy-vetraci-mrizka-se-sitovinou-krytka-200-x-200-mm-bila-12356/#primaryimage","url":"https://www.domtechnikpro.com/wp-content/uploads/2026/SK0002626-CZ20260425-091813-0-1777079894-gall_6abe28a7-e6fc-4e7e-a0d0-bac51e096f7a16657-haco-vetraci.webp","contentUrl":"https://www.domtechnikpro.com/wp-content/uploads/2026/SK0002626-CZ20260425-091813-0-1777079894-gall_6abe28a7-e6fc-4e7e-a0d0-bac51e096f7a16657-haco-vetraci.webp","width":420,"height":420},{"@type":"BreadcrumbList","@id":"https://www.domtechnikpro.com/index.php/produkt/znackovy-vetraci-mrizka-se-sitovinou-krytka-200-x-200-mm-bila-12356/#breadcrumb","itemListElement":[{"@type":"ListItem","position":1,"name":"Home","item":"https://www.domtechnikpro.com/"},{"@type":"ListItem","position":2,"name":"Products","item":"https://www.domtechnikpro.com/index.php/products/"},{"@type":"ListItem","position":3,"name":"Značkový Větrací mřížka se síťovinou &#8211; krytka 200 x 200 mm &#8211; Bílá"}]},{"@type":"WebSite","@id":"https://www.domtechnikpro.com/#website","url":"https://www.domtechnikpro.com/","name":"","description":"","potentialAction":[{"@type":"SearchAction","target":{"@type":"EntryPoint","urlTemplate":"https://www.domtechnikpro.com/?s={search_term_string}"},"query-input":{"@type":"PropertyValueSpecification","valueRequired":true,"valueName":"search_term_string"}}],"inLanguage":"cs"}]}</script>
<!-- / Yoast SEO plugin. -->

Značkový Větrací mřížka se síťovinou - krytka 200 x 200 mm - Bílá -

Použitelná v exteriéru i interiéru.
