{"id":12308,"date":"2026-04-26T08:53:23","date_gmt":"2026-04-26T08:53:23","guid":{"rendered":""},"modified":"2026-04-26T08:53:23","modified_gmt":"2026-04-26T08:53:23","slug":"znackovy-vrut-do-sadrokartonu-fsn-tpr-3-9-x-55-gg-ph-bal-500-ks-12308","status":"publish","type":"product","link":"https:\/\/www.domtechnikpro.com\/index.php\/produkt\/znackovy-vrut-do-sadrokartonu-fsn-tpr-3-9-x-55-gg-ph-bal-500-ks-12308\/","title":{"rendered":"Zna\u010dkov\u00fd Vrut do s\u00e1drokartonu FSN-TPR 3,9 x 55 GG PH (bal. 500 ks)"},"content":{"rendered":"<div class=\"tmc_edt\">\n<ul>\n<li><font face=\"Segoe UI\">fischer vrut do s\u00e1drokartonu s hrub\u00fdm z\u00e1vitem FSN-TPR-F slou\u017e\u00ed k rychl\u00e9mu a bezpe\u010dn\u00e9mu upevn\u011bn\u00ed s\u00e1drokartonov\u00fdch a s\u00e1drovl\u00e1knit\u00fdch desek k d\u0159ev\u011bn\u00fdm sloupk\u016f. <\/font><\/li>\n<li><font face=\"Segoe UI\">Vrut je tvrzen\u00fd a fosf\u00e1tovan\u00fd<\/font><\/li>\n<li><font face=\"Segoe UI\">Ostr\u00e1 jehlov\u00e1 \u0161pi\u010dka pronik\u00e1 do d\u0159eva rychle a spolehliv\u011b. <\/font><\/li>\n<li><font face=\"Segoe UI\">Bit je v hlubok\u00e9 k\u0159\u00ed\u017eov\u00e9 dr\u00e1\u017ece stabiln\u011bj\u0161\u00ed, co\u017e prodlu\u017euje jeho \u017eivotnost.<\/font><\/li>\n<li><font face=\"Segoe UI\">Vruty do s\u00e1drokartonu jsou opat\u0159eny hospod\u00e1rnou, ale funk\u010dn\u00ed povrchovou \u00fapravou fosf\u00e1tov\u00e1n\u00edm.<\/font><\/li>\n<\/ul><\/div>\n<\/p><\/div>\n","protected":false},"excerpt":{"rendered":"<p>fischer vrut do s\u00e1drokartonu s hrub\u00fdm z\u00e1vitem FSN-TPR-F slou\u017e\u00ed k rychl\u00e9mu a bezpe\u010dn\u00e9mu upevn\u011bn\u00ed s\u00e1drokartonov\u00fdch a s\u00e1drovl\u00e1knit\u00fdch desek k d\u0159ev\u011bn\u00fdm sloupk\u016f. Vrut je tvrzen\u00fd a fosf\u00e1tovan\u00fd Ostr\u00e1 jehlov\u00e1 \u0161pi\u010dka pronik\u00e1 do d\u0159eva rychle a spolehliv\u011b. Bit je v hlubok\u00e9 k\u0159\u00ed\u017eov\u00e9 dr\u00e1\u017ece stabiln\u011bj\u0161\u00ed, co\u017e prodlu\u017euje jeho \u017eivotnost. Vruty do s\u00e1drokartonu jsou opat\u0159eny hospod\u00e1rnou, ale funk\u010dn\u00ed povrchovou [&hellip;]<\/p>\n","protected":false},"featured_media":12408,"comment_status":"open","ping_status":"open","template":"","meta":[],"product_brand":[],"product_cat":[68],"product_tag":[],"class_list":{"0":"post-12308","1":"product","2":"type-product","3":"status-publish","4":"has-post-thumbnail","6":"product_cat-sucha-vystavba","8":"first","9":"instock","10":"sale","11":"shipping-taxable","12":"purchasable","13":"product-type-simple"},"yoast_head":"<!-- This site is optimized with the Yoast SEO plugin v26.8 - https:\/\/yoast.com\/product\/yoast-seo-wordpress\/ -->\n<title>Zna\u010dkov\u00fd Vrut do s\u00e1drokartonu FSN-TPR 3,9 x 55 GG PH (bal. 500 ks) -<\/title>\n<meta name=\"robots\" content=\"index, follow, max-snippet:-1, max-image-preview:large, max-video-preview:-1\" \/>\n<link rel=\"canonical\" href=\"https:\/\/www.domtechnikpro.com\/index.php\/produkt\/znackovy-vrut-do-sadrokartonu-fsn-tpr-3-9-x-55-gg-ph-bal-500-ks-12308\/\" \/>\n<meta property=\"og:locale\" content=\"cs_CZ\" \/>\n<meta property=\"og:type\" content=\"article\" \/>\n<meta property=\"og:title\" content=\"Zna\u010dkov\u00fd Vrut do s\u00e1drokartonu FSN-TPR 3,9 x 55 GG PH (bal. 500 ks) -\" \/>\n<meta property=\"og:description\" content=\"fischer vrut do s\u00e1drokartonu s hrub\u00fdm z\u00e1vitem FSN-TPR-F slou\u017e\u00ed k rychl\u00e9mu a bezpe\u010dn\u00e9mu upevn\u011bn\u00ed s\u00e1drokartonov\u00fdch a s\u00e1drovl\u00e1knit\u00fdch desek k d\u0159ev\u011bn\u00fdm sloupk\u016f. Vrut je tvrzen\u00fd a fosf\u00e1tovan\u00fd Ostr\u00e1 jehlov\u00e1 \u0161pi\u010dka pronik\u00e1 do d\u0159eva rychle a spolehliv\u011b. Bit je v hlubok\u00e9 k\u0159\u00ed\u017eov\u00e9 dr\u00e1\u017ece stabiln\u011bj\u0161\u00ed, co\u017e prodlu\u017euje jeho \u017eivotnost. Vruty do s\u00e1drokartonu jsou opat\u0159eny hospod\u00e1rnou, ale funk\u010dn\u00ed povrchovou [&hellip;]\" \/>\n<meta property=\"og:url\" content=\"https:\/\/www.domtechnikpro.com\/index.php\/produkt\/znackovy-vrut-do-sadrokartonu-fsn-tpr-3-9-x-55-gg-ph-bal-500-ks-12308\/\" \/>\n<meta property=\"og:image\" content=\"https:\/\/www.domtechnikpro.com\/wp-content\/uploads\/2026\/SK0002577-CZ20260425-091813-0-1777079894-gall_8434968a-6af2-41f3-8243-1e14b3b0e3ae13392-vrut-do-sadr.webp\" \/>\n\t<meta property=\"og:image:width\" content=\"400\" \/>\n\t<meta property=\"og:image:height\" content=\"64\" \/>\n\t<meta property=\"og:image:type\" content=\"image\/webp\" \/>\n<meta name=\"twitter:card\" content=\"summary_large_image\" \/>\n<script type=\"application\/ld+json\" class=\"yoast-schema-graph\">{\"@context\":\"https:\/\/schema.org\",\"@graph\":[{\"@type\":\"WebPage\",\"@id\":\"https:\/\/www.domtechnikpro.com\/index.php\/produkt\/znackovy-vrut-do-sadrokartonu-fsn-tpr-3-9-x-55-gg-ph-bal-500-ks-12308\/\",\"url\":\"https:\/\/www.domtechnikpro.com\/index.php\/produkt\/znackovy-vrut-do-sadrokartonu-fsn-tpr-3-9-x-55-gg-ph-bal-500-ks-12308\/\",\"name\":\"Zna\u010dkov\u00fd Vrut do s\u00e1drokartonu FSN-TPR 3,9 x 55 GG PH (bal. 500 ks) -\",\"isPartOf\":{\"@id\":\"https:\/\/www.domtechnikpro.com\/#website\"},\"primaryImageOfPage\":{\"@id\":\"https:\/\/www.domtechnikpro.com\/index.php\/produkt\/znackovy-vrut-do-sadrokartonu-fsn-tpr-3-9-x-55-gg-ph-bal-500-ks-12308\/#primaryimage\"},\"image\":{\"@id\":\"https:\/\/www.domtechnikpro.com\/index.php\/produkt\/znackovy-vrut-do-sadrokartonu-fsn-tpr-3-9-x-55-gg-ph-bal-500-ks-12308\/#primaryimage\"},\"thumbnailUrl\":\"https:\/\/www.domtechnikpro.com\/wp-content\/uploads\/2026\/SK0002577-CZ20260425-091813-0-1777079894-gall_8434968a-6af2-41f3-8243-1e14b3b0e3ae13392-vrut-do-sadr.webp\",\"datePublished\":\"2026-04-26T08:53:23+00:00\",\"breadcrumb\":{\"@id\":\"https:\/\/www.domtechnikpro.com\/index.php\/produkt\/znackovy-vrut-do-sadrokartonu-fsn-tpr-3-9-x-55-gg-ph-bal-500-ks-12308\/#breadcrumb\"},\"inLanguage\":\"cs\",\"potentialAction\":[{\"@type\":\"ReadAction\",\"target\":[\"https:\/\/www.domtechnikpro.com\/index.php\/produkt\/znackovy-vrut-do-sadrokartonu-fsn-tpr-3-9-x-55-gg-ph-bal-500-ks-12308\/\"]}]},{\"@type\":\"ImageObject\",\"inLanguage\":\"cs\",\"@id\":\"https:\/\/www.domtechnikpro.com\/index.php\/produkt\/znackovy-vrut-do-sadrokartonu-fsn-tpr-3-9-x-55-gg-ph-bal-500-ks-12308\/#primaryimage\",\"url\":\"https:\/\/www.domtechnikpro.com\/wp-content\/uploads\/2026\/SK0002577-CZ20260425-091813-0-1777079894-gall_8434968a-6af2-41f3-8243-1e14b3b0e3ae13392-vrut-do-sadr.webp\",\"contentUrl\":\"https:\/\/www.domtechnikpro.com\/wp-content\/uploads\/2026\/SK0002577-CZ20260425-091813-0-1777079894-gall_8434968a-6af2-41f3-8243-1e14b3b0e3ae13392-vrut-do-sadr.webp\",\"width\":400,\"height\":64},{\"@type\":\"BreadcrumbList\",\"@id\":\"https:\/\/www.domtechnikpro.com\/index.php\/produkt\/znackovy-vrut-do-sadrokartonu-fsn-tpr-3-9-x-55-gg-ph-bal-500-ks-12308\/#breadcrumb\",\"itemListElement\":[{\"@type\":\"ListItem\",\"position\":1,\"name\":\"Home\",\"item\":\"https:\/\/www.domtechnikpro.com\/\"},{\"@type\":\"ListItem\",\"position\":2,\"name\":\"Products\",\"item\":\"https:\/\/www.domtechnikpro.com\/index.php\/products\/\"},{\"@type\":\"ListItem\",\"position\":3,\"name\":\"Zna\u010dkov\u00fd Vrut do s\u00e1drokartonu FSN-TPR 3,9 x 55 GG PH (bal. 500 ks)\"}]},{\"@type\":\"WebSite\",\"@id\":\"https:\/\/www.domtechnikpro.com\/#website\",\"url\":\"https:\/\/www.domtechnikpro.com\/\",\"name\":\"\",\"description\":\"\",\"potentialAction\":[{\"@type\":\"SearchAction\",\"target\":{\"@type\":\"EntryPoint\",\"urlTemplate\":\"https:\/\/www.domtechnikpro.com\/?s={search_term_string}\"},\"query-input\":{\"@type\":\"PropertyValueSpecification\",\"valueRequired\":true,\"valueName\":\"search_term_string\"}}],\"inLanguage\":\"cs\"}]}<\/script>\n<!-- \/ Yoast SEO plugin. -->","yoast_head_json":{"title":"Zna\u010dkov\u00fd Vrut do s\u00e1drokartonu FSN-TPR 3,9 x 55 GG PH (bal. 500 ks) -","robots":{"index":"index","follow":"follow","max-snippet":"max-snippet:-1","max-image-preview":"max-image-preview:large","max-video-preview":"max-video-preview:-1"},"canonical":"https:\/\/www.domtechnikpro.com\/index.php\/produkt\/znackovy-vrut-do-sadrokartonu-fsn-tpr-3-9-x-55-gg-ph-bal-500-ks-12308\/","og_locale":"cs_CZ","og_type":"article","og_title":"Zna\u010dkov\u00fd Vrut do s\u00e1drokartonu FSN-TPR 3,9 x 55 GG PH (bal. 500 ks) -","og_description":"fischer vrut do s\u00e1drokartonu s hrub\u00fdm z\u00e1vitem FSN-TPR-F slou\u017e\u00ed k rychl\u00e9mu a bezpe\u010dn\u00e9mu upevn\u011bn\u00ed s\u00e1drokartonov\u00fdch a s\u00e1drovl\u00e1knit\u00fdch desek k d\u0159ev\u011bn\u00fdm sloupk\u016f. Vrut je tvrzen\u00fd a fosf\u00e1tovan\u00fd Ostr\u00e1 jehlov\u00e1 \u0161pi\u010dka pronik\u00e1 do d\u0159eva rychle a spolehliv\u011b. Bit je v hlubok\u00e9 k\u0159\u00ed\u017eov\u00e9 dr\u00e1\u017ece stabiln\u011bj\u0161\u00ed, co\u017e prodlu\u017euje jeho \u017eivotnost. Vruty do s\u00e1drokartonu jsou opat\u0159eny hospod\u00e1rnou, ale funk\u010dn\u00ed povrchovou [&hellip;]","og_url":"https:\/\/www.domtechnikpro.com\/index.php\/produkt\/znackovy-vrut-do-sadrokartonu-fsn-tpr-3-9-x-55-gg-ph-bal-500-ks-12308\/","og_image":[{"width":400,"height":64,"url":"https:\/\/www.domtechnikpro.com\/wp-content\/uploads\/2026\/SK0002577-CZ20260425-091813-0-1777079894-gall_8434968a-6af2-41f3-8243-1e14b3b0e3ae13392-vrut-do-sadr.webp","type":"image\/webp"}],"twitter_card":"summary_large_image","schema":{"@context":"https:\/\/schema.org","@graph":[{"@type":"WebPage","@id":"https:\/\/www.domtechnikpro.com\/index.php\/produkt\/znackovy-vrut-do-sadrokartonu-fsn-tpr-3-9-x-55-gg-ph-bal-500-ks-12308\/","url":"https:\/\/www.domtechnikpro.com\/index.php\/produkt\/znackovy-vrut-do-sadrokartonu-fsn-tpr-3-9-x-55-gg-ph-bal-500-ks-12308\/","name":"Zna\u010dkov\u00fd Vrut do s\u00e1drokartonu FSN-TPR 3,9 x 55 GG PH (bal. 500 ks) -","isPartOf":{"@id":"https:\/\/www.domtechnikpro.com\/#website"},"primaryImageOfPage":{"@id":"https:\/\/www.domtechnikpro.com\/index.php\/produkt\/znackovy-vrut-do-sadrokartonu-fsn-tpr-3-9-x-55-gg-ph-bal-500-ks-12308\/#primaryimage"},"image":{"@id":"https:\/\/www.domtechnikpro.com\/index.php\/produkt\/znackovy-vrut-do-sadrokartonu-fsn-tpr-3-9-x-55-gg-ph-bal-500-ks-12308\/#primaryimage"},"thumbnailUrl":"https:\/\/www.domtechnikpro.com\/wp-content\/uploads\/2026\/SK0002577-CZ20260425-091813-0-1777079894-gall_8434968a-6af2-41f3-8243-1e14b3b0e3ae13392-vrut-do-sadr.webp","datePublished":"2026-04-26T08:53:23+00:00","breadcrumb":{"@id":"https:\/\/www.domtechnikpro.com\/index.php\/produkt\/znackovy-vrut-do-sadrokartonu-fsn-tpr-3-9-x-55-gg-ph-bal-500-ks-12308\/#breadcrumb"},"inLanguage":"cs","potentialAction":[{"@type":"ReadAction","target":["https:\/\/www.domtechnikpro.com\/index.php\/produkt\/znackovy-vrut-do-sadrokartonu-fsn-tpr-3-9-x-55-gg-ph-bal-500-ks-12308\/"]}]},{"@type":"ImageObject","inLanguage":"cs","@id":"https:\/\/www.domtechnikpro.com\/index.php\/produkt\/znackovy-vrut-do-sadrokartonu-fsn-tpr-3-9-x-55-gg-ph-bal-500-ks-12308\/#primaryimage","url":"https:\/\/www.domtechnikpro.com\/wp-content\/uploads\/2026\/SK0002577-CZ20260425-091813-0-1777079894-gall_8434968a-6af2-41f3-8243-1e14b3b0e3ae13392-vrut-do-sadr.webp","contentUrl":"https:\/\/www.domtechnikpro.com\/wp-content\/uploads\/2026\/SK0002577-CZ20260425-091813-0-1777079894-gall_8434968a-6af2-41f3-8243-1e14b3b0e3ae13392-vrut-do-sadr.webp","width":400,"height":64},{"@type":"BreadcrumbList","@id":"https:\/\/www.domtechnikpro.com\/index.php\/produkt\/znackovy-vrut-do-sadrokartonu-fsn-tpr-3-9-x-55-gg-ph-bal-500-ks-12308\/#breadcrumb","itemListElement":[{"@type":"ListItem","position":1,"name":"Home","item":"https:\/\/www.domtechnikpro.com\/"},{"@type":"ListItem","position":2,"name":"Products","item":"https:\/\/www.domtechnikpro.com\/index.php\/products\/"},{"@type":"ListItem","position":3,"name":"Zna\u010dkov\u00fd Vrut do s\u00e1drokartonu FSN-TPR 3,9 x 55 GG PH (bal. 500 ks)"}]},{"@type":"WebSite","@id":"https:\/\/www.domtechnikpro.com\/#website","url":"https:\/\/www.domtechnikpro.com\/","name":"","description":"","potentialAction":[{"@type":"SearchAction","target":{"@type":"EntryPoint","urlTemplate":"https:\/\/www.domtechnikpro.com\/?s={search_term_string}"},"query-input":{"@type":"PropertyValueSpecification","valueRequired":true,"valueName":"search_term_string"}}],"inLanguage":"cs"}]}},"_links":{"self":[{"href":"https:\/\/www.domtechnikpro.com\/index.php\/wp-json\/wp\/v2\/product\/12308","targetHints":{"allow":["GET"]}}],"collection":[{"href":"https:\/\/www.domtechnikpro.com\/index.php\/wp-json\/wp\/v2\/product"}],"about":[{"href":"https:\/\/www.domtechnikpro.com\/index.php\/wp-json\/wp\/v2\/types\/product"}],"replies":[{"embeddable":true,"href":"https:\/\/www.domtechnikpro.com\/index.php\/wp-json\/wp\/v2\/comments?post=12308"}],"wp:featuredmedia":[{"embeddable":true,"href":"https:\/\/www.domtechnikpro.com\/index.php\/wp-json\/wp\/v2\/media\/12408"}],"wp:attachment":[{"href":"https:\/\/www.domtechnikpro.com\/index.php\/wp-json\/wp\/v2\/media?parent=12308"}],"wp:term":[{"taxonomy":"product_brand","embeddable":true,"href":"https:\/\/www.domtechnikpro.com\/index.php\/wp-json\/wp\/v2\/product_brand?post=12308"},{"taxonomy":"product_cat","embeddable":true,"href":"https:\/\/www.domtechnikpro.com\/index.php\/wp-json\/wp\/v2\/product_cat?post=12308"},{"taxonomy":"product_tag","embeddable":true,"href":"https:\/\/www.domtechnikpro.com\/index.php\/wp-json\/wp\/v2\/product_tag?post=12308"}],"curies":[{"name":"wp","href":"https:\/\/api.w.org\/{rel}","templated":true}]}}