{"id":1109,"date":"2026-04-26T08:52:00","date_gmt":"2026-04-26T08:52:00","guid":{"rendered":""},"modified":"2026-04-26T08:52:00","modified_gmt":"2026-04-26T08:52:00","slug":"nastenne-svitidlo-lucca-matna-zlata-3-6w-led-astro-lighting-akcni-nabidka-1109","status":"publish","type":"product","link":"https:\/\/www.domtechnikpro.com\/index.php\/produkt\/nastenne-svitidlo-lucca-matna-zlata-3-6w-led-astro-lighting-akcni-nabidka-1109\/","title":{"rendered":"N\u00e1st\u011bnn\u00e9 sv\u00edtidlo LUCCA matn\u00e1 zlat\u00e1 3,6W LED &#8211; ASTRO Lighting Ak\u010dn\u00ed Nab\u00eddka"},"content":{"rendered":"<p><\/p>\n<div class=\"top-params\">\n<h3 class=\"product-h3 collapse-header \" data-toggle=\"collapse\" data-target=\"#collapseOne\" aria-expanded=\"true\" aria-controls=\"collapseOne\">Parametry<\/h3>\n<div id=\"collapseOne\" class=\"collapse show\" aria-labelledby=\"headingOne\" data-parent=\"#product-info-accordion1\">\n<table class=\"table-striped\">\n<tr>\n<td>                Vystaveno na studiu            <\/td>\n<td>                ano            <\/td>\n<\/tr>\n<tr>\n<td>                Barva            <\/td>\n<td>                matn\u00e1 zlat\u00e1            <\/td>\n<\/tr>\n<tr>\n<td>                Po\u010det sv\u011bteln\u00fdch zdroj\u016f            <\/td>\n<td>                1            <\/td>\n<\/tr>\n<tr>\n<td>                Nap\u00e1jec\u00ed nap\u011bt\u00ed            <\/td>\n<td>                230V            <\/td>\n<\/tr>\n<tr>\n<td>                V\u010detn\u011b sv\u011bteln\u00e9ho zdroje            <\/td>\n<td>                ano            <\/td>\n<\/tr>\n<tr>\n<td>                Kolekce            <\/td>\n<td>                Lucca            <\/td>\n<\/tr>\n<tr>\n<td>                Materi\u00e1l            <\/td>\n<td>                kov            <\/td>\n<\/tr>\n<tr>\n<td>                Patice            <\/td>\n<td>                LED            <\/td>\n<\/tr>\n<tr>\n<td>                Max. p\u0159\u00edkon sv\u011bteln\u00e9ho zdroje            <\/td>\n<td>                3,6W            <\/td>\n<\/tr>\n<tr>\n<td>                Ochrana IP            <\/td>\n<td>                IP20            <\/td>\n<\/tr>\n<tr>\n<td>                Stm\u00edvateln\u00e9            <\/td>\n<td>                ne            <\/td>\n<\/tr>\n<tr>\n<td>                Teplota barvy sv\u011btla            <\/td>\n<td>                2700K            <\/td>\n<\/tr>\n<tr>\n<td>                Pr\u016fm\u011br v mm            <\/td>\n<td>                85            <\/td>\n<\/tr>\n<tr>\n<td>                V\u00fdrobce            <\/td>\n<td>                ASTRO            <\/td>\n<\/tr>\n<tr>\n<td>                Sv\u011bteln\u00fd tok            <\/td>\n<td>                124lm            <\/td>\n<\/tr>\n<tr>\n<td>                D\u00e9lka v mm            <\/td>\n<td>                435            <\/td>\n<\/tr>\n<\/table>\n<\/div><\/div>\n<\/div>\n<div class=\"accordion\" id=\"product-info-accordion2\">\n","protected":false},"excerpt":{"rendered":"<p>Parametry Vystaveno na studiu ano Barva matn\u00e1 zlat\u00e1 Po\u010det sv\u011bteln\u00fdch zdroj\u016f 1 Nap\u00e1jec\u00ed nap\u011bt\u00ed 230V V\u010detn\u011b sv\u011bteln\u00e9ho zdroje ano Kolekce Lucca Materi\u00e1l kov Patice LED Max. p\u0159\u00edkon sv\u011bteln\u00e9ho zdroje 3,6W Ochrana IP IP20 Stm\u00edvateln\u00e9 ne Teplota barvy sv\u011btla 2700K Pr\u016fm\u011br v mm 85 V\u00fdrobce ASTRO Sv\u011bteln\u00fd tok 124lm D\u00e9lka v mm 435<\/p>\n","protected":false},"featured_media":1209,"comment_status":"open","ping_status":"open","template":"","meta":[],"product_brand":[],"product_cat":[31],"product_tag":[],"class_list":{"0":"post-1109","1":"product","2":"type-product","3":"status-publish","4":"has-post-thumbnail","6":"product_cat-interierova-svitidla","8":"first","9":"instock","10":"sale","11":"shipping-taxable","12":"purchasable","13":"product-type-simple"},"yoast_head":"<!-- This site is optimized with the Yoast SEO plugin v26.8 - https:\/\/yoast.com\/product\/yoast-seo-wordpress\/ -->\n<title>N\u00e1st\u011bnn\u00e9 sv\u00edtidlo LUCCA matn\u00e1 zlat\u00e1 3,6W LED - ASTRO Lighting Ak\u010dn\u00ed Nab\u00eddka -<\/title>\n<meta name=\"robots\" content=\"index, follow, max-snippet:-1, max-image-preview:large, max-video-preview:-1\" \/>\n<link rel=\"canonical\" href=\"https:\/\/www.domtechnikpro.com\/index.php\/produkt\/nastenne-svitidlo-lucca-matna-zlata-3-6w-led-astro-lighting-akcni-nabidka-1109\/\" \/>\n<meta property=\"og:locale\" content=\"cs_CZ\" \/>\n<meta property=\"og:type\" content=\"article\" \/>\n<meta property=\"og:title\" content=\"N\u00e1st\u011bnn\u00e9 sv\u00edtidlo LUCCA matn\u00e1 zlat\u00e1 3,6W LED - ASTRO Lighting Ak\u010dn\u00ed Nab\u00eddka -\" \/>\n<meta property=\"og:description\" content=\"Parametry Vystaveno na studiu ano Barva matn\u00e1 zlat\u00e1 Po\u010det sv\u011bteln\u00fdch zdroj\u016f 1 Nap\u00e1jec\u00ed nap\u011bt\u00ed 230V V\u010detn\u011b sv\u011bteln\u00e9ho zdroje ano Kolekce Lucca Materi\u00e1l kov Patice LED Max. p\u0159\u00edkon sv\u011bteln\u00e9ho zdroje 3,6W Ochrana IP IP20 Stm\u00edvateln\u00e9 ne Teplota barvy sv\u011btla 2700K Pr\u016fm\u011br v mm 85 V\u00fdrobce ASTRO Sv\u011bteln\u00fd tok 124lm D\u00e9lka v mm 435\" \/>\n<meta property=\"og:url\" content=\"https:\/\/www.domtechnikpro.com\/index.php\/produkt\/nastenne-svitidlo-lucca-matna-zlata-3-6w-led-astro-lighting-akcni-nabidka-1109\/\" \/>\n<meta property=\"og:image\" content=\"https:\/\/www.domtechnikpro.com\/wp-content\/uploads\/2026\/SK0002039-CZ20260425-091535-0-1777079743-AST-1435003.webp\" \/>\n\t<meta property=\"og:image:width\" content=\"800\" \/>\n\t<meta property=\"og:image:height\" content=\"800\" \/>\n\t<meta property=\"og:image:type\" content=\"image\/webp\" \/>\n<meta name=\"twitter:card\" content=\"summary_large_image\" \/>\n<script type=\"application\/ld+json\" class=\"yoast-schema-graph\">{\"@context\":\"https:\/\/schema.org\",\"@graph\":[{\"@type\":\"WebPage\",\"@id\":\"https:\/\/www.domtechnikpro.com\/index.php\/produkt\/nastenne-svitidlo-lucca-matna-zlata-3-6w-led-astro-lighting-akcni-nabidka-1109\/\",\"url\":\"https:\/\/www.domtechnikpro.com\/index.php\/produkt\/nastenne-svitidlo-lucca-matna-zlata-3-6w-led-astro-lighting-akcni-nabidka-1109\/\",\"name\":\"N\u00e1st\u011bnn\u00e9 sv\u00edtidlo LUCCA matn\u00e1 zlat\u00e1 3,6W LED - ASTRO Lighting Ak\u010dn\u00ed Nab\u00eddka -\",\"isPartOf\":{\"@id\":\"https:\/\/www.domtechnikpro.com\/#website\"},\"primaryImageOfPage\":{\"@id\":\"https:\/\/www.domtechnikpro.com\/index.php\/produkt\/nastenne-svitidlo-lucca-matna-zlata-3-6w-led-astro-lighting-akcni-nabidka-1109\/#primaryimage\"},\"image\":{\"@id\":\"https:\/\/www.domtechnikpro.com\/index.php\/produkt\/nastenne-svitidlo-lucca-matna-zlata-3-6w-led-astro-lighting-akcni-nabidka-1109\/#primaryimage\"},\"thumbnailUrl\":\"https:\/\/www.domtechnikpro.com\/wp-content\/uploads\/2026\/SK0002039-CZ20260425-091535-0-1777079743-AST-1435003.webp\",\"datePublished\":\"2026-04-26T08:52:00+00:00\",\"breadcrumb\":{\"@id\":\"https:\/\/www.domtechnikpro.com\/index.php\/produkt\/nastenne-svitidlo-lucca-matna-zlata-3-6w-led-astro-lighting-akcni-nabidka-1109\/#breadcrumb\"},\"inLanguage\":\"cs\",\"potentialAction\":[{\"@type\":\"ReadAction\",\"target\":[\"https:\/\/www.domtechnikpro.com\/index.php\/produkt\/nastenne-svitidlo-lucca-matna-zlata-3-6w-led-astro-lighting-akcni-nabidka-1109\/\"]}]},{\"@type\":\"ImageObject\",\"inLanguage\":\"cs\",\"@id\":\"https:\/\/www.domtechnikpro.com\/index.php\/produkt\/nastenne-svitidlo-lucca-matna-zlata-3-6w-led-astro-lighting-akcni-nabidka-1109\/#primaryimage\",\"url\":\"https:\/\/www.domtechnikpro.com\/wp-content\/uploads\/2026\/SK0002039-CZ20260425-091535-0-1777079743-AST-1435003.webp\",\"contentUrl\":\"https:\/\/www.domtechnikpro.com\/wp-content\/uploads\/2026\/SK0002039-CZ20260425-091535-0-1777079743-AST-1435003.webp\",\"width\":800,\"height\":800},{\"@type\":\"BreadcrumbList\",\"@id\":\"https:\/\/www.domtechnikpro.com\/index.php\/produkt\/nastenne-svitidlo-lucca-matna-zlata-3-6w-led-astro-lighting-akcni-nabidka-1109\/#breadcrumb\",\"itemListElement\":[{\"@type\":\"ListItem\",\"position\":1,\"name\":\"Home\",\"item\":\"https:\/\/www.domtechnikpro.com\/\"},{\"@type\":\"ListItem\",\"position\":2,\"name\":\"Products\",\"item\":\"https:\/\/www.domtechnikpro.com\/index.php\/products\/\"},{\"@type\":\"ListItem\",\"position\":3,\"name\":\"N\u00e1st\u011bnn\u00e9 sv\u00edtidlo LUCCA matn\u00e1 zlat\u00e1 3,6W LED &#8211; ASTRO Lighting Ak\u010dn\u00ed Nab\u00eddka\"}]},{\"@type\":\"WebSite\",\"@id\":\"https:\/\/www.domtechnikpro.com\/#website\",\"url\":\"https:\/\/www.domtechnikpro.com\/\",\"name\":\"\",\"description\":\"\",\"potentialAction\":[{\"@type\":\"SearchAction\",\"target\":{\"@type\":\"EntryPoint\",\"urlTemplate\":\"https:\/\/www.domtechnikpro.com\/?s={search_term_string}\"},\"query-input\":{\"@type\":\"PropertyValueSpecification\",\"valueRequired\":true,\"valueName\":\"search_term_string\"}}],\"inLanguage\":\"cs\"}]}<\/script>\n<!-- \/ Yoast SEO plugin. -->","yoast_head_json":{"title":"N\u00e1st\u011bnn\u00e9 sv\u00edtidlo LUCCA matn\u00e1 zlat\u00e1 3,6W LED - ASTRO Lighting Ak\u010dn\u00ed Nab\u00eddka -","robots":{"index":"index","follow":"follow","max-snippet":"max-snippet:-1","max-image-preview":"max-image-preview:large","max-video-preview":"max-video-preview:-1"},"canonical":"https:\/\/www.domtechnikpro.com\/index.php\/produkt\/nastenne-svitidlo-lucca-matna-zlata-3-6w-led-astro-lighting-akcni-nabidka-1109\/","og_locale":"cs_CZ","og_type":"article","og_title":"N\u00e1st\u011bnn\u00e9 sv\u00edtidlo LUCCA matn\u00e1 zlat\u00e1 3,6W LED - ASTRO Lighting Ak\u010dn\u00ed Nab\u00eddka -","og_description":"Parametry Vystaveno na studiu ano Barva matn\u00e1 zlat\u00e1 Po\u010det sv\u011bteln\u00fdch zdroj\u016f 1 Nap\u00e1jec\u00ed nap\u011bt\u00ed 230V V\u010detn\u011b sv\u011bteln\u00e9ho zdroje ano Kolekce Lucca Materi\u00e1l kov Patice LED Max. p\u0159\u00edkon sv\u011bteln\u00e9ho zdroje 3,6W Ochrana IP IP20 Stm\u00edvateln\u00e9 ne Teplota barvy sv\u011btla 2700K Pr\u016fm\u011br v mm 85 V\u00fdrobce ASTRO Sv\u011bteln\u00fd tok 124lm D\u00e9lka v mm 435","og_url":"https:\/\/www.domtechnikpro.com\/index.php\/produkt\/nastenne-svitidlo-lucca-matna-zlata-3-6w-led-astro-lighting-akcni-nabidka-1109\/","og_image":[{"width":800,"height":800,"url":"https:\/\/www.domtechnikpro.com\/wp-content\/uploads\/2026\/SK0002039-CZ20260425-091535-0-1777079743-AST-1435003.webp","type":"image\/webp"}],"twitter_card":"summary_large_image","schema":{"@context":"https:\/\/schema.org","@graph":[{"@type":"WebPage","@id":"https:\/\/www.domtechnikpro.com\/index.php\/produkt\/nastenne-svitidlo-lucca-matna-zlata-3-6w-led-astro-lighting-akcni-nabidka-1109\/","url":"https:\/\/www.domtechnikpro.com\/index.php\/produkt\/nastenne-svitidlo-lucca-matna-zlata-3-6w-led-astro-lighting-akcni-nabidka-1109\/","name":"N\u00e1st\u011bnn\u00e9 sv\u00edtidlo LUCCA matn\u00e1 zlat\u00e1 3,6W LED - ASTRO Lighting Ak\u010dn\u00ed Nab\u00eddka -","isPartOf":{"@id":"https:\/\/www.domtechnikpro.com\/#website"},"primaryImageOfPage":{"@id":"https:\/\/www.domtechnikpro.com\/index.php\/produkt\/nastenne-svitidlo-lucca-matna-zlata-3-6w-led-astro-lighting-akcni-nabidka-1109\/#primaryimage"},"image":{"@id":"https:\/\/www.domtechnikpro.com\/index.php\/produkt\/nastenne-svitidlo-lucca-matna-zlata-3-6w-led-astro-lighting-akcni-nabidka-1109\/#primaryimage"},"thumbnailUrl":"https:\/\/www.domtechnikpro.com\/wp-content\/uploads\/2026\/SK0002039-CZ20260425-091535-0-1777079743-AST-1435003.webp","datePublished":"2026-04-26T08:52:00+00:00","breadcrumb":{"@id":"https:\/\/www.domtechnikpro.com\/index.php\/produkt\/nastenne-svitidlo-lucca-matna-zlata-3-6w-led-astro-lighting-akcni-nabidka-1109\/#breadcrumb"},"inLanguage":"cs","potentialAction":[{"@type":"ReadAction","target":["https:\/\/www.domtechnikpro.com\/index.php\/produkt\/nastenne-svitidlo-lucca-matna-zlata-3-6w-led-astro-lighting-akcni-nabidka-1109\/"]}]},{"@type":"ImageObject","inLanguage":"cs","@id":"https:\/\/www.domtechnikpro.com\/index.php\/produkt\/nastenne-svitidlo-lucca-matna-zlata-3-6w-led-astro-lighting-akcni-nabidka-1109\/#primaryimage","url":"https:\/\/www.domtechnikpro.com\/wp-content\/uploads\/2026\/SK0002039-CZ20260425-091535-0-1777079743-AST-1435003.webp","contentUrl":"https:\/\/www.domtechnikpro.com\/wp-content\/uploads\/2026\/SK0002039-CZ20260425-091535-0-1777079743-AST-1435003.webp","width":800,"height":800},{"@type":"BreadcrumbList","@id":"https:\/\/www.domtechnikpro.com\/index.php\/produkt\/nastenne-svitidlo-lucca-matna-zlata-3-6w-led-astro-lighting-akcni-nabidka-1109\/#breadcrumb","itemListElement":[{"@type":"ListItem","position":1,"name":"Home","item":"https:\/\/www.domtechnikpro.com\/"},{"@type":"ListItem","position":2,"name":"Products","item":"https:\/\/www.domtechnikpro.com\/index.php\/products\/"},{"@type":"ListItem","position":3,"name":"N\u00e1st\u011bnn\u00e9 sv\u00edtidlo LUCCA matn\u00e1 zlat\u00e1 3,6W LED &#8211; ASTRO Lighting Ak\u010dn\u00ed Nab\u00eddka"}]},{"@type":"WebSite","@id":"https:\/\/www.domtechnikpro.com\/#website","url":"https:\/\/www.domtechnikpro.com\/","name":"","description":"","potentialAction":[{"@type":"SearchAction","target":{"@type":"EntryPoint","urlTemplate":"https:\/\/www.domtechnikpro.com\/?s={search_term_string}"},"query-input":{"@type":"PropertyValueSpecification","valueRequired":true,"valueName":"search_term_string"}}],"inLanguage":"cs"}]}},"_links":{"self":[{"href":"https:\/\/www.domtechnikpro.com\/index.php\/wp-json\/wp\/v2\/product\/1109","targetHints":{"allow":["GET"]}}],"collection":[{"href":"https:\/\/www.domtechnikpro.com\/index.php\/wp-json\/wp\/v2\/product"}],"about":[{"href":"https:\/\/www.domtechnikpro.com\/index.php\/wp-json\/wp\/v2\/types\/product"}],"replies":[{"embeddable":true,"href":"https:\/\/www.domtechnikpro.com\/index.php\/wp-json\/wp\/v2\/comments?post=1109"}],"wp:featuredmedia":[{"embeddable":true,"href":"https:\/\/www.domtechnikpro.com\/index.php\/wp-json\/wp\/v2\/media\/1209"}],"wp:attachment":[{"href":"https:\/\/www.domtechnikpro.com\/index.php\/wp-json\/wp\/v2\/media?parent=1109"}],"wp:term":[{"taxonomy":"product_brand","embeddable":true,"href":"https:\/\/www.domtechnikpro.com\/index.php\/wp-json\/wp\/v2\/product_brand?post=1109"},{"taxonomy":"product_cat","embeddable":true,"href":"https:\/\/www.domtechnikpro.com\/index.php\/wp-json\/wp\/v2\/product_cat?post=1109"},{"taxonomy":"product_tag","embeddable":true,"href":"https:\/\/www.domtechnikpro.com\/index.php\/wp-json\/wp\/v2\/product_tag?post=1109"}],"curies":[{"name":"wp","href":"https:\/\/api.w.org\/{rel}","templated":true}]}}