{"id":10177,"date":"2026-04-26T08:52:57","date_gmt":"2026-04-26T08:52:57","guid":{"rendered":""},"modified":"2026-04-26T08:52:57","modified_gmt":"2026-04-26T08:52:57","slug":"akcni-nabidka-baumit-multiwhite-25-kg-10177","status":"publish","type":"product","link":"https:\/\/www.domtechnikpro.com\/index.php\/produkt\/akcni-nabidka-baumit-multiwhite-25-kg-10177\/","title":{"rendered":"Ak\u010dn\u00ed Nab\u00eddka Baumit MultiWhite 25 kg"},"content":{"rendered":"<div class=\"tmc_edt\">\n<ul>\n<li><font face=\"Segoe UI\">Pro ochranu a estetick\u00e9 ztv\u00e1rn\u011bn\u00ed fas\u00e1d. Vhodn\u00fd pro miner\u00e1ln\u00ed i organicky pojen\u00e9 om\u00edtky, st\u011brka a tak\u00e9 beton. <\/font><\/li>\n<p><font face=\"Segoe UI\"><\/font><\/p>\n<li><font face=\"Segoe UI\">Vhodn\u00e1 p\u0159edev\u0161\u00edm pro vytv\u00e1\u0159en\u00ed v\u00fdztu\u017en\u00e9 st\u011brkov\u00e9 vrstvy na miner\u00e1ln\u00edch podkladech, zejm\u00e9na k sanaci ploch po\u0161kozen\u00fdch trhlinkami. Tak\u00e9 jako vrchn\u00ed om\u00edtka se zat\u0159en\u00fdm povrchem. St\u011brkov\u00e1 hmota pro exteri\u00e9r a interi\u00e9r. <\/font><\/li>\n<p><font face=\"Segoe UI\"><\/font><\/p>\n<li><font face=\"Segoe UI\">Vhodn\u00e1 jako kontaktn\u00ed m\u016fstek pro miner\u00e1ln\u00ed om\u00edtky a jako st\u011brkov\u00e1 hmota na miner\u00e1ln\u00ed anebo organick\u00e9 om\u00edtky. <\/font><\/li>\n<p><font face=\"Segoe UI\"><\/font><\/p>\n<li><font face=\"Segoe UI\"><strong>Mus\u00ed vyhovovat platn\u00fdm norm\u00e1m<\/strong>, b\u00fdt pevn\u00fd, \u010dist\u00fd, such\u00fd, nezmrzl\u00fd, soudr\u017en\u00fd, bez v\u00fdkv\u011bt\u016f, mastnoty anebo odd\u011bluj\u00edc\u00edch se \u010d\u00e1stic. Nesm\u00ed b\u00fdt vodoodpudiv\u00fd. <\/font><\/li>\n<p><font face=\"Segoe UI\"><\/font><\/p>\n<li><font face=\"Segoe UI\">Plochy biologicky napaden\u00e9 o\u0161et\u0159it sana\u010dn\u00edm n\u00e1t\u011brem Baumit FungoFluid. Siln\u011b sav\u00e9 podklady v p\u0159edstihu upravit penetra\u010dn\u00edm hloubkov\u00fdm n\u00e1t\u011brem Baumit MultiPrimer.<\/font><\/li>\n<p><font face=\"Segoe UI\"><\/font><\/p>\n<li><font face=\"Segoe UI\"><strong>Vhodn\u00e9 podklady:<\/strong>&nbsp;P\u016fvodn\u00ed miner\u00e1ln\u00ed fas\u00e1dn\u00ed om\u00edtky bez disperzn\u00edch n\u00e1t\u011br\u016f, dostate\u010dn\u011b soudr\u017en\u00e9 (nap\u0159. b\u0159izolit),&nbsp;p\u016fvodn\u00ed tepeln\u011b izola\u010dn\u00ed syst\u00e9my,&nbsp; p\u016fvodn\u00ed anebo nov\u00e9 betonov\u00e9 povrchy st\u011bn a strop\u016f v\u010detn\u011b panelov\u00fdch, s odstran\u011bn\u00fdmi disperzn\u00edmi st\u011brkami nebo tapetami.<\/font><\/li>\n<p><font face=\"Segoe UI\"><\/font><\/p>\n<li><font face=\"Segoe UI\"><strong>Nevhodn\u00e9 podklady:<\/strong> Plasty, lakov\u00e9 event. olejov\u00e9 n\u00e1t\u011bry a klihov\u00e9 barvy,&nbsp;tepeln\u011bizola\u010dn\u00ed desky XPS anebo Perimetr,&nbsp;d\u0159evo nebo kov, vysoce elastick\u00e9 disperzn\u00ed n\u00e1t\u011bry.<\/font><\/li>\n<\/ul>\n<p>&nbsp;<\/p>\n<\/p><\/div>\n<\/p><\/div>\n","protected":false},"excerpt":{"rendered":"<p>Pro ochranu a estetick\u00e9 ztv\u00e1rn\u011bn\u00ed fas\u00e1d. Vhodn\u00fd pro miner\u00e1ln\u00ed i organicky pojen\u00e9 om\u00edtky, st\u011brka a tak\u00e9 beton. Vhodn\u00e1 p\u0159edev\u0161\u00edm pro vytv\u00e1\u0159en\u00ed v\u00fdztu\u017en\u00e9 st\u011brkov\u00e9 vrstvy na miner\u00e1ln\u00edch podkladech, zejm\u00e9na k sanaci ploch po\u0161kozen\u00fdch trhlinkami. Tak\u00e9 jako vrchn\u00ed om\u00edtka se zat\u0159en\u00fdm povrchem. St\u011brkov\u00e1 hmota pro exteri\u00e9r a interi\u00e9r. Vhodn\u00e1 jako kontaktn\u00ed m\u016fstek pro miner\u00e1ln\u00ed om\u00edtky a jako [&hellip;]<\/p>\n","protected":false},"featured_media":10277,"comment_status":"open","ping_status":"open","template":"","meta":[],"product_brand":[],"product_cat":[61],"product_tag":[],"class_list":{"0":"post-10177","1":"product","2":"type-product","3":"status-publish","4":"has-post-thumbnail","6":"product_cat-hruba-stavba","8":"first","9":"instock","10":"sale","11":"shipping-taxable","12":"purchasable","13":"product-type-simple"},"yoast_head":"<!-- This site is optimized with the Yoast SEO plugin v26.8 - https:\/\/yoast.com\/product\/yoast-seo-wordpress\/ -->\n<title>Ak\u010dn\u00ed Nab\u00eddka Baumit MultiWhite 25 kg -<\/title>\n<meta name=\"robots\" content=\"index, follow, max-snippet:-1, max-image-preview:large, max-video-preview:-1\" \/>\n<link rel=\"canonical\" href=\"https:\/\/www.domtechnikpro.com\/index.php\/produkt\/akcni-nabidka-baumit-multiwhite-25-kg-10177\/\" \/>\n<meta property=\"og:locale\" content=\"cs_CZ\" \/>\n<meta property=\"og:type\" content=\"article\" \/>\n<meta property=\"og:title\" content=\"Ak\u010dn\u00ed Nab\u00eddka Baumit MultiWhite 25 kg -\" \/>\n<meta property=\"og:description\" content=\"Pro ochranu a estetick\u00e9 ztv\u00e1rn\u011bn\u00ed fas\u00e1d. Vhodn\u00fd pro miner\u00e1ln\u00ed i organicky pojen\u00e9 om\u00edtky, st\u011brka a tak\u00e9 beton. Vhodn\u00e1 p\u0159edev\u0161\u00edm pro vytv\u00e1\u0159en\u00ed v\u00fdztu\u017en\u00e9 st\u011brkov\u00e9 vrstvy na miner\u00e1ln\u00edch podkladech, zejm\u00e9na k sanaci ploch po\u0161kozen\u00fdch trhlinkami. Tak\u00e9 jako vrchn\u00ed om\u00edtka se zat\u0159en\u00fdm povrchem. St\u011brkov\u00e1 hmota pro exteri\u00e9r a interi\u00e9r. Vhodn\u00e1 jako kontaktn\u00ed m\u016fstek pro miner\u00e1ln\u00ed om\u00edtky a jako [&hellip;]\" \/>\n<meta property=\"og:url\" content=\"https:\/\/www.domtechnikpro.com\/index.php\/produkt\/akcni-nabidka-baumit-multiwhite-25-kg-10177\/\" \/>\n<meta property=\"og:image\" content=\"https:\/\/www.domtechnikpro.com\/wp-content\/uploads\/2026\/SK0001478-CZ20260425-091813-0-1777079894-gall_5802c9db-cbc2-4876-8a58-2b6deca4227e3043-baumit-multiw.webp\" \/>\n\t<meta property=\"og:image:width\" content=\"420\" \/>\n\t<meta property=\"og:image:height\" content=\"370\" \/>\n\t<meta property=\"og:image:type\" content=\"image\/webp\" \/>\n<meta name=\"twitter:card\" content=\"summary_large_image\" \/>\n<meta name=\"twitter:label1\" content=\"Odhadovan\u00e1 doba \u010dten\u00ed\" \/>\n\t<meta name=\"twitter:data1\" content=\"1 minuta\" \/>\n<script type=\"application\/ld+json\" class=\"yoast-schema-graph\">{\"@context\":\"https:\/\/schema.org\",\"@graph\":[{\"@type\":\"WebPage\",\"@id\":\"https:\/\/www.domtechnikpro.com\/index.php\/produkt\/akcni-nabidka-baumit-multiwhite-25-kg-10177\/\",\"url\":\"https:\/\/www.domtechnikpro.com\/index.php\/produkt\/akcni-nabidka-baumit-multiwhite-25-kg-10177\/\",\"name\":\"Ak\u010dn\u00ed Nab\u00eddka Baumit MultiWhite 25 kg -\",\"isPartOf\":{\"@id\":\"https:\/\/www.domtechnikpro.com\/#website\"},\"primaryImageOfPage\":{\"@id\":\"https:\/\/www.domtechnikpro.com\/index.php\/produkt\/akcni-nabidka-baumit-multiwhite-25-kg-10177\/#primaryimage\"},\"image\":{\"@id\":\"https:\/\/www.domtechnikpro.com\/index.php\/produkt\/akcni-nabidka-baumit-multiwhite-25-kg-10177\/#primaryimage\"},\"thumbnailUrl\":\"https:\/\/www.domtechnikpro.com\/wp-content\/uploads\/2026\/SK0001478-CZ20260425-091813-0-1777079894-gall_5802c9db-cbc2-4876-8a58-2b6deca4227e3043-baumit-multiw.webp\",\"datePublished\":\"2026-04-26T08:52:57+00:00\",\"breadcrumb\":{\"@id\":\"https:\/\/www.domtechnikpro.com\/index.php\/produkt\/akcni-nabidka-baumit-multiwhite-25-kg-10177\/#breadcrumb\"},\"inLanguage\":\"cs\",\"potentialAction\":[{\"@type\":\"ReadAction\",\"target\":[\"https:\/\/www.domtechnikpro.com\/index.php\/produkt\/akcni-nabidka-baumit-multiwhite-25-kg-10177\/\"]}]},{\"@type\":\"ImageObject\",\"inLanguage\":\"cs\",\"@id\":\"https:\/\/www.domtechnikpro.com\/index.php\/produkt\/akcni-nabidka-baumit-multiwhite-25-kg-10177\/#primaryimage\",\"url\":\"https:\/\/www.domtechnikpro.com\/wp-content\/uploads\/2026\/SK0001478-CZ20260425-091813-0-1777079894-gall_5802c9db-cbc2-4876-8a58-2b6deca4227e3043-baumit-multiw.webp\",\"contentUrl\":\"https:\/\/www.domtechnikpro.com\/wp-content\/uploads\/2026\/SK0001478-CZ20260425-091813-0-1777079894-gall_5802c9db-cbc2-4876-8a58-2b6deca4227e3043-baumit-multiw.webp\",\"width\":420,\"height\":370},{\"@type\":\"BreadcrumbList\",\"@id\":\"https:\/\/www.domtechnikpro.com\/index.php\/produkt\/akcni-nabidka-baumit-multiwhite-25-kg-10177\/#breadcrumb\",\"itemListElement\":[{\"@type\":\"ListItem\",\"position\":1,\"name\":\"Home\",\"item\":\"https:\/\/www.domtechnikpro.com\/\"},{\"@type\":\"ListItem\",\"position\":2,\"name\":\"Products\",\"item\":\"https:\/\/www.domtechnikpro.com\/index.php\/products\/\"},{\"@type\":\"ListItem\",\"position\":3,\"name\":\"Ak\u010dn\u00ed Nab\u00eddka Baumit MultiWhite 25 kg\"}]},{\"@type\":\"WebSite\",\"@id\":\"https:\/\/www.domtechnikpro.com\/#website\",\"url\":\"https:\/\/www.domtechnikpro.com\/\",\"name\":\"\",\"description\":\"\",\"potentialAction\":[{\"@type\":\"SearchAction\",\"target\":{\"@type\":\"EntryPoint\",\"urlTemplate\":\"https:\/\/www.domtechnikpro.com\/?s={search_term_string}\"},\"query-input\":{\"@type\":\"PropertyValueSpecification\",\"valueRequired\":true,\"valueName\":\"search_term_string\"}}],\"inLanguage\":\"cs\"}]}<\/script>\n<!-- \/ Yoast SEO plugin. -->","yoast_head_json":{"title":"Ak\u010dn\u00ed Nab\u00eddka Baumit MultiWhite 25 kg -","robots":{"index":"index","follow":"follow","max-snippet":"max-snippet:-1","max-image-preview":"max-image-preview:large","max-video-preview":"max-video-preview:-1"},"canonical":"https:\/\/www.domtechnikpro.com\/index.php\/produkt\/akcni-nabidka-baumit-multiwhite-25-kg-10177\/","og_locale":"cs_CZ","og_type":"article","og_title":"Ak\u010dn\u00ed Nab\u00eddka Baumit MultiWhite 25 kg -","og_description":"Pro ochranu a estetick\u00e9 ztv\u00e1rn\u011bn\u00ed fas\u00e1d. Vhodn\u00fd pro miner\u00e1ln\u00ed i organicky pojen\u00e9 om\u00edtky, st\u011brka a tak\u00e9 beton. Vhodn\u00e1 p\u0159edev\u0161\u00edm pro vytv\u00e1\u0159en\u00ed v\u00fdztu\u017en\u00e9 st\u011brkov\u00e9 vrstvy na miner\u00e1ln\u00edch podkladech, zejm\u00e9na k sanaci ploch po\u0161kozen\u00fdch trhlinkami. Tak\u00e9 jako vrchn\u00ed om\u00edtka se zat\u0159en\u00fdm povrchem. St\u011brkov\u00e1 hmota pro exteri\u00e9r a interi\u00e9r. Vhodn\u00e1 jako kontaktn\u00ed m\u016fstek pro miner\u00e1ln\u00ed om\u00edtky a jako [&hellip;]","og_url":"https:\/\/www.domtechnikpro.com\/index.php\/produkt\/akcni-nabidka-baumit-multiwhite-25-kg-10177\/","og_image":[{"width":420,"height":370,"url":"https:\/\/www.domtechnikpro.com\/wp-content\/uploads\/2026\/SK0001478-CZ20260425-091813-0-1777079894-gall_5802c9db-cbc2-4876-8a58-2b6deca4227e3043-baumit-multiw.webp","type":"image\/webp"}],"twitter_card":"summary_large_image","twitter_misc":{"Odhadovan\u00e1 doba \u010dten\u00ed":"1 minuta"},"schema":{"@context":"https:\/\/schema.org","@graph":[{"@type":"WebPage","@id":"https:\/\/www.domtechnikpro.com\/index.php\/produkt\/akcni-nabidka-baumit-multiwhite-25-kg-10177\/","url":"https:\/\/www.domtechnikpro.com\/index.php\/produkt\/akcni-nabidka-baumit-multiwhite-25-kg-10177\/","name":"Ak\u010dn\u00ed Nab\u00eddka Baumit MultiWhite 25 kg -","isPartOf":{"@id":"https:\/\/www.domtechnikpro.com\/#website"},"primaryImageOfPage":{"@id":"https:\/\/www.domtechnikpro.com\/index.php\/produkt\/akcni-nabidka-baumit-multiwhite-25-kg-10177\/#primaryimage"},"image":{"@id":"https:\/\/www.domtechnikpro.com\/index.php\/produkt\/akcni-nabidka-baumit-multiwhite-25-kg-10177\/#primaryimage"},"thumbnailUrl":"https:\/\/www.domtechnikpro.com\/wp-content\/uploads\/2026\/SK0001478-CZ20260425-091813-0-1777079894-gall_5802c9db-cbc2-4876-8a58-2b6deca4227e3043-baumit-multiw.webp","datePublished":"2026-04-26T08:52:57+00:00","breadcrumb":{"@id":"https:\/\/www.domtechnikpro.com\/index.php\/produkt\/akcni-nabidka-baumit-multiwhite-25-kg-10177\/#breadcrumb"},"inLanguage":"cs","potentialAction":[{"@type":"ReadAction","target":["https:\/\/www.domtechnikpro.com\/index.php\/produkt\/akcni-nabidka-baumit-multiwhite-25-kg-10177\/"]}]},{"@type":"ImageObject","inLanguage":"cs","@id":"https:\/\/www.domtechnikpro.com\/index.php\/produkt\/akcni-nabidka-baumit-multiwhite-25-kg-10177\/#primaryimage","url":"https:\/\/www.domtechnikpro.com\/wp-content\/uploads\/2026\/SK0001478-CZ20260425-091813-0-1777079894-gall_5802c9db-cbc2-4876-8a58-2b6deca4227e3043-baumit-multiw.webp","contentUrl":"https:\/\/www.domtechnikpro.com\/wp-content\/uploads\/2026\/SK0001478-CZ20260425-091813-0-1777079894-gall_5802c9db-cbc2-4876-8a58-2b6deca4227e3043-baumit-multiw.webp","width":420,"height":370},{"@type":"BreadcrumbList","@id":"https:\/\/www.domtechnikpro.com\/index.php\/produkt\/akcni-nabidka-baumit-multiwhite-25-kg-10177\/#breadcrumb","itemListElement":[{"@type":"ListItem","position":1,"name":"Home","item":"https:\/\/www.domtechnikpro.com\/"},{"@type":"ListItem","position":2,"name":"Products","item":"https:\/\/www.domtechnikpro.com\/index.php\/products\/"},{"@type":"ListItem","position":3,"name":"Ak\u010dn\u00ed Nab\u00eddka Baumit MultiWhite 25 kg"}]},{"@type":"WebSite","@id":"https:\/\/www.domtechnikpro.com\/#website","url":"https:\/\/www.domtechnikpro.com\/","name":"","description":"","potentialAction":[{"@type":"SearchAction","target":{"@type":"EntryPoint","urlTemplate":"https:\/\/www.domtechnikpro.com\/?s={search_term_string}"},"query-input":{"@type":"PropertyValueSpecification","valueRequired":true,"valueName":"search_term_string"}}],"inLanguage":"cs"}]}},"_links":{"self":[{"href":"https:\/\/www.domtechnikpro.com\/index.php\/wp-json\/wp\/v2\/product\/10177","targetHints":{"allow":["GET"]}}],"collection":[{"href":"https:\/\/www.domtechnikpro.com\/index.php\/wp-json\/wp\/v2\/product"}],"about":[{"href":"https:\/\/www.domtechnikpro.com\/index.php\/wp-json\/wp\/v2\/types\/product"}],"replies":[{"embeddable":true,"href":"https:\/\/www.domtechnikpro.com\/index.php\/wp-json\/wp\/v2\/comments?post=10177"}],"wp:featuredmedia":[{"embeddable":true,"href":"https:\/\/www.domtechnikpro.com\/index.php\/wp-json\/wp\/v2\/media\/10277"}],"wp:attachment":[{"href":"https:\/\/www.domtechnikpro.com\/index.php\/wp-json\/wp\/v2\/media?parent=10177"}],"wp:term":[{"taxonomy":"product_brand","embeddable":true,"href":"https:\/\/www.domtechnikpro.com\/index.php\/wp-json\/wp\/v2\/product_brand?post=10177"},{"taxonomy":"product_cat","embeddable":true,"href":"https:\/\/www.domtechnikpro.com\/index.php\/wp-json\/wp\/v2\/product_cat?post=10177"},{"taxonomy":"product_tag","embeddable":true,"href":"https:\/\/www.domtechnikpro.com\/index.php\/wp-json\/wp\/v2\/product_tag?post=10177"}],"curies":[{"name":"wp","href":"https:\/\/api.w.org\/{rel}","templated":true}]}}