{"id":10138,"date":"2026-04-26T08:52:57","date_gmt":"2026-04-26T08:52:57","guid":{"rendered":""},"modified":"2026-04-26T08:52:57","modified_gmt":"2026-04-26T08:52:57","slug":"dokud-zasoby-vydrzi-baumit-klimampi-vl-silo-10138","status":"publish","type":"product","link":"https:\/\/www.domtechnikpro.com\/index.php\/produkt\/dokud-zasoby-vydrzi-baumit-klimampi-vl-silo-10138\/","title":{"rendered":"Dokud Z\u00e1soby Vydr\u017e\u00ed Baumit KlimaMPI VL (silo)"},"content":{"rendered":"<div class=\"tmc_edt\">\n<ul>\n<li><font face=\"Segoe UI\">Strojov\u011b zpracovateln\u00e1 jednovrstv\u00e1 om\u00edtka zrnitosti 0,6 mm se \u0161tukov\u00fdm povrchem ur\u010den\u00e1 do interi\u00e9ru v\u010detn\u011b vlhk\u00fdch prostor, technick\u00fdch m\u00edstnost\u00ed nebo koupelen. <\/font><\/li>\n<p><font face=\"Segoe UI\"><\/font><\/p>\n<li><font face=\"Segoe UI\"><strong>Podklad mus\u00ed vyhovovat platn\u00fdm norm\u00e1m,<\/strong> mus\u00ed b\u00fdt pevn\u00fd, bez uvol\u0148uj\u00edc\u00edch se \u010d\u00e1stic, zbaven\u00fd prachu, n\u00e1t\u011bru, zbytk\u016f odformovac\u00edch prost\u0159edk\u016f a soln\u00fdch v\u00fdkv\u011bt\u016f. Mus\u00ed b\u00fdt dostate\u010dn\u011b drsn\u00fd, such\u00fd a rovnom\u011brn\u011b nas\u00e1kav\u00fd. Povrch nesm\u00ed b\u00fdt vodoodpudiv\u00fd. <\/font><\/li>\n<\/ul><\/div>\n<\/p><\/div>\n","protected":false},"excerpt":{"rendered":"<p>Strojov\u011b zpracovateln\u00e1 jednovrstv\u00e1 om\u00edtka zrnitosti 0,6 mm se \u0161tukov\u00fdm povrchem ur\u010den\u00e1 do interi\u00e9ru v\u010detn\u011b vlhk\u00fdch prostor, technick\u00fdch m\u00edstnost\u00ed nebo koupelen. Podklad mus\u00ed vyhovovat platn\u00fdm norm\u00e1m, mus\u00ed b\u00fdt pevn\u00fd, bez uvol\u0148uj\u00edc\u00edch se \u010d\u00e1stic, zbaven\u00fd prachu, n\u00e1t\u011bru, zbytk\u016f odformovac\u00edch prost\u0159edk\u016f a soln\u00fdch v\u00fdkv\u011bt\u016f. Mus\u00ed b\u00fdt dostate\u010dn\u011b drsn\u00fd, such\u00fd a rovnom\u011brn\u011b nas\u00e1kav\u00fd. Povrch nesm\u00ed b\u00fdt vodoodpudiv\u00fd.<\/p>\n","protected":false},"featured_media":10238,"comment_status":"open","ping_status":"open","template":"","meta":[],"product_brand":[],"product_cat":[60],"product_tag":[],"class_list":{"0":"post-10138","1":"product","2":"type-product","3":"status-publish","4":"has-post-thumbnail","6":"product_cat-fasady-a-izolace","8":"first","9":"instock","10":"sale","11":"shipping-taxable","12":"purchasable","13":"product-type-simple"},"yoast_head":"<!-- This site is optimized with the Yoast SEO plugin v26.8 - https:\/\/yoast.com\/product\/yoast-seo-wordpress\/ -->\n<title>Dokud Z\u00e1soby Vydr\u017e\u00ed Baumit KlimaMPI VL (silo) -<\/title>\n<meta name=\"robots\" content=\"index, follow, max-snippet:-1, max-image-preview:large, max-video-preview:-1\" \/>\n<link rel=\"canonical\" href=\"https:\/\/www.domtechnikpro.com\/index.php\/produkt\/dokud-zasoby-vydrzi-baumit-klimampi-vl-silo-10138\/\" \/>\n<meta property=\"og:locale\" content=\"cs_CZ\" \/>\n<meta property=\"og:type\" content=\"article\" \/>\n<meta property=\"og:title\" content=\"Dokud Z\u00e1soby Vydr\u017e\u00ed Baumit KlimaMPI VL (silo) -\" \/>\n<meta property=\"og:description\" content=\"Strojov\u011b zpracovateln\u00e1 jednovrstv\u00e1 om\u00edtka zrnitosti 0,6 mm se \u0161tukov\u00fdm povrchem ur\u010den\u00e1 do interi\u00e9ru v\u010detn\u011b vlhk\u00fdch prostor, technick\u00fdch m\u00edstnost\u00ed nebo koupelen. Podklad mus\u00ed vyhovovat platn\u00fdm norm\u00e1m, mus\u00ed b\u00fdt pevn\u00fd, bez uvol\u0148uj\u00edc\u00edch se \u010d\u00e1stic, zbaven\u00fd prachu, n\u00e1t\u011bru, zbytk\u016f odformovac\u00edch prost\u0159edk\u016f a soln\u00fdch v\u00fdkv\u011bt\u016f. Mus\u00ed b\u00fdt dostate\u010dn\u011b drsn\u00fd, such\u00fd a rovnom\u011brn\u011b nas\u00e1kav\u00fd. Povrch nesm\u00ed b\u00fdt vodoodpudiv\u00fd.\" \/>\n<meta property=\"og:url\" content=\"https:\/\/www.domtechnikpro.com\/index.php\/produkt\/dokud-zasoby-vydrzi-baumit-klimampi-vl-silo-10138\/\" \/>\n<meta property=\"og:image\" content=\"https:\/\/www.domtechnikpro.com\/wp-content\/uploads\/2026\/SK0001439-CZ20260425-091813-0-1777079894-gall_e7455d2e-5f9b-41cb-b55d-646b87ca30c32967-baumit-silo.j.webp\" \/>\n\t<meta property=\"og:image:width\" content=\"193\" \/>\n\t<meta property=\"og:image:height\" content=\"420\" \/>\n\t<meta property=\"og:image:type\" content=\"image\/webp\" \/>\n<meta name=\"twitter:card\" content=\"summary_large_image\" \/>\n<script type=\"application\/ld+json\" class=\"yoast-schema-graph\">{\"@context\":\"https:\/\/schema.org\",\"@graph\":[{\"@type\":\"WebPage\",\"@id\":\"https:\/\/www.domtechnikpro.com\/index.php\/produkt\/dokud-zasoby-vydrzi-baumit-klimampi-vl-silo-10138\/\",\"url\":\"https:\/\/www.domtechnikpro.com\/index.php\/produkt\/dokud-zasoby-vydrzi-baumit-klimampi-vl-silo-10138\/\",\"name\":\"Dokud Z\u00e1soby Vydr\u017e\u00ed Baumit KlimaMPI VL (silo) -\",\"isPartOf\":{\"@id\":\"https:\/\/www.domtechnikpro.com\/#website\"},\"primaryImageOfPage\":{\"@id\":\"https:\/\/www.domtechnikpro.com\/index.php\/produkt\/dokud-zasoby-vydrzi-baumit-klimampi-vl-silo-10138\/#primaryimage\"},\"image\":{\"@id\":\"https:\/\/www.domtechnikpro.com\/index.php\/produkt\/dokud-zasoby-vydrzi-baumit-klimampi-vl-silo-10138\/#primaryimage\"},\"thumbnailUrl\":\"https:\/\/www.domtechnikpro.com\/wp-content\/uploads\/2026\/SK0001439-CZ20260425-091813-0-1777079894-gall_e7455d2e-5f9b-41cb-b55d-646b87ca30c32967-baumit-silo.j.webp\",\"datePublished\":\"2026-04-26T08:52:57+00:00\",\"breadcrumb\":{\"@id\":\"https:\/\/www.domtechnikpro.com\/index.php\/produkt\/dokud-zasoby-vydrzi-baumit-klimampi-vl-silo-10138\/#breadcrumb\"},\"inLanguage\":\"cs\",\"potentialAction\":[{\"@type\":\"ReadAction\",\"target\":[\"https:\/\/www.domtechnikpro.com\/index.php\/produkt\/dokud-zasoby-vydrzi-baumit-klimampi-vl-silo-10138\/\"]}]},{\"@type\":\"ImageObject\",\"inLanguage\":\"cs\",\"@id\":\"https:\/\/www.domtechnikpro.com\/index.php\/produkt\/dokud-zasoby-vydrzi-baumit-klimampi-vl-silo-10138\/#primaryimage\",\"url\":\"https:\/\/www.domtechnikpro.com\/wp-content\/uploads\/2026\/SK0001439-CZ20260425-091813-0-1777079894-gall_e7455d2e-5f9b-41cb-b55d-646b87ca30c32967-baumit-silo.j.webp\",\"contentUrl\":\"https:\/\/www.domtechnikpro.com\/wp-content\/uploads\/2026\/SK0001439-CZ20260425-091813-0-1777079894-gall_e7455d2e-5f9b-41cb-b55d-646b87ca30c32967-baumit-silo.j.webp\",\"width\":193,\"height\":420},{\"@type\":\"BreadcrumbList\",\"@id\":\"https:\/\/www.domtechnikpro.com\/index.php\/produkt\/dokud-zasoby-vydrzi-baumit-klimampi-vl-silo-10138\/#breadcrumb\",\"itemListElement\":[{\"@type\":\"ListItem\",\"position\":1,\"name\":\"Home\",\"item\":\"https:\/\/www.domtechnikpro.com\/\"},{\"@type\":\"ListItem\",\"position\":2,\"name\":\"Products\",\"item\":\"https:\/\/www.domtechnikpro.com\/index.php\/products\/\"},{\"@type\":\"ListItem\",\"position\":3,\"name\":\"Dokud Z\u00e1soby Vydr\u017e\u00ed Baumit KlimaMPI VL (silo)\"}]},{\"@type\":\"WebSite\",\"@id\":\"https:\/\/www.domtechnikpro.com\/#website\",\"url\":\"https:\/\/www.domtechnikpro.com\/\",\"name\":\"\",\"description\":\"\",\"potentialAction\":[{\"@type\":\"SearchAction\",\"target\":{\"@type\":\"EntryPoint\",\"urlTemplate\":\"https:\/\/www.domtechnikpro.com\/?s={search_term_string}\"},\"query-input\":{\"@type\":\"PropertyValueSpecification\",\"valueRequired\":true,\"valueName\":\"search_term_string\"}}],\"inLanguage\":\"cs\"}]}<\/script>\n<!-- \/ Yoast SEO plugin. -->","yoast_head_json":{"title":"Dokud Z\u00e1soby Vydr\u017e\u00ed Baumit KlimaMPI VL (silo) -","robots":{"index":"index","follow":"follow","max-snippet":"max-snippet:-1","max-image-preview":"max-image-preview:large","max-video-preview":"max-video-preview:-1"},"canonical":"https:\/\/www.domtechnikpro.com\/index.php\/produkt\/dokud-zasoby-vydrzi-baumit-klimampi-vl-silo-10138\/","og_locale":"cs_CZ","og_type":"article","og_title":"Dokud Z\u00e1soby Vydr\u017e\u00ed Baumit KlimaMPI VL (silo) -","og_description":"Strojov\u011b zpracovateln\u00e1 jednovrstv\u00e1 om\u00edtka zrnitosti 0,6 mm se \u0161tukov\u00fdm povrchem ur\u010den\u00e1 do interi\u00e9ru v\u010detn\u011b vlhk\u00fdch prostor, technick\u00fdch m\u00edstnost\u00ed nebo koupelen. Podklad mus\u00ed vyhovovat platn\u00fdm norm\u00e1m, mus\u00ed b\u00fdt pevn\u00fd, bez uvol\u0148uj\u00edc\u00edch se \u010d\u00e1stic, zbaven\u00fd prachu, n\u00e1t\u011bru, zbytk\u016f odformovac\u00edch prost\u0159edk\u016f a soln\u00fdch v\u00fdkv\u011bt\u016f. Mus\u00ed b\u00fdt dostate\u010dn\u011b drsn\u00fd, such\u00fd a rovnom\u011brn\u011b nas\u00e1kav\u00fd. Povrch nesm\u00ed b\u00fdt vodoodpudiv\u00fd.","og_url":"https:\/\/www.domtechnikpro.com\/index.php\/produkt\/dokud-zasoby-vydrzi-baumit-klimampi-vl-silo-10138\/","og_image":[{"width":193,"height":420,"url":"https:\/\/www.domtechnikpro.com\/wp-content\/uploads\/2026\/SK0001439-CZ20260425-091813-0-1777079894-gall_e7455d2e-5f9b-41cb-b55d-646b87ca30c32967-baumit-silo.j.webp","type":"image\/webp"}],"twitter_card":"summary_large_image","schema":{"@context":"https:\/\/schema.org","@graph":[{"@type":"WebPage","@id":"https:\/\/www.domtechnikpro.com\/index.php\/produkt\/dokud-zasoby-vydrzi-baumit-klimampi-vl-silo-10138\/","url":"https:\/\/www.domtechnikpro.com\/index.php\/produkt\/dokud-zasoby-vydrzi-baumit-klimampi-vl-silo-10138\/","name":"Dokud Z\u00e1soby Vydr\u017e\u00ed Baumit KlimaMPI VL (silo) -","isPartOf":{"@id":"https:\/\/www.domtechnikpro.com\/#website"},"primaryImageOfPage":{"@id":"https:\/\/www.domtechnikpro.com\/index.php\/produkt\/dokud-zasoby-vydrzi-baumit-klimampi-vl-silo-10138\/#primaryimage"},"image":{"@id":"https:\/\/www.domtechnikpro.com\/index.php\/produkt\/dokud-zasoby-vydrzi-baumit-klimampi-vl-silo-10138\/#primaryimage"},"thumbnailUrl":"https:\/\/www.domtechnikpro.com\/wp-content\/uploads\/2026\/SK0001439-CZ20260425-091813-0-1777079894-gall_e7455d2e-5f9b-41cb-b55d-646b87ca30c32967-baumit-silo.j.webp","datePublished":"2026-04-26T08:52:57+00:00","breadcrumb":{"@id":"https:\/\/www.domtechnikpro.com\/index.php\/produkt\/dokud-zasoby-vydrzi-baumit-klimampi-vl-silo-10138\/#breadcrumb"},"inLanguage":"cs","potentialAction":[{"@type":"ReadAction","target":["https:\/\/www.domtechnikpro.com\/index.php\/produkt\/dokud-zasoby-vydrzi-baumit-klimampi-vl-silo-10138\/"]}]},{"@type":"ImageObject","inLanguage":"cs","@id":"https:\/\/www.domtechnikpro.com\/index.php\/produkt\/dokud-zasoby-vydrzi-baumit-klimampi-vl-silo-10138\/#primaryimage","url":"https:\/\/www.domtechnikpro.com\/wp-content\/uploads\/2026\/SK0001439-CZ20260425-091813-0-1777079894-gall_e7455d2e-5f9b-41cb-b55d-646b87ca30c32967-baumit-silo.j.webp","contentUrl":"https:\/\/www.domtechnikpro.com\/wp-content\/uploads\/2026\/SK0001439-CZ20260425-091813-0-1777079894-gall_e7455d2e-5f9b-41cb-b55d-646b87ca30c32967-baumit-silo.j.webp","width":193,"height":420},{"@type":"BreadcrumbList","@id":"https:\/\/www.domtechnikpro.com\/index.php\/produkt\/dokud-zasoby-vydrzi-baumit-klimampi-vl-silo-10138\/#breadcrumb","itemListElement":[{"@type":"ListItem","position":1,"name":"Home","item":"https:\/\/www.domtechnikpro.com\/"},{"@type":"ListItem","position":2,"name":"Products","item":"https:\/\/www.domtechnikpro.com\/index.php\/products\/"},{"@type":"ListItem","position":3,"name":"Dokud Z\u00e1soby Vydr\u017e\u00ed Baumit KlimaMPI VL (silo)"}]},{"@type":"WebSite","@id":"https:\/\/www.domtechnikpro.com\/#website","url":"https:\/\/www.domtechnikpro.com\/","name":"","description":"","potentialAction":[{"@type":"SearchAction","target":{"@type":"EntryPoint","urlTemplate":"https:\/\/www.domtechnikpro.com\/?s={search_term_string}"},"query-input":{"@type":"PropertyValueSpecification","valueRequired":true,"valueName":"search_term_string"}}],"inLanguage":"cs"}]}},"_links":{"self":[{"href":"https:\/\/www.domtechnikpro.com\/index.php\/wp-json\/wp\/v2\/product\/10138","targetHints":{"allow":["GET"]}}],"collection":[{"href":"https:\/\/www.domtechnikpro.com\/index.php\/wp-json\/wp\/v2\/product"}],"about":[{"href":"https:\/\/www.domtechnikpro.com\/index.php\/wp-json\/wp\/v2\/types\/product"}],"replies":[{"embeddable":true,"href":"https:\/\/www.domtechnikpro.com\/index.php\/wp-json\/wp\/v2\/comments?post=10138"}],"wp:featuredmedia":[{"embeddable":true,"href":"https:\/\/www.domtechnikpro.com\/index.php\/wp-json\/wp\/v2\/media\/10238"}],"wp:attachment":[{"href":"https:\/\/www.domtechnikpro.com\/index.php\/wp-json\/wp\/v2\/media?parent=10138"}],"wp:term":[{"taxonomy":"product_brand","embeddable":true,"href":"https:\/\/www.domtechnikpro.com\/index.php\/wp-json\/wp\/v2\/product_brand?post=10138"},{"taxonomy":"product_cat","embeddable":true,"href":"https:\/\/www.domtechnikpro.com\/index.php\/wp-json\/wp\/v2\/product_cat?post=10138"},{"taxonomy":"product_tag","embeddable":true,"href":"https:\/\/www.domtechnikpro.com\/index.php\/wp-json\/wp\/v2\/product_tag?post=10138"}],"curies":[{"name":"wp","href":"https:\/\/api.w.org\/{rel}","templated":true}]}}