{"id":10132,"date":"2026-04-26T08:52:57","date_gmt":"2026-04-26T08:52:57","guid":{"rendered":""},"modified":"2026-04-26T08:52:57","modified_gmt":"2026-04-26T08:52:57","slug":"nova-kolekce-baumit-hydroizolacni-tesnici-manzeta-podlahova-425-x-425-mm-10132","status":"publish","type":"product","link":"https:\/\/www.domtechnikpro.com\/index.php\/produkt\/nova-kolekce-baumit-hydroizolacni-tesnici-manzeta-podlahova-425-x-425-mm-10132\/","title":{"rendered":"Nov\u00e1 Kolekce Baumit Hydroizola\u010dn\u00ed t\u011bsnic\u00ed man\u017eeta podlahov\u00e1 425 x 425 mm"},"content":{"rendered":"<div class=\"tmc_edt\">\n<p><span style=\"text-align: left; color: rgb(40, 39, 36); text-transform: none; text-indent: 0px; letter-spacing: normal; font-family: FranklinGothicBookITC; font-size: 24px; font-style: normal; font-weight: 400; word-spacing: 0px; float: none; display: inline !important; white-space: normal; orphans: 2; widows: 2; background-color: rgb(255, 255, 255); font-variant-ligatures: normal; font-variant-caps: normal; -webkit-text-stroke-width: 0px; text-decoration-style: initial; text-decoration-color: initial;\"><font face=\"Segoe UI\" size=\"3\">Vkl\u00e1d\u00e1 se&nbsp;do vrstvy hydroizola\u010dn\u00ed st\u011brky.<\/font><\/span><\/p>\n<\/p><\/div>\n<\/p><\/div>\n","protected":false},"excerpt":{"rendered":"<p>Vkl\u00e1d\u00e1 se&nbsp;do vrstvy hydroizola\u010dn\u00ed st\u011brky.<\/p>\n","protected":false},"featured_media":10232,"comment_status":"open","ping_status":"open","template":"","meta":[],"product_brand":[],"product_cat":[60],"product_tag":[],"class_list":{"0":"post-10132","1":"product","2":"type-product","3":"status-publish","4":"has-post-thumbnail","6":"product_cat-fasady-a-izolace","8":"first","9":"instock","10":"sale","11":"shipping-taxable","12":"purchasable","13":"product-type-simple"},"yoast_head":"<!-- This site is optimized with the Yoast SEO plugin v26.8 - https:\/\/yoast.com\/product\/yoast-seo-wordpress\/ -->\n<title>Nov\u00e1 Kolekce Baumit Hydroizola\u010dn\u00ed t\u011bsnic\u00ed man\u017eeta podlahov\u00e1 425 x 425 mm -<\/title>\n<meta name=\"robots\" content=\"index, follow, max-snippet:-1, max-image-preview:large, max-video-preview:-1\" \/>\n<link rel=\"canonical\" href=\"https:\/\/www.domtechnikpro.com\/index.php\/produkt\/nova-kolekce-baumit-hydroizolacni-tesnici-manzeta-podlahova-425-x-425-mm-10132\/\" \/>\n<meta property=\"og:locale\" content=\"cs_CZ\" \/>\n<meta property=\"og:type\" content=\"article\" \/>\n<meta property=\"og:title\" content=\"Nov\u00e1 Kolekce Baumit Hydroizola\u010dn\u00ed t\u011bsnic\u00ed man\u017eeta podlahov\u00e1 425 x 425 mm -\" \/>\n<meta property=\"og:description\" content=\"Vkl\u00e1d\u00e1 se&nbsp;do vrstvy hydroizola\u010dn\u00ed st\u011brky.\" \/>\n<meta property=\"og:url\" content=\"https:\/\/www.domtechnikpro.com\/index.php\/produkt\/nova-kolekce-baumit-hydroizolacni-tesnici-manzeta-podlahova-425-x-425-mm-10132\/\" \/>\n<meta property=\"og:image\" content=\"https:\/\/www.domtechnikpro.com\/wp-content\/uploads\/2026\/SK0001433-CZ20260425-091813-0-1777079894-gall_bb250073-d3bb-4801-96a3-e65bc12f54442955-baumit-hydroi.webp\" \/>\n\t<meta property=\"og:image:width\" content=\"420\" \/>\n\t<meta property=\"og:image:height\" content=\"377\" \/>\n\t<meta property=\"og:image:type\" content=\"image\/webp\" \/>\n<meta name=\"twitter:card\" content=\"summary_large_image\" \/>\n<script type=\"application\/ld+json\" class=\"yoast-schema-graph\">{\"@context\":\"https:\/\/schema.org\",\"@graph\":[{\"@type\":\"WebPage\",\"@id\":\"https:\/\/www.domtechnikpro.com\/index.php\/produkt\/nova-kolekce-baumit-hydroizolacni-tesnici-manzeta-podlahova-425-x-425-mm-10132\/\",\"url\":\"https:\/\/www.domtechnikpro.com\/index.php\/produkt\/nova-kolekce-baumit-hydroizolacni-tesnici-manzeta-podlahova-425-x-425-mm-10132\/\",\"name\":\"Nov\u00e1 Kolekce Baumit Hydroizola\u010dn\u00ed t\u011bsnic\u00ed man\u017eeta podlahov\u00e1 425 x 425 mm -\",\"isPartOf\":{\"@id\":\"https:\/\/www.domtechnikpro.com\/#website\"},\"primaryImageOfPage\":{\"@id\":\"https:\/\/www.domtechnikpro.com\/index.php\/produkt\/nova-kolekce-baumit-hydroizolacni-tesnici-manzeta-podlahova-425-x-425-mm-10132\/#primaryimage\"},\"image\":{\"@id\":\"https:\/\/www.domtechnikpro.com\/index.php\/produkt\/nova-kolekce-baumit-hydroizolacni-tesnici-manzeta-podlahova-425-x-425-mm-10132\/#primaryimage\"},\"thumbnailUrl\":\"https:\/\/www.domtechnikpro.com\/wp-content\/uploads\/2026\/SK0001433-CZ20260425-091813-0-1777079894-gall_bb250073-d3bb-4801-96a3-e65bc12f54442955-baumit-hydroi.webp\",\"datePublished\":\"2026-04-26T08:52:57+00:00\",\"breadcrumb\":{\"@id\":\"https:\/\/www.domtechnikpro.com\/index.php\/produkt\/nova-kolekce-baumit-hydroizolacni-tesnici-manzeta-podlahova-425-x-425-mm-10132\/#breadcrumb\"},\"inLanguage\":\"cs\",\"potentialAction\":[{\"@type\":\"ReadAction\",\"target\":[\"https:\/\/www.domtechnikpro.com\/index.php\/produkt\/nova-kolekce-baumit-hydroizolacni-tesnici-manzeta-podlahova-425-x-425-mm-10132\/\"]}]},{\"@type\":\"ImageObject\",\"inLanguage\":\"cs\",\"@id\":\"https:\/\/www.domtechnikpro.com\/index.php\/produkt\/nova-kolekce-baumit-hydroizolacni-tesnici-manzeta-podlahova-425-x-425-mm-10132\/#primaryimage\",\"url\":\"https:\/\/www.domtechnikpro.com\/wp-content\/uploads\/2026\/SK0001433-CZ20260425-091813-0-1777079894-gall_bb250073-d3bb-4801-96a3-e65bc12f54442955-baumit-hydroi.webp\",\"contentUrl\":\"https:\/\/www.domtechnikpro.com\/wp-content\/uploads\/2026\/SK0001433-CZ20260425-091813-0-1777079894-gall_bb250073-d3bb-4801-96a3-e65bc12f54442955-baumit-hydroi.webp\",\"width\":420,\"height\":377},{\"@type\":\"BreadcrumbList\",\"@id\":\"https:\/\/www.domtechnikpro.com\/index.php\/produkt\/nova-kolekce-baumit-hydroizolacni-tesnici-manzeta-podlahova-425-x-425-mm-10132\/#breadcrumb\",\"itemListElement\":[{\"@type\":\"ListItem\",\"position\":1,\"name\":\"Home\",\"item\":\"https:\/\/www.domtechnikpro.com\/\"},{\"@type\":\"ListItem\",\"position\":2,\"name\":\"Products\",\"item\":\"https:\/\/www.domtechnikpro.com\/index.php\/products\/\"},{\"@type\":\"ListItem\",\"position\":3,\"name\":\"Nov\u00e1 Kolekce Baumit Hydroizola\u010dn\u00ed t\u011bsnic\u00ed man\u017eeta podlahov\u00e1 425 x 425 mm\"}]},{\"@type\":\"WebSite\",\"@id\":\"https:\/\/www.domtechnikpro.com\/#website\",\"url\":\"https:\/\/www.domtechnikpro.com\/\",\"name\":\"\",\"description\":\"\",\"potentialAction\":[{\"@type\":\"SearchAction\",\"target\":{\"@type\":\"EntryPoint\",\"urlTemplate\":\"https:\/\/www.domtechnikpro.com\/?s={search_term_string}\"},\"query-input\":{\"@type\":\"PropertyValueSpecification\",\"valueRequired\":true,\"valueName\":\"search_term_string\"}}],\"inLanguage\":\"cs\"}]}<\/script>\n<!-- \/ Yoast SEO plugin. -->","yoast_head_json":{"title":"Nov\u00e1 Kolekce Baumit Hydroizola\u010dn\u00ed t\u011bsnic\u00ed man\u017eeta podlahov\u00e1 425 x 425 mm -","robots":{"index":"index","follow":"follow","max-snippet":"max-snippet:-1","max-image-preview":"max-image-preview:large","max-video-preview":"max-video-preview:-1"},"canonical":"https:\/\/www.domtechnikpro.com\/index.php\/produkt\/nova-kolekce-baumit-hydroizolacni-tesnici-manzeta-podlahova-425-x-425-mm-10132\/","og_locale":"cs_CZ","og_type":"article","og_title":"Nov\u00e1 Kolekce Baumit Hydroizola\u010dn\u00ed t\u011bsnic\u00ed man\u017eeta podlahov\u00e1 425 x 425 mm -","og_description":"Vkl\u00e1d\u00e1 se&nbsp;do vrstvy hydroizola\u010dn\u00ed st\u011brky.","og_url":"https:\/\/www.domtechnikpro.com\/index.php\/produkt\/nova-kolekce-baumit-hydroizolacni-tesnici-manzeta-podlahova-425-x-425-mm-10132\/","og_image":[{"width":420,"height":377,"url":"https:\/\/www.domtechnikpro.com\/wp-content\/uploads\/2026\/SK0001433-CZ20260425-091813-0-1777079894-gall_bb250073-d3bb-4801-96a3-e65bc12f54442955-baumit-hydroi.webp","type":"image\/webp"}],"twitter_card":"summary_large_image","schema":{"@context":"https:\/\/schema.org","@graph":[{"@type":"WebPage","@id":"https:\/\/www.domtechnikpro.com\/index.php\/produkt\/nova-kolekce-baumit-hydroizolacni-tesnici-manzeta-podlahova-425-x-425-mm-10132\/","url":"https:\/\/www.domtechnikpro.com\/index.php\/produkt\/nova-kolekce-baumit-hydroizolacni-tesnici-manzeta-podlahova-425-x-425-mm-10132\/","name":"Nov\u00e1 Kolekce Baumit Hydroizola\u010dn\u00ed t\u011bsnic\u00ed man\u017eeta podlahov\u00e1 425 x 425 mm -","isPartOf":{"@id":"https:\/\/www.domtechnikpro.com\/#website"},"primaryImageOfPage":{"@id":"https:\/\/www.domtechnikpro.com\/index.php\/produkt\/nova-kolekce-baumit-hydroizolacni-tesnici-manzeta-podlahova-425-x-425-mm-10132\/#primaryimage"},"image":{"@id":"https:\/\/www.domtechnikpro.com\/index.php\/produkt\/nova-kolekce-baumit-hydroizolacni-tesnici-manzeta-podlahova-425-x-425-mm-10132\/#primaryimage"},"thumbnailUrl":"https:\/\/www.domtechnikpro.com\/wp-content\/uploads\/2026\/SK0001433-CZ20260425-091813-0-1777079894-gall_bb250073-d3bb-4801-96a3-e65bc12f54442955-baumit-hydroi.webp","datePublished":"2026-04-26T08:52:57+00:00","breadcrumb":{"@id":"https:\/\/www.domtechnikpro.com\/index.php\/produkt\/nova-kolekce-baumit-hydroizolacni-tesnici-manzeta-podlahova-425-x-425-mm-10132\/#breadcrumb"},"inLanguage":"cs","potentialAction":[{"@type":"ReadAction","target":["https:\/\/www.domtechnikpro.com\/index.php\/produkt\/nova-kolekce-baumit-hydroizolacni-tesnici-manzeta-podlahova-425-x-425-mm-10132\/"]}]},{"@type":"ImageObject","inLanguage":"cs","@id":"https:\/\/www.domtechnikpro.com\/index.php\/produkt\/nova-kolekce-baumit-hydroizolacni-tesnici-manzeta-podlahova-425-x-425-mm-10132\/#primaryimage","url":"https:\/\/www.domtechnikpro.com\/wp-content\/uploads\/2026\/SK0001433-CZ20260425-091813-0-1777079894-gall_bb250073-d3bb-4801-96a3-e65bc12f54442955-baumit-hydroi.webp","contentUrl":"https:\/\/www.domtechnikpro.com\/wp-content\/uploads\/2026\/SK0001433-CZ20260425-091813-0-1777079894-gall_bb250073-d3bb-4801-96a3-e65bc12f54442955-baumit-hydroi.webp","width":420,"height":377},{"@type":"BreadcrumbList","@id":"https:\/\/www.domtechnikpro.com\/index.php\/produkt\/nova-kolekce-baumit-hydroizolacni-tesnici-manzeta-podlahova-425-x-425-mm-10132\/#breadcrumb","itemListElement":[{"@type":"ListItem","position":1,"name":"Home","item":"https:\/\/www.domtechnikpro.com\/"},{"@type":"ListItem","position":2,"name":"Products","item":"https:\/\/www.domtechnikpro.com\/index.php\/products\/"},{"@type":"ListItem","position":3,"name":"Nov\u00e1 Kolekce Baumit Hydroizola\u010dn\u00ed t\u011bsnic\u00ed man\u017eeta podlahov\u00e1 425 x 425 mm"}]},{"@type":"WebSite","@id":"https:\/\/www.domtechnikpro.com\/#website","url":"https:\/\/www.domtechnikpro.com\/","name":"","description":"","potentialAction":[{"@type":"SearchAction","target":{"@type":"EntryPoint","urlTemplate":"https:\/\/www.domtechnikpro.com\/?s={search_term_string}"},"query-input":{"@type":"PropertyValueSpecification","valueRequired":true,"valueName":"search_term_string"}}],"inLanguage":"cs"}]}},"_links":{"self":[{"href":"https:\/\/www.domtechnikpro.com\/index.php\/wp-json\/wp\/v2\/product\/10132","targetHints":{"allow":["GET"]}}],"collection":[{"href":"https:\/\/www.domtechnikpro.com\/index.php\/wp-json\/wp\/v2\/product"}],"about":[{"href":"https:\/\/www.domtechnikpro.com\/index.php\/wp-json\/wp\/v2\/types\/product"}],"replies":[{"embeddable":true,"href":"https:\/\/www.domtechnikpro.com\/index.php\/wp-json\/wp\/v2\/comments?post=10132"}],"wp:featuredmedia":[{"embeddable":true,"href":"https:\/\/www.domtechnikpro.com\/index.php\/wp-json\/wp\/v2\/media\/10232"}],"wp:attachment":[{"href":"https:\/\/www.domtechnikpro.com\/index.php\/wp-json\/wp\/v2\/media?parent=10132"}],"wp:term":[{"taxonomy":"product_brand","embeddable":true,"href":"https:\/\/www.domtechnikpro.com\/index.php\/wp-json\/wp\/v2\/product_brand?post=10132"},{"taxonomy":"product_cat","embeddable":true,"href":"https:\/\/www.domtechnikpro.com\/index.php\/wp-json\/wp\/v2\/product_cat?post=10132"},{"taxonomy":"product_tag","embeddable":true,"href":"https:\/\/www.domtechnikpro.com\/index.php\/wp-json\/wp\/v2\/product_tag?post=10132"}],"curies":[{"name":"wp","href":"https:\/\/api.w.org\/{rel}","templated":true}]}}